74.7.227.39 - - [24/Dec/2025:08:09:27 -0500] "GET /?_g=3593928 HTTP/1.1" 200 215329 "-" "Mozilla/5.0 AppleWebKit/537.36 (KHTML, like Gecko; compatible; GPTBot/1.3; +https://openai.com/gptbot)"
185.191.171.6 - - [24/Dec/2025:08:09:27 -0500] "GET /?_g=1073723 HTTP/1.1" 200 215329 "-" "Mozilla/5.0 (compatible; SemrushBot/7~bl; +http://www.semrush.com/bot.html)"
74.7.227.39 - - [24/Dec/2025:08:09:28 -0500] "GET /?_g=3625465 HTTP/1.1" 200 215329 "-" "Mozilla/5.0 AppleWebKit/537.36 (KHTML, like Gecko; compatible; GPTBot/1.3; +https://openai.com/gptbot)"
74.7.227.39 - - [24/Dec/2025:08:09:29 -0500] "GET /?_g=4039946 HTTP/1.1" 200 215329 "-" "Mozilla/5.0 AppleWebKit/537.36 (KHTML, like Gecko; compatible; GPTBot/1.3; +https://openai.com/gptbot)"
85.208.96.204 - - [24/Dec/2025:08:09:29 -0500] "GET /?_g=2147658 HTTP/1.1" 200 215329 "-" "Mozilla/5.0 (compatible; SemrushBot/7~bl; +http://www.semrush.com/bot.html)"
74.7.227.39 - - [24/Dec/2025:08:09:29 -0500] "GET /?_g=2972307 HTTP/1.1" 200 215329 "-" "Mozilla/5.0 AppleWebKit/537.36 (KHTML, like Gecko; compatible; GPTBot/1.3; +https://openai.com/gptbot)"
74.7.227.39 - - [24/Dec/2025:08:09:30 -0500] "GET /?_g=3093801 HTTP/1.1" 200 215329 "-" "Mozilla/5.0 AppleWebKit/537.36 (KHTML, like Gecko; compatible; GPTBot/1.3; +https://openai.com/gptbot)"
74.7.227.39 - - [24/Dec/2025:08:09:30 -0500] "GET /?_g=3623429 HTTP/1.1" 200 215329 "-" "Mozilla/5.0 AppleWebKit/537.36 (KHTML, like Gecko; compatible; GPTBot/1.3; +https://openai.com/gptbot)"
74.7.227.39 - - [24/Dec/2025:08:09:31 -0500] "GET /?_g=2881941 HTTP/1.1" 200 215329 "-" "Mozilla/5.0 AppleWebKit/537.36 (KHTML, like Gecko; compatible; GPTBot/1.3; +https://openai.com/gptbot)"
74.7.227.39 - - [24/Dec/2025:08:09:32 -0500] "GET /?_g=2398951 HTTP/1.1" 200 215329 "-" "Mozilla/5.0 AppleWebKit/537.36 (KHTML, like Gecko; compatible; GPTBot/1.3; +https://openai.com/gptbot)"
74.7.227.39 - - [24/Dec/2025:08:09:32 -0500] "GET /?_g=1494521 HTTP/1.1" 200 215329 "-" "Mozilla/5.0 AppleWebKit/537.36 (KHTML, like Gecko; compatible; GPTBot/1.3; +https://openai.com/gptbot)"
74.7.227.39 - - [24/Dec/2025:08:09:33 -0500] "GET /?_g=1781537 HTTP/1.1" 200 215329 "-" "Mozilla/5.0 AppleWebKit/537.36 (KHTML, like Gecko; compatible; GPTBot/1.3; +https://openai.com/gptbot)"
74.7.227.39 - - [24/Dec/2025:08:09:33 -0500] "GET /?_g=2435387 HTTP/1.1" 200 215329 "-" "Mozilla/5.0 AppleWebKit/537.36 (KHTML, like Gecko; compatible; GPTBot/1.3; +https://openai.com/gptbot)"
74.7.227.39 - - [24/Dec/2025:08:09:34 -0500] "GET /?_g=1831406 HTTP/1.1" 200 215329 "-" "Mozilla/5.0 AppleWebKit/537.36 (KHTML, like Gecko; compatible; GPTBot/1.3; +https://openai.com/gptbot)"
74.7.227.39 - - [24/Dec/2025:08:09:35 -0500] "GET /?_g=3067644 HTTP/1.1" 200 215329 "-" "Mozilla/5.0 AppleWebKit/537.36 (KHTML, like Gecko; compatible; GPTBot/1.3; +https://openai.com/gptbot)"
74.7.227.39 - - [24/Dec/2025:08:09:35 -0500] "GET /?_g=1221385 HTTP/1.1" 200 215329 "-" "Mozilla/5.0 AppleWebKit/537.36 (KHTML, like Gecko; compatible; GPTBot/1.3; +https://openai.com/gptbot)"
74.7.227.39 - - [24/Dec/2025:08:09:36 -0500] "GET /?_g=2720857 HTTP/1.1" 200 215329 "-" "Mozilla/5.0 AppleWebKit/537.36 (KHTML, like Gecko; compatible; GPTBot/1.3; +https://openai.com/gptbot)"
74.7.227.39 - - [24/Dec/2025:08:09:36 -0500] "GET /?_g=1864680 HTTP/1.1" 200 215329 "-" "Mozilla/5.0 AppleWebKit/537.36 (KHTML, like Gecko; compatible; GPTBot/1.3; +https://openai.com/gptbot)"
74.7.227.39 - - [24/Dec/2025:08:09:37 -0500] "GET /?_g=2724071 HTTP/1.1" 200 215329 "-" "Mozilla/5.0 AppleWebKit/537.36 (KHTML, like Gecko; compatible; GPTBot/1.3; +https://openai.com/gptbot)"
74.7.227.39 - - [24/Dec/2025:08:09:38 -0500] "GET /?_g=3796981 HTTP/1.1" 200 215329 "-" "Mozilla/5.0 AppleWebKit/537.36 (KHTML, like Gecko; compatible; GPTBot/1.3; +https://openai.com/gptbot)"
74.7.227.39 - - [24/Dec/2025:08:09:38 -0500] "GET /?_g=3560423 HTTP/1.1" 200 215329 "-" "Mozilla/5.0 AppleWebKit/537.36 (KHTML, like Gecko; compatible; GPTBot/1.3; +https://openai.com/gptbot)"
74.7.227.39 - - [24/Dec/2025:08:09:39 -0500] "GET /?_g=1449533 HTTP/1.1" 200 215329 "-" "Mozilla/5.0 AppleWebKit/537.36 (KHTML, like Gecko; compatible; GPTBot/1.3; +https://openai.com/gptbot)"
74.7.227.39 - - [24/Dec/2025:08:09:39 -0500] "GET /?_g=4083920 HTTP/1.1" 200 215329 "-" "Mozilla/5.0 AppleWebKit/537.36 (KHTML, like Gecko; compatible; GPTBot/1.3; +https://openai.com/gptbot)"
176.123.4.135 - - [24/Dec/2025:08:09:40 -0500] "POST /wp-login.php HTTP/1.1" 503 18253 "https://bahiaparaisosuites.com/wp-login.php" "Mozilla/5.0 (Macintosh; Intel Mac OS X 10_15_7) AppleWebKit/537.36 (KHTML, like Gecko) Chrome/120.0.0.0 Safari/537.36"
198.50.127.198 - - [24/Dec/2025:08:09:40 -0500] "POST /?wordfence_syncAttackData=1766581780.5887 HTTP/1.1" 200 - "-" "WordPress/6.9; https://bahiaparaisosuites.com"
74.7.227.39 - - [24/Dec/2025:08:09:40 -0500] "GET /?_g=1357210 HTTP/1.1" 200 215329 "-" "Mozilla/5.0 AppleWebKit/537.36 (KHTML, like Gecko; compatible; GPTBot/1.3; +https://openai.com/gptbot)"
74.7.227.39 - - [24/Dec/2025:08:09:41 -0500] "GET /?_g=3844359 HTTP/1.1" 200 215329 "-" "Mozilla/5.0 AppleWebKit/537.36 (KHTML, like Gecko; compatible; GPTBot/1.3; +https://openai.com/gptbot)"
74.7.227.39 - - [24/Dec/2025:08:09:41 -0500] "GET /?_g=1726332 HTTP/1.1" 200 215329 "-" "Mozilla/5.0 AppleWebKit/537.36 (KHTML, like Gecko; compatible; GPTBot/1.3; +https://openai.com/gptbot)"
74.7.227.39 - - [24/Dec/2025:08:09:42 -0500] "GET /?_g=1479022 HTTP/1.1" 200 215329 "-" "Mozilla/5.0 AppleWebKit/537.36 (KHTML, like Gecko; compatible; GPTBot/1.3; +https://openai.com/gptbot)"
74.7.227.39 - - [24/Dec/2025:08:09:43 -0500] "GET /?_g=2014403 HTTP/1.1" 200 215329 "-" "Mozilla/5.0 AppleWebKit/537.36 (KHTML, like Gecko; compatible; GPTBot/1.3; +https://openai.com/gptbot)"
74.7.227.39 - - [24/Dec/2025:08:09:43 -0500] "GET /?_g=3552146 HTTP/1.1" 200 215329 "-" "Mozilla/5.0 AppleWebKit/537.36 (KHTML, like Gecko; compatible; GPTBot/1.3; +https://openai.com/gptbot)"
74.7.227.39 - - [24/Dec/2025:08:09:44 -0500] "GET /?_g=3857559 HTTP/1.1" 200 215329 "-" "Mozilla/5.0 AppleWebKit/537.36 (KHTML, like Gecko; compatible; GPTBot/1.3; +https://openai.com/gptbot)"
74.7.227.39 - - [24/Dec/2025:08:09:44 -0500] "GET /?_g=1778892 HTTP/1.1" 200 215329 "-" "Mozilla/5.0 AppleWebKit/537.36 (KHTML, like Gecko; compatible; GPTBot/1.3; +https://openai.com/gptbot)"
74.7.227.39 - - [24/Dec/2025:08:09:45 -0500] "GET /?_g=3552631 HTTP/1.1" 200 215329 "-" "Mozilla/5.0 AppleWebKit/537.36 (KHTML, like Gecko; compatible; GPTBot/1.3; +https://openai.com/gptbot)"
74.7.227.39 - - [24/Dec/2025:08:09:46 -0500] "GET /?_g=1772892 HTTP/1.1" 200 215329 "-" "Mozilla/5.0 AppleWebKit/537.36 (KHTML, like Gecko; compatible; GPTBot/1.3; +https://openai.com/gptbot)"
85.208.96.208 - - [24/Dec/2025:08:09:46 -0500] "GET /?_g=3940014 HTTP/1.1" 200 215329 "-" "Mozilla/5.0 (compatible; SemrushBot/7~bl; +http://www.semrush.com/bot.html)"
74.7.227.39 - - [24/Dec/2025:08:09:46 -0500] "GET /?_g=2431280 HTTP/1.1" 200 215329 "-" "Mozilla/5.0 AppleWebKit/537.36 (KHTML, like Gecko; compatible; GPTBot/1.3; +https://openai.com/gptbot)"
74.7.227.39 - - [24/Dec/2025:08:09:47 -0500] "GET /?_g=1365138 HTTP/1.1" 200 215329 "-" "Mozilla/5.0 AppleWebKit/537.36 (KHTML, like Gecko; compatible; GPTBot/1.3; +https://openai.com/gptbot)"
74.7.227.39 - - [24/Dec/2025:08:09:47 -0500] "GET /?_g=3108711 HTTP/1.1" 200 215329 "-" "Mozilla/5.0 AppleWebKit/537.36 (KHTML, like Gecko; compatible; GPTBot/1.3; +https://openai.com/gptbot)"
74.7.227.39 - - [24/Dec/2025:08:09:48 -0500] "GET /?_g=3561390 HTTP/1.1" 200 215329 "-" "Mozilla/5.0 AppleWebKit/537.36 (KHTML, like Gecko; compatible; GPTBot/1.3; +https://openai.com/gptbot)"
74.7.227.39 - - [24/Dec/2025:08:09:49 -0500] "GET /?_g=1596863 HTTP/1.1" 200 215329 "-" "Mozilla/5.0 AppleWebKit/537.36 (KHTML, like Gecko; compatible; GPTBot/1.3; +https://openai.com/gptbot)"
74.7.227.39 - - [24/Dec/2025:08:09:49 -0500] "GET /?_g=2836697 HTTP/1.1" 200 215329 "-" "Mozilla/5.0 AppleWebKit/537.36 (KHTML, like Gecko; compatible; GPTBot/1.3; +https://openai.com/gptbot)"
74.7.227.39 - - [24/Dec/2025:08:09:50 -0500] "GET /?_g=2103029 HTTP/1.1" 200 215329 "-" "Mozilla/5.0 AppleWebKit/537.36 (KHTML, like Gecko; compatible; GPTBot/1.3; +https://openai.com/gptbot)"
74.7.227.39 - - [24/Dec/2025:08:09:51 -0500] "GET /?_g=2782457 HTTP/1.1" 200 215329 "-" "Mozilla/5.0 AppleWebKit/537.36 (KHTML, like Gecko; compatible; GPTBot/1.3; +https://openai.com/gptbot)"
74.7.227.39 - - [24/Dec/2025:08:09:51 -0500] "GET /?_g=1576107 HTTP/1.1" 200 215329 "-" "Mozilla/5.0 AppleWebKit/537.36 (KHTML, like Gecko; compatible; GPTBot/1.3; +https://openai.com/gptbot)"
74.7.227.39 - - [24/Dec/2025:08:09:52 -0500] "GET /?_g=1316270 HTTP/1.1" 200 215329 "-" "Mozilla/5.0 AppleWebKit/537.36 (KHTML, like Gecko; compatible; GPTBot/1.3; +https://openai.com/gptbot)"
66.249.64.233 - - [24/Dec/2025:08:09:52 -0500] "GET /?_g=382321 HTTP/1.1" 200 176693 "-" "Mozilla/5.0 (Linux; Android 6.0.1; Nexus 5X Build/MMB29P) AppleWebKit/537.36 (KHTML, like Gecko) Chrome/141.0.7390.122 Mobile Safari/537.36 (compatible; Googlebot/2.1; +http://www.google.com/bot.html)"
74.7.227.39 - - [24/Dec/2025:08:09:52 -0500] "GET /?_g=3404284 HTTP/1.1" 200 215329 "-" "Mozilla/5.0 AppleWebKit/537.36 (KHTML, like Gecko; compatible; GPTBot/1.3; +https://openai.com/gptbot)"
74.7.227.39 - - [24/Dec/2025:08:09:53 -0500] "GET /?_g=3274179 HTTP/1.1" 200 215329 "-" "Mozilla/5.0 AppleWebKit/537.36 (KHTML, like Gecko; compatible; GPTBot/1.3; +https://openai.com/gptbot)"
74.7.227.39 - - [24/Dec/2025:08:09:53 -0500] "GET /?_g=2305026 HTTP/1.1" 200 215329 "-" "Mozilla/5.0 AppleWebKit/537.36 (KHTML, like Gecko; compatible; GPTBot/1.3; +https://openai.com/gptbot)"
136.243.228.195 - - [24/Dec/2025:08:09:03 -0500] "GET /?_g=3449062 HTTP/1.1" 200 215329 "-" "Mozilla/5.0 (compatible; DataForSeoBot/1.0; +https://dataforseo.com/dataforseo-bot)"
176.123.4.135 - - [24/Dec/2025:08:09:54 -0500] "GET /wp-admin/index.php HTTP/1.1" 503 19545 "https://bahiaparaisosuites.com/wp-login.php" "Mozilla/5.0 (Windows NT 10.0; Win64; x64; rv:119.0) Gecko/20100101 Firefox/119.0"
74.7.227.39 - - [24/Dec/2025:08:09:54 -0500] "GET /?_g=2572080 HTTP/1.1" 200 215329 "-" "Mozilla/5.0 AppleWebKit/537.36 (KHTML, like Gecko; compatible; GPTBot/1.3; +https://openai.com/gptbot)"
74.7.227.39 - - [24/Dec/2025:08:09:55 -0500] "GET /?_g=3272862 HTTP/1.1" 200 215329 "-" "Mozilla/5.0 AppleWebKit/537.36 (KHTML, like Gecko; compatible; GPTBot/1.3; +https://openai.com/gptbot)"
136.243.228.195 - - [24/Dec/2025:08:09:54 -0500] "GET /?_g=2862459 HTTP/1.1" 200 215329 "-" "Mozilla/5.0 (compatible; DataForSeoBot/1.0; +https://dataforseo.com/dataforseo-bot)"
74.7.227.39 - - [24/Dec/2025:08:09:55 -0500] "GET /?_g=4020959 HTTP/1.1" 200 215329 "-" "Mozilla/5.0 AppleWebKit/537.36 (KHTML, like Gecko; compatible; GPTBot/1.3; +https://openai.com/gptbot)"
74.7.227.39 - - [24/Dec/2025:08:09:56 -0500] "GET /?_g=3397498 HTTP/1.1" 200 215329 "-" "Mozilla/5.0 AppleWebKit/537.36 (KHTML, like Gecko; compatible; GPTBot/1.3; +https://openai.com/gptbot)"
74.7.227.39 - - [24/Dec/2025:08:09:56 -0500] "GET /?_g=4048977 HTTP/1.1" 200 215329 "-" "Mozilla/5.0 AppleWebKit/537.36 (KHTML, like Gecko; compatible; GPTBot/1.3; +https://openai.com/gptbot)"
74.7.227.39 - - [24/Dec/2025:08:09:57 -0500] "GET /?_g=2667210 HTTP/1.1" 200 215329 "-" "Mozilla/5.0 AppleWebKit/537.36 (KHTML, like Gecko; compatible; GPTBot/1.3; +https://openai.com/gptbot)"
74.125.151.10 - - [24/Dec/2025:08:09:57 -0500] "GET /?_g=1872786 HTTP/1.1" 301 - "-" "Mozilla/5.0 (X11; Linux x86_64) AppleWebKit/537.36 (KHTML, like Gecko) Chrome/141.0.7390.122 Safari/537.36"
74.7.227.39 - - [24/Dec/2025:08:09:57 -0500] "GET /?_g=3497340 HTTP/1.1" 200 215329 "-" "Mozilla/5.0 AppleWebKit/537.36 (KHTML, like Gecko; compatible; GPTBot/1.3; +https://openai.com/gptbot)"
66.249.89.108 - - [24/Dec/2025:08:09:57 -0500] "GET /?_g=1872786 HTTP/1.1" 200 215329 "-" "Mozilla/5.0 (X11; Linux x86_64) AppleWebKit/537.36 (KHTML, like Gecko) Chrome/141.0.7390.122 Safari/537.36"
74.7.227.39 - - [24/Dec/2025:08:09:58 -0500] "GET /?_g=3615612 HTTP/1.1" 200 215329 "-" "Mozilla/5.0 AppleWebKit/537.36 (KHTML, like Gecko; compatible; GPTBot/1.3; +https://openai.com/gptbot)"
66.249.64.234 - - [24/Dec/2025:08:09:58 -0500] "GET /?_g=3391256 HTTP/1.1" 200 181975 "-" "Mozilla/5.0 (Linux; Android 6.0.1; Nexus 5X Build/MMB29P) AppleWebKit/537.36 (KHTML, like Gecko) Chrome/141.0.7390.122 Mobile Safari/537.36 (compatible; Googlebot/2.1; +http://www.google.com/bot.html)"
74.7.227.39 - - [24/Dec/2025:08:09:59 -0500] "GET /?_g=2564104 HTTP/1.1" 200 215329 "-" "Mozilla/5.0 AppleWebKit/537.36 (KHTML, like Gecko; compatible; GPTBot/1.3; +https://openai.com/gptbot)"
136.243.228.195 - - [24/Dec/2025:08:09:58 -0500] "GET /?_g=2335341 HTTP/1.1" 200 215329 "-" "Mozilla/5.0 (compatible; DataForSeoBot/1.0; +https://dataforseo.com/dataforseo-bot)"
74.7.227.39 - - [24/Dec/2025:08:09:59 -0500] "GET /?_g=2967553 HTTP/1.1" 200 215329 "-" "Mozilla/5.0 AppleWebKit/537.36 (KHTML, like Gecko; compatible; GPTBot/1.3; +https://openai.com/gptbot)"
74.7.227.39 - - [24/Dec/2025:08:10:00 -0500] "GET /?_g=2958153 HTTP/1.1" 200 215329 "-" "Mozilla/5.0 AppleWebKit/537.36 (KHTML, like Gecko; compatible; GPTBot/1.3; +https://openai.com/gptbot)"
74.7.227.39 - - [24/Dec/2025:08:10:00 -0500] "GET /?_g=1833950 HTTP/1.1" 200 215329 "-" "Mozilla/5.0 AppleWebKit/537.36 (KHTML, like Gecko; compatible; GPTBot/1.3; +https://openai.com/gptbot)"
74.7.227.39 - - [24/Dec/2025:08:10:01 -0500] "GET /?_g=3126977 HTTP/1.1" 200 215329 "-" "Mozilla/5.0 AppleWebKit/537.36 (KHTML, like Gecko; compatible; GPTBot/1.3; +https://openai.com/gptbot)"
74.7.227.39 - - [24/Dec/2025:08:10:02 -0500] "GET /?_g=1512931 HTTP/1.1" 200 215329 "-" "Mozilla/5.0 AppleWebKit/537.36 (KHTML, like Gecko; compatible; GPTBot/1.3; +https://openai.com/gptbot)"
74.7.227.39 - - [24/Dec/2025:08:10:02 -0500] "GET /?_g=1796262 HTTP/1.1" 200 215329 "-" "Mozilla/5.0 AppleWebKit/537.36 (KHTML, like Gecko; compatible; GPTBot/1.3; +https://openai.com/gptbot)"
74.7.227.39 - - [24/Dec/2025:08:10:03 -0500] "GET /?_g=4084867 HTTP/1.1" 200 215329 "-" "Mozilla/5.0 AppleWebKit/537.36 (KHTML, like Gecko; compatible; GPTBot/1.3; +https://openai.com/gptbot)"
136.243.228.195 - - [24/Dec/2025:08:10:02 -0500] "GET /?_g=1923955 HTTP/1.1" 200 215329 "-" "Mozilla/5.0 (compatible; DataForSeoBot/1.0; +https://dataforseo.com/dataforseo-bot)"
74.7.227.39 - - [24/Dec/2025:08:10:03 -0500] "GET /?_g=1714753 HTTP/1.1" 200 215329 "-" "Mozilla/5.0 AppleWebKit/537.36 (KHTML, like Gecko; compatible; GPTBot/1.3; +https://openai.com/gptbot)"
74.7.227.39 - - [24/Dec/2025:08:10:04 -0500] "GET /?_g=3235054 HTTP/1.1" 200 215329 "-" "Mozilla/5.0 AppleWebKit/537.36 (KHTML, like Gecko; compatible; GPTBot/1.3; +https://openai.com/gptbot)"
74.7.227.39 - - [24/Dec/2025:08:10:05 -0500] "GET /?_g=1465981 HTTP/1.1" 200 215329 "-" "Mozilla/5.0 AppleWebKit/537.36 (KHTML, like Gecko; compatible; GPTBot/1.3; +https://openai.com/gptbot)"
74.7.227.39 - - [24/Dec/2025:08:10:05 -0500] "GET /?_g=2693713 HTTP/1.1" 200 215329 "-" "Mozilla/5.0 AppleWebKit/537.36 (KHTML, like Gecko; compatible; GPTBot/1.3; +https://openai.com/gptbot)"
74.7.227.39 - - [24/Dec/2025:08:10:06 -0500] "GET /?_g=1403855 HTTP/1.1" 200 215329 "-" "Mozilla/5.0 AppleWebKit/537.36 (KHTML, like Gecko; compatible; GPTBot/1.3; +https://openai.com/gptbot)"
74.7.227.39 - - [24/Dec/2025:08:10:06 -0500] "GET /?_g=1195286 HTTP/1.1" 200 215329 "-" "Mozilla/5.0 AppleWebKit/537.36 (KHTML, like Gecko; compatible; GPTBot/1.3; +https://openai.com/gptbot)"
74.7.227.39 - - [24/Dec/2025:08:10:07 -0500] "GET /?_g=2814008 HTTP/1.1" 200 215329 "-" "Mozilla/5.0 AppleWebKit/537.36 (KHTML, like Gecko; compatible; GPTBot/1.3; +https://openai.com/gptbot)"
136.243.228.195 - - [24/Dec/2025:08:10:06 -0500] "GET /?_g=3091092 HTTP/1.1" 200 215329 "-" "Mozilla/5.0 (compatible; DataForSeoBot/1.0; +https://dataforseo.com/dataforseo-bot)"
74.7.227.39 - - [24/Dec/2025:08:10:07 -0500] "GET /?_g=3797209 HTTP/1.1" 200 215329 "-" "Mozilla/5.0 AppleWebKit/537.36 (KHTML, like Gecko; compatible; GPTBot/1.3; +https://openai.com/gptbot)"
185.191.171.6 - - [24/Dec/2025:08:10:08 -0500] "GET /?_g=3012976 HTTP/1.1" 200 215329 "-" "Mozilla/5.0 (compatible; SemrushBot/7~bl; +http://www.semrush.com/bot.html)"
74.7.227.39 - - [24/Dec/2025:08:10:08 -0500] "GET /?_g=1183510 HTTP/1.1" 200 215329 "-" "Mozilla/5.0 AppleWebKit/537.36 (KHTML, like Gecko; compatible; GPTBot/1.3; +https://openai.com/gptbot)"
176.123.4.135 - - [24/Dec/2025:08:10:09 -0500] "GET /wp-admin/profile.php HTTP/1.1" 503 19545 "https://bahiaparaisosuites.com/wp-login.php" "Mozilla/5.0 (Windows NT 10.0; Win64; x64; rv:119.0) Gecko/20100101 Firefox/119.0"
74.7.227.39 - - [24/Dec/2025:08:10:09 -0500] "GET /?_g=3420822 HTTP/1.1" 200 215329 "-" "Mozilla/5.0 AppleWebKit/537.36 (KHTML, like Gecko; compatible; GPTBot/1.3; +https://openai.com/gptbot)"
74.7.227.39 - - [24/Dec/2025:08:10:09 -0500] "GET /?_g=2566370 HTTP/1.1" 200 215329 "-" "Mozilla/5.0 AppleWebKit/537.36 (KHTML, like Gecko; compatible; GPTBot/1.3; +https://openai.com/gptbot)"
74.7.227.39 - - [24/Dec/2025:08:10:10 -0500] "GET /?_g=1143023 HTTP/1.1" 200 215329 "-" "Mozilla/5.0 AppleWebKit/537.36 (KHTML, like Gecko; compatible; GPTBot/1.3; +https://openai.com/gptbot)"
74.7.227.39 - - [24/Dec/2025:08:10:10 -0500] "GET /?_g=4074563 HTTP/1.1" 200 215329 "-" "Mozilla/5.0 AppleWebKit/537.36 (KHTML, like Gecko; compatible; GPTBot/1.3; +https://openai.com/gptbot)"
74.7.227.39 - - [24/Dec/2025:08:10:11 -0500] "GET /?_g=1148426 HTTP/1.1" 200 215329 "-" "Mozilla/5.0 AppleWebKit/537.36 (KHTML, like Gecko; compatible; GPTBot/1.3; +https://openai.com/gptbot)"
136.243.228.195 - - [24/Dec/2025:08:10:10 -0500] "GET /?_g=2346796 HTTP/1.1" 200 215329 "-" "Mozilla/5.0 (compatible; DataForSeoBot/1.0; +https://dataforseo.com/dataforseo-bot)"
74.7.227.39 - - [24/Dec/2025:08:10:12 -0500] "GET /?_g=3855319 HTTP/1.1" 200 215329 "-" "Mozilla/5.0 AppleWebKit/537.36 (KHTML, like Gecko; compatible; GPTBot/1.3; +https://openai.com/gptbot)"
74.7.227.39 - - [24/Dec/2025:08:10:12 -0500] "GET /?_g=2882407 HTTP/1.1" 200 215329 "-" "Mozilla/5.0 AppleWebKit/537.36 (KHTML, like Gecko; compatible; GPTBot/1.3; +https://openai.com/gptbot)"
74.7.227.39 - - [24/Dec/2025:08:10:13 -0500] "GET /?_g=2592679 HTTP/1.1" 200 215329 "-" "Mozilla/5.0 AppleWebKit/537.36 (KHTML, like Gecko; compatible; GPTBot/1.3; +https://openai.com/gptbot)"
74.7.227.39 - - [24/Dec/2025:08:10:13 -0500] "GET /?_g=2400715 HTTP/1.1" 200 215329 "-" "Mozilla/5.0 AppleWebKit/537.36 (KHTML, like Gecko; compatible; GPTBot/1.3; +https://openai.com/gptbot)"
74.7.227.39 - - [24/Dec/2025:08:10:14 -0500] "GET /?_g=2062175 HTTP/1.1" 200 215329 "-" "Mozilla/5.0 AppleWebKit/537.36 (KHTML, like Gecko; compatible; GPTBot/1.3; +https://openai.com/gptbot)"
74.7.227.39 - - [24/Dec/2025:08:10:14 -0500] "GET /?_g=3630178 HTTP/1.1" 200 215329 "-" "Mozilla/5.0 AppleWebKit/537.36 (KHTML, like Gecko; compatible; GPTBot/1.3; +https://openai.com/gptbot)"
136.243.228.195 - - [24/Dec/2025:08:10:14 -0500] "GET /?_g=182083 HTTP/1.1" 200 215329 "-" "Mozilla/5.0 (compatible; DataForSeoBot/1.0; +https://dataforseo.com/dataforseo-bot)"
74.7.227.39 - - [24/Dec/2025:08:10:15 -0500] "GET /?_g=1989343 HTTP/1.1" 200 215329 "-" "Mozilla/5.0 AppleWebKit/537.36 (KHTML, like Gecko; compatible; GPTBot/1.3; +https://openai.com/gptbot)"
74.7.227.39 - - [24/Dec/2025:08:10:16 -0500] "GET /?_g=2345814 HTTP/1.1" 200 215329 "-" "Mozilla/5.0 AppleWebKit/537.36 (KHTML, like Gecko; compatible; GPTBot/1.3; +https://openai.com/gptbot)"
74.7.227.39 - - [24/Dec/2025:08:10:16 -0500] "GET /?_g=1839741 HTTP/1.1" 200 215329 "-" "Mozilla/5.0 AppleWebKit/537.36 (KHTML, like Gecko; compatible; GPTBot/1.3; +https://openai.com/gptbot)"
74.7.227.39 - - [24/Dec/2025:08:10:17 -0500] "GET /?_g=2923534 HTTP/1.1" 200 215329 "-" "Mozilla/5.0 AppleWebKit/537.36 (KHTML, like Gecko; compatible; GPTBot/1.3; +https://openai.com/gptbot)"
74.7.227.39 - - [24/Dec/2025:08:10:17 -0500] "GET /?_g=1986772 HTTP/1.1" 200 215329 "-" "Mozilla/5.0 AppleWebKit/537.36 (KHTML, like Gecko; compatible; GPTBot/1.3; +https://openai.com/gptbot)"
198.50.127.198 - - [24/Dec/2025:08:10:18 -0500] "POST /wp-cron.php?doing_wp_cron=1766581818.8878140449523925781250 HTTP/1.1" 200 - "-" "WordPress/6.9; https://bahiaparaisosuites.com"
74.7.227.39 - - [24/Dec/2025:08:10:18 -0500] "GET /?_g=1645635 HTTP/1.1" 200 215329 "-" "Mozilla/5.0 AppleWebKit/537.36 (KHTML, like Gecko; compatible; GPTBot/1.3; +https://openai.com/gptbot)"
198.50.127.198 - - [24/Dec/2025:08:10:19 -0500] "POST /wp-cron.php?doing_wp_cron=1766581819.1064860820770263671875 HTTP/1.1" 200 - "-" "WordPress/6.9; https://bahiaparaisosuites.com"
74.7.227.39 - - [24/Dec/2025:08:10:19 -0500] "GET /?_g=2871130 HTTP/1.1" 200 215329 "-" "Mozilla/5.0 AppleWebKit/537.36 (KHTML, like Gecko; compatible; GPTBot/1.3; +https://openai.com/gptbot)"
136.243.228.195 - - [24/Dec/2025:08:10:18 -0500] "GET /?_g=302431 HTTP/1.1" 200 215329 "-" "Mozilla/5.0 (compatible; DataForSeoBot/1.0; +https://dataforseo.com/dataforseo-bot)"
74.7.227.39 - - [24/Dec/2025:08:10:19 -0500] "GET /?_g=2846270 HTTP/1.1" 200 215329 "-" "Mozilla/5.0 AppleWebKit/537.36 (KHTML, like Gecko; compatible; GPTBot/1.3; +https://openai.com/gptbot)"
74.7.227.39 - - [24/Dec/2025:08:10:20 -0500] "GET /?_g=1469343 HTTP/1.1" 200 215329 "-" "Mozilla/5.0 AppleWebKit/537.36 (KHTML, like Gecko; compatible; GPTBot/1.3; +https://openai.com/gptbot)"
74.7.227.39 - - [24/Dec/2025:08:10:20 -0500] "GET /?_g=3963502 HTTP/1.1" 200 215329 "-" "Mozilla/5.0 AppleWebKit/537.36 (KHTML, like Gecko; compatible; GPTBot/1.3; +https://openai.com/gptbot)"
74.7.227.39 - - [24/Dec/2025:08:10:21 -0500] "GET /?_g=2592196 HTTP/1.1" 200 215329 "-" "Mozilla/5.0 AppleWebKit/537.36 (KHTML, like Gecko; compatible; GPTBot/1.3; +https://openai.com/gptbot)"
74.7.227.39 - - [24/Dec/2025:08:10:22 -0500] "GET /?_g=1740225 HTTP/1.1" 200 215329 "-" "Mozilla/5.0 AppleWebKit/537.36 (KHTML, like Gecko; compatible; GPTBot/1.3; +https://openai.com/gptbot)"
74.7.227.39 - - [24/Dec/2025:08:10:22 -0500] "GET /?_g=3880586 HTTP/1.1" 200 215329 "-" "Mozilla/5.0 AppleWebKit/537.36 (KHTML, like Gecko; compatible; GPTBot/1.3; +https://openai.com/gptbot)"
176.123.4.135 - - [24/Dec/2025:08:10:23 -0500] "GET /wp-admin/edit.php HTTP/1.1" 503 19545 "https://bahiaparaisosuites.com/wp-login.php" "Mozilla/5.0 (Windows NT 10.0; Win64; x64; rv:119.0) Gecko/20100101 Firefox/119.0"
85.208.96.203 - - [24/Dec/2025:08:10:23 -0500] "GET /?_g=3265414 HTTP/1.1" 200 215329 "-" "Mozilla/5.0 (compatible; SemrushBot/7~bl; +http://www.semrush.com/bot.html)"
136.243.228.195 - - [24/Dec/2025:08:10:22 -0500] "GET /?_g=734018 HTTP/1.1" 200 215329 "-" "Mozilla/5.0 (compatible; DataForSeoBot/1.0; +https://dataforseo.com/dataforseo-bot)"
74.7.227.39 - - [24/Dec/2025:08:10:23 -0500] "GET /?_g=1137512 HTTP/1.1" 200 215329 "-" "Mozilla/5.0 AppleWebKit/537.36 (KHTML, like Gecko; compatible; GPTBot/1.3; +https://openai.com/gptbot)"
74.7.227.39 - - [24/Dec/2025:08:10:23 -0500] "GET /?_g=2433198 HTTP/1.1" 200 215329 "-" "Mozilla/5.0 AppleWebKit/537.36 (KHTML, like Gecko; compatible; GPTBot/1.3; +https://openai.com/gptbot)"
74.7.227.39 - - [24/Dec/2025:08:10:24 -0500] "GET /?_g=2012783 HTTP/1.1" 200 215329 "-" "Mozilla/5.0 AppleWebKit/537.36 (KHTML, like Gecko; compatible; GPTBot/1.3; +https://openai.com/gptbot)"
74.7.227.39 - - [24/Dec/2025:08:10:25 -0500] "GET /?_g=1570506 HTTP/1.1" 200 215329 "-" "Mozilla/5.0 AppleWebKit/537.36 (KHTML, like Gecko; compatible; GPTBot/1.3; +https://openai.com/gptbot)"
207.46.13.116 - - [24/Dec/2025:08:10:25 -0500] "GET /index.php/shop/pg/1005024086//hg/ HTTP/1.1" 200 186883 "-" "Mozilla/5.0 AppleWebKit/537.36 (KHTML, like Gecko; compatible; bingbot/2.0; +http://www.bing.com/bingbot.htm) Chrome/116.0.1938.76 Safari/537.36"
74.7.227.39 - - [24/Dec/2025:08:10:25 -0500] "GET /?_g=1874931 HTTP/1.1" 200 215329 "-" "Mozilla/5.0 AppleWebKit/537.36 (KHTML, like Gecko; compatible; GPTBot/1.3; +https://openai.com/gptbot)"
74.7.227.39 - - [24/Dec/2025:08:10:26 -0500] "GET /?_g=3839086 HTTP/1.1" 200 215329 "-" "Mozilla/5.0 AppleWebKit/537.36 (KHTML, like Gecko; compatible; GPTBot/1.3; +https://openai.com/gptbot)"
74.7.227.39 - - [24/Dec/2025:08:10:26 -0500] "GET /?_g=2103522 HTTP/1.1" 200 215329 "-" "Mozilla/5.0 AppleWebKit/537.36 (KHTML, like Gecko; compatible; GPTBot/1.3; +https://openai.com/gptbot)"
74.7.227.39 - - [24/Dec/2025:08:10:27 -0500] "GET /?_g=3460990 HTTP/1.1" 200 215329 "-" "Mozilla/5.0 AppleWebKit/537.36 (KHTML, like Gecko; compatible; GPTBot/1.3; +https://openai.com/gptbot)"
136.243.228.195 - - [24/Dec/2025:08:10:26 -0500] "GET /?_g=1266545 HTTP/1.1" 200 215329 "-" "Mozilla/5.0 (compatible; DataForSeoBot/1.0; +https://dataforseo.com/dataforseo-bot)"
74.7.227.39 - - [24/Dec/2025:08:10:27 -0500] "GET /?_g=1246720 HTTP/1.1" 200 215329 "-" "Mozilla/5.0 AppleWebKit/537.36 (KHTML, like Gecko; compatible; GPTBot/1.3; +https://openai.com/gptbot)"
74.7.227.39 - - [24/Dec/2025:08:10:28 -0500] "GET /?_g=3499026 HTTP/1.1" 200 215329 "-" "Mozilla/5.0 AppleWebKit/537.36 (KHTML, like Gecko; compatible; GPTBot/1.3; +https://openai.com/gptbot)"
198.50.127.198 - - [24/Dec/2025:08:10:29 -0500] "POST /wp-cron.php?doing_wp_cron=1766581829.3738451004028320312500 HTTP/1.1" 200 - "-" "WordPress/6.9; https://bahiaparaisosuites.com"
74.7.227.39 - - [24/Dec/2025:08:10:29 -0500] "GET /?_g=1039514 HTTP/1.1" 200 215329 "-" "Mozilla/5.0 AppleWebKit/537.36 (KHTML, like Gecko; compatible; GPTBot/1.3; +https://openai.com/gptbot)"
74.7.227.39 - - [24/Dec/2025:08:10:29 -0500] "GET /?_g=4041824 HTTP/1.1" 200 215329 "-" "Mozilla/5.0 AppleWebKit/537.36 (KHTML, like Gecko; compatible; GPTBot/1.3; +https://openai.com/gptbot)"
57.141.20.9 - - [24/Dec/2025:08:10:29 -0500] "GET /?_g=2775078 HTTP/1.1" 200 215329 "-" "meta-externalagent/1.1 (+https://developers.facebook.com/docs/sharing/webmasters/crawler)"
74.7.227.39 - - [24/Dec/2025:08:10:30 -0500] "GET /?_g=3009422 HTTP/1.1" 200 215329 "-" "Mozilla/5.0 AppleWebKit/537.36 (KHTML, like Gecko; compatible; GPTBot/1.3; +https://openai.com/gptbot)"
52.167.144.188 - - [24/Dec/2025:08:10:30 -0500] "GET /index.php//?_g=3478839 HTTP/1.1" 200 181850 "-" "Mozilla/5.0 AppleWebKit/537.36 (KHTML, like Gecko; compatible; bingbot/2.0; +http://www.bing.com/bingbot.htm) Chrome/116.0.1938.76 Safari/537.36"
74.7.227.39 - - [24/Dec/2025:08:10:30 -0500] "GET /?_g=3721861 HTTP/1.1" 200 215329 "-" "Mozilla/5.0 AppleWebKit/537.36 (KHTML, like Gecko; compatible; GPTBot/1.3; +https://openai.com/gptbot)"
74.7.227.39 - - [24/Dec/2025:08:10:31 -0500] "GET /?_g=4003397 HTTP/1.1" 200 215329 "-" "Mozilla/5.0 AppleWebKit/537.36 (KHTML, like Gecko; compatible; GPTBot/1.3; +https://openai.com/gptbot)"
136.243.228.195 - - [24/Dec/2025:08:10:30 -0500] "GET /?_g=2086074 HTTP/1.1" 200 215329 "-" "Mozilla/5.0 (compatible; DataForSeoBot/1.0; +https://dataforseo.com/dataforseo-bot)"
74.7.227.39 - - [24/Dec/2025:08:10:31 -0500] "GET /?_g=1102186 HTTP/1.1" 200 215329 "-" "Mozilla/5.0 AppleWebKit/537.36 (KHTML, like Gecko; compatible; GPTBot/1.3; +https://openai.com/gptbot)"
74.7.227.39 - - [24/Dec/2025:08:10:32 -0500] "GET /?_g=3644474 HTTP/1.1" 200 215329 "-" "Mozilla/5.0 AppleWebKit/537.36 (KHTML, like Gecko; compatible; GPTBot/1.3; +https://openai.com/gptbot)"
74.7.227.39 - - [24/Dec/2025:08:10:32 -0500] "GET /?_g=1115595 HTTP/1.1" 200 215329 "-" "Mozilla/5.0 AppleWebKit/537.36 (KHTML, like Gecko; compatible; GPTBot/1.3; +https://openai.com/gptbot)"
74.7.227.39 - - [24/Dec/2025:08:10:33 -0500] "GET /?_g=2355532 HTTP/1.1" 200 215329 "-" "Mozilla/5.0 AppleWebKit/537.36 (KHTML, like Gecko; compatible; GPTBot/1.3; +https://openai.com/gptbot)"
74.7.227.39 - - [24/Dec/2025:08:10:34 -0500] "GET /?_g=3334555 HTTP/1.1" 200 215329 "-" "Mozilla/5.0 AppleWebKit/537.36 (KHTML, like Gecko; compatible; GPTBot/1.3; +https://openai.com/gptbot)"
74.7.227.39 - - [24/Dec/2025:08:10:34 -0500] "GET /?_g=1991118 HTTP/1.1" 200 215329 "-" "Mozilla/5.0 AppleWebKit/537.36 (KHTML, like Gecko; compatible; GPTBot/1.3; +https://openai.com/gptbot)"
74.7.227.39 - - [24/Dec/2025:08:10:35 -0500] "GET /?_g=4000454 HTTP/1.1" 200 215329 "-" "Mozilla/5.0 AppleWebKit/537.36 (KHTML, like Gecko; compatible; GPTBot/1.3; +https://openai.com/gptbot)"
104.28.83.165 - - [24/Dec/2025:08:10:35 -0500] "GET /?_g=2821124 HTTP/1.1" 200 370 "https://search.yahoo.co.jp/" "Mozilla/5.0 (iPhone; CPU iPhone OS 18_7 like Mac OS X) AppleWebKit/605.1.15 (KHTML, like Gecko) Version/26.1 Mobile/15E148 Safari/604.1"
74.7.227.39 - - [24/Dec/2025:08:10:35 -0500] "GET /?_g=2226723 HTTP/1.1" 200 215329 "-" "Mozilla/5.0 AppleWebKit/537.36 (KHTML, like Gecko; compatible; GPTBot/1.3; +https://openai.com/gptbot)"
136.243.228.195 - - [24/Dec/2025:08:10:34 -0500] "GET /?_g=1877410 HTTP/1.1" 200 215329 "-" "Mozilla/5.0 (compatible; DataForSeoBot/1.0; +https://dataforseo.com/dataforseo-bot)"
74.7.227.39 - - [24/Dec/2025:08:10:36 -0500] "GET /?_g=1333083 HTTP/1.1" 200 215329 "-" "Mozilla/5.0 AppleWebKit/537.36 (KHTML, like Gecko; compatible; GPTBot/1.3; +https://openai.com/gptbot)"
74.7.227.39 - - [24/Dec/2025:08:10:37 -0500] "GET /?_g=1989995 HTTP/1.1" 200 215329 "-" "Mozilla/5.0 AppleWebKit/537.36 (KHTML, like Gecko; compatible; GPTBot/1.3; +https://openai.com/gptbot)"
176.123.4.135 - - [24/Dec/2025:08:10:37 -0500] "GET /wp-admin/plugins.php HTTP/1.1" 503 19545 "https://bahiaparaisosuites.com/wp-login.php" "Mozilla/5.0 (Windows NT 10.0; Win64; x64; rv:119.0) Gecko/20100101 Firefox/119.0"
74.7.227.39 - - [24/Dec/2025:08:10:37 -0500] "GET /?_g=2618111 HTTP/1.1" 200 215329 "-" "Mozilla/5.0 AppleWebKit/537.36 (KHTML, like Gecko; compatible; GPTBot/1.3; +https://openai.com/gptbot)"
74.7.227.39 - - [24/Dec/2025:08:10:38 -0500] "GET /?_g=3630333 HTTP/1.1" 200 215329 "-" "Mozilla/5.0 AppleWebKit/537.36 (KHTML, like Gecko; compatible; GPTBot/1.3; +https://openai.com/gptbot)"
198.50.127.198 - - [24/Dec/2025:08:10:39 -0500] "POST /wp-cron.php?doing_wp_cron=1766581839.0452051162719726562500 HTTP/1.1" 200 - "-" "WordPress/6.9; https://bahiaparaisosuites.com"
74.7.227.39 - - [24/Dec/2025:08:10:38 -0500] "GET /?_g=1392226 HTTP/1.1" 200 215329 "-" "Mozilla/5.0 AppleWebKit/537.36 (KHTML, like Gecko; compatible; GPTBot/1.3; +https://openai.com/gptbot)"
74.7.227.39 - - [24/Dec/2025:08:10:39 -0500] "GET /?_g=3600089 HTTP/1.1" 200 215329 "-" "Mozilla/5.0 AppleWebKit/537.36 (KHTML, like Gecko; compatible; GPTBot/1.3; +https://openai.com/gptbot)"
136.243.228.195 - - [24/Dec/2025:08:10:38 -0500] "GET /?_g=3587866 HTTP/1.1" 200 215329 "-" "Mozilla/5.0 (compatible; DataForSeoBot/1.0; +https://dataforseo.com/dataforseo-bot)"
74.7.227.39 - - [24/Dec/2025:08:10:39 -0500] "GET /?_g=3911104 HTTP/1.1" 200 215329 "-" "Mozilla/5.0 AppleWebKit/537.36 (KHTML, like Gecko; compatible; GPTBot/1.3; +https://openai.com/gptbot)"
74.7.227.39 - - [24/Dec/2025:08:10:40 -0500] "GET /?_g=2644487 HTTP/1.1" 200 215329 "-" "Mozilla/5.0 AppleWebKit/537.36 (KHTML, like Gecko; compatible; GPTBot/1.3; +https://openai.com/gptbot)"
74.7.227.39 - - [24/Dec/2025:08:10:41 -0500] "GET /?_g=3155568 HTTP/1.1" 200 215329 "-" "Mozilla/5.0 AppleWebKit/537.36 (KHTML, like Gecko; compatible; GPTBot/1.3; +https://openai.com/gptbot)"
74.7.227.39 - - [24/Dec/2025:08:10:41 -0500] "GET /?_g=2223689 HTTP/1.1" 200 215329 "-" "Mozilla/5.0 AppleWebKit/537.36 (KHTML, like Gecko; compatible; GPTBot/1.3; +https://openai.com/gptbot)"
74.7.227.39 - - [24/Dec/2025:08:10:42 -0500] "GET /?_g=3162999 HTTP/1.1" 200 215329 "-" "Mozilla/5.0 AppleWebKit/537.36 (KHTML, like Gecko; compatible; GPTBot/1.3; +https://openai.com/gptbot)"
74.7.227.39 - - [24/Dec/2025:08:10:42 -0500] "GET /?_g=1390555 HTTP/1.1" 200 215329 "-" "Mozilla/5.0 AppleWebKit/537.36 (KHTML, like Gecko; compatible; GPTBot/1.3; +https://openai.com/gptbot)"
74.7.227.39 - - [24/Dec/2025:08:10:43 -0500] "GET /?_g=2922924 HTTP/1.1" 200 215329 "-" "Mozilla/5.0 AppleWebKit/537.36 (KHTML, like Gecko; compatible; GPTBot/1.3; +https://openai.com/gptbot)"
136.243.228.195 - - [24/Dec/2025:08:10:42 -0500] "GET /?_g=3904739 HTTP/1.1" 200 215329 "-" "Mozilla/5.0 (compatible; DataForSeoBot/1.0; +https://dataforseo.com/dataforseo-bot)"
74.7.227.39 - - [24/Dec/2025:08:10:44 -0500] "GET /?_g=2787877 HTTP/1.1" 200 215329 "-" "Mozilla/5.0 AppleWebKit/537.36 (KHTML, like Gecko; compatible; GPTBot/1.3; +https://openai.com/gptbot)"
74.7.227.39 - - [24/Dec/2025:08:10:44 -0500] "GET /?_g=3535371 HTTP/1.1" 200 215329 "-" "Mozilla/5.0 AppleWebKit/537.36 (KHTML, like Gecko; compatible; GPTBot/1.3; +https://openai.com/gptbot)"
74.7.227.39 - - [24/Dec/2025:08:10:45 -0500] "GET /?_g=2569256 HTTP/1.1" 200 215329 "-" "Mozilla/5.0 AppleWebKit/537.36 (KHTML, like Gecko; compatible; GPTBot/1.3; +https://openai.com/gptbot)"
74.7.227.39 - - [24/Dec/2025:08:10:45 -0500] "GET /?_g=1010134 HTTP/1.1" 200 215329 "-" "Mozilla/5.0 AppleWebKit/537.36 (KHTML, like Gecko; compatible; GPTBot/1.3; +https://openai.com/gptbot)"
74.7.227.39 - - [24/Dec/2025:08:10:46 -0500] "GET /?_g=2795959 HTTP/1.1" 200 215329 "-" "Mozilla/5.0 AppleWebKit/537.36 (KHTML, like Gecko; compatible; GPTBot/1.3; +https://openai.com/gptbot)"
74.7.227.39 - - [24/Dec/2025:08:10:47 -0500] "GET /?_g=93428 HTTP/1.1" 200 215329 "-" "Mozilla/5.0 AppleWebKit/537.36 (KHTML, like Gecko; compatible; GPTBot/1.3; +https://openai.com/gptbot)"
74.7.227.39 - - [24/Dec/2025:08:10:47 -0500] "GET /?_g=90465 HTTP/1.1" 200 215329 "-" "Mozilla/5.0 AppleWebKit/537.36 (KHTML, like Gecko; compatible; GPTBot/1.3; +https://openai.com/gptbot)"
136.243.228.195 - - [24/Dec/2025:08:10:47 -0500] "GET /?_g=2391090 HTTP/1.1" 200 215329 "-" "Mozilla/5.0 (compatible; DataForSeoBot/1.0; +https://dataforseo.com/dataforseo-bot)"
74.7.227.39 - - [24/Dec/2025:08:10:48 -0500] "GET /?_g=94731 HTTP/1.1" 200 215329 "-" "Mozilla/5.0 AppleWebKit/537.36 (KHTML, like Gecko; compatible; GPTBot/1.3; +https://openai.com/gptbot)"
198.50.127.198 - - [24/Dec/2025:08:10:49 -0500] "POST /wp-cron.php?doing_wp_cron=1766581849.3075571060180664062500 HTTP/1.1" 200 - "-" "WordPress/6.9; https://bahiaparaisosuites.com"
74.7.227.39 - - [24/Dec/2025:08:10:48 -0500] "GET /?_g=17405 HTTP/1.1" 200 215329 "-" "Mozilla/5.0 AppleWebKit/537.36 (KHTML, like Gecko; compatible; GPTBot/1.3; +https://openai.com/gptbot)"
74.7.227.39 - - [24/Dec/2025:08:10:49 -0500] "GET /?_g=68188 HTTP/1.1" 200 215329 "-" "Mozilla/5.0 AppleWebKit/537.36 (KHTML, like Gecko; compatible; GPTBot/1.3; +https://openai.com/gptbot)"
57.141.20.46 - - [24/Dec/2025:08:10:49 -0500] "GET /?_g=1267193 HTTP/1.1" 200 215329 "-" "meta-externalagent/1.1 (+https://developers.facebook.com/docs/sharing/webmasters/crawler)"
74.7.227.39 - - [24/Dec/2025:08:10:50 -0500] "GET /?_g=20722 HTTP/1.1" 200 215329 "-" "Mozilla/5.0 AppleWebKit/537.36 (KHTML, like Gecko; compatible; GPTBot/1.3; +https://openai.com/gptbot)"
74.7.227.39 - - [24/Dec/2025:08:10:50 -0500] "GET /?_g=2570964 HTTP/1.1" 200 215329 "-" "Mozilla/5.0 AppleWebKit/537.36 (KHTML, like Gecko; compatible; GPTBot/1.3; +https://openai.com/gptbot)"
74.7.227.39 - - [24/Dec/2025:08:10:51 -0500] "GET /?_g=2541697 HTTP/1.1" 200 215329 "-" "Mozilla/5.0 AppleWebKit/537.36 (KHTML, like Gecko; compatible; GPTBot/1.3; +https://openai.com/gptbot)"
136.243.228.195 - - [24/Dec/2025:08:10:50 -0500] "GET /?_g=500842 HTTP/1.1" 200 215329 "-" "Mozilla/5.0 (compatible; DataForSeoBot/1.0; +https://dataforseo.com/dataforseo-bot)"
176.123.4.135 - - [24/Dec/2025:08:10:52 -0500] "POST /wp-login.php HTTP/1.1" 503 18253 "https://bahiaparaisosuites.com/wp-login.php" "Mozilla/5.0 (Macintosh; Intel Mac OS X 10_15_7) AppleWebKit/605.1.15 (KHTML, like Gecko) Version/16.6 Safari/605.1.15"
74.7.227.39 - - [24/Dec/2025:08:10:51 -0500] "GET /?_g=1539462 HTTP/1.1" 200 215329 "-" "Mozilla/5.0 AppleWebKit/537.36 (KHTML, like Gecko; compatible; GPTBot/1.3; +https://openai.com/gptbot)"
198.50.127.198 - - [24/Dec/2025:08:10:52 -0500] "POST /?wordfence_syncAttackData=1766581852.4578 HTTP/1.1" 200 - "-" "WordPress/6.9; https://bahiaparaisosuites.com"
74.7.227.39 - - [24/Dec/2025:08:10:52 -0500] "GET /?_g=1984720 HTTP/1.1" 200 215329 "-" "Mozilla/5.0 AppleWebKit/537.36 (KHTML, like Gecko; compatible; GPTBot/1.3; +https://openai.com/gptbot)"
74.7.227.39 - - [24/Dec/2025:08:10:53 -0500] "GET /?_g=3041529 HTTP/1.1" 200 215329 "-" "Mozilla/5.0 AppleWebKit/537.36 (KHTML, like Gecko; compatible; GPTBot/1.3; +https://openai.com/gptbot)"
57.141.20.56 - - [24/Dec/2025:08:10:53 -0500] "GET /?_g=3516061 HTTP/1.1" 200 215329 "-" "meta-externalagent/1.1 (+https://developers.facebook.com/docs/sharing/webmasters/crawler)"
74.7.227.39 - - [24/Dec/2025:08:10:53 -0500] "GET /?_g=3815794 HTTP/1.1" 200 215329 "-" "Mozilla/5.0 AppleWebKit/537.36 (KHTML, like Gecko; compatible; GPTBot/1.3; +https://openai.com/gptbot)"
74.7.227.39 - - [24/Dec/2025:08:10:54 -0500] "GET /?_g=2471956 HTTP/1.1" 200 215329 "-" "Mozilla/5.0 AppleWebKit/537.36 (KHTML, like Gecko; compatible; GPTBot/1.3; +https://openai.com/gptbot)"
74.7.227.39 - - [24/Dec/2025:08:10:54 -0500] "GET /?_g=3814790 HTTP/1.1" 200 215329 "-" "Mozilla/5.0 AppleWebKit/537.36 (KHTML, like Gecko; compatible; GPTBot/1.3; +https://openai.com/gptbot)"
136.243.228.195 - - [24/Dec/2025:08:10:54 -0500] "GET /?_g=1881623 HTTP/1.1" 200 215329 "-" "Mozilla/5.0 (compatible; DataForSeoBot/1.0; +https://dataforseo.com/dataforseo-bot)"
57.141.20.39 - - [24/Dec/2025:08:10:55 -0500] "GET /?_g=423884 HTTP/1.1" 200 215329 "-" "meta-externalagent/1.1 (+https://developers.facebook.com/docs/sharing/webmasters/crawler)"
74.7.227.39 - - [24/Dec/2025:08:10:55 -0500] "GET /?_g=2601534 HTTP/1.1" 200 215329 "-" "Mozilla/5.0 AppleWebKit/537.36 (KHTML, like Gecko; compatible; GPTBot/1.3; +https://openai.com/gptbot)"
74.7.227.39 - - [24/Dec/2025:08:10:56 -0500] "GET /?_g=2573180 HTTP/1.1" 200 215329 "-" "Mozilla/5.0 AppleWebKit/537.36 (KHTML, like Gecko; compatible; GPTBot/1.3; +https://openai.com/gptbot)"
74.7.227.39 - - [24/Dec/2025:08:10:56 -0500] "GET /?_g=3416975 HTTP/1.1" 200 215329 "-" "Mozilla/5.0 AppleWebKit/537.36 (KHTML, like Gecko; compatible; GPTBot/1.3; +https://openai.com/gptbot)"
74.7.227.39 - - [24/Dec/2025:08:10:57 -0500] "GET /?_g=2563174 HTTP/1.1" 200 215329 "-" "Mozilla/5.0 AppleWebKit/537.36 (KHTML, like Gecko; compatible; GPTBot/1.3; +https://openai.com/gptbot)"
66.249.64.224 - - [24/Dec/2025:08:10:57 -0500] "GET /?_g=1540955 HTTP/1.1" 200 184634 "-" "Mozilla/5.0 (compatible; Googlebot/2.1; +http://www.google.com/bot.html)"
74.7.227.39 - - [24/Dec/2025:08:10:57 -0500] "GET /?_g=4031892 HTTP/1.1" 200 215329 "-" "Mozilla/5.0 AppleWebKit/537.36 (KHTML, like Gecko; compatible; GPTBot/1.3; +https://openai.com/gptbot)"
74.7.227.39 - - [24/Dec/2025:08:10:58 -0500] "GET /?_g=2349670 HTTP/1.1" 200 215329 "-" "Mozilla/5.0 AppleWebKit/537.36 (KHTML, like Gecko; compatible; GPTBot/1.3; +https://openai.com/gptbot)"
198.50.127.198 - - [24/Dec/2025:08:10:59 -0500] "POST /wp-cron.php?doing_wp_cron=1766581859.4299340248107910156250 HTTP/1.1" 200 - "-" "WordPress/6.9; https://bahiaparaisosuites.com"
74.7.227.39 - - [24/Dec/2025:08:10:59 -0500] "GET /?_g=1036472 HTTP/1.1" 200 215329 "-" "Mozilla/5.0 AppleWebKit/537.36 (KHTML, like Gecko; compatible; GPTBot/1.3; +https://openai.com/gptbot)"
136.243.228.195 - - [24/Dec/2025:08:10:58 -0500] "GET /?_g=2835220 HTTP/1.1" 200 215329 "-" "Mozilla/5.0 (compatible; DataForSeoBot/1.0; +https://dataforseo.com/dataforseo-bot)"
74.7.227.39 - - [24/Dec/2025:08:10:59 -0500] "GET /?_g=3210796 HTTP/1.1" 200 215329 "-" "Mozilla/5.0 AppleWebKit/537.36 (KHTML, like Gecko; compatible; GPTBot/1.3; +https://openai.com/gptbot)"
74.7.227.39 - - [24/Dec/2025:08:11:00 -0500] "GET /?_g=2948375 HTTP/1.1" 200 215329 "-" "Mozilla/5.0 AppleWebKit/537.36 (KHTML, like Gecko; compatible; GPTBot/1.3; +https://openai.com/gptbot)"
74.7.227.39 - - [24/Dec/2025:08:11:00 -0500] "GET /?_g=1847635 HTTP/1.1" 200 215329 "-" "Mozilla/5.0 AppleWebKit/537.36 (KHTML, like Gecko; compatible; GPTBot/1.3; +https://openai.com/gptbot)"
57.141.20.11 - - [24/Dec/2025:08:11:01 -0500] "GET /?_g=2177513 HTTP/1.1" 200 215329 "-" "meta-externalagent/1.1 (+https://developers.facebook.com/docs/sharing/webmasters/crawler)"
74.7.227.39 - - [24/Dec/2025:08:11:01 -0500] "GET /?_g=1843905 HTTP/1.1" 200 215329 "-" "Mozilla/5.0 AppleWebKit/537.36 (KHTML, like Gecko; compatible; GPTBot/1.3; +https://openai.com/gptbot)"
74.7.227.39 - - [24/Dec/2025:08:11:01 -0500] "GET /?_g=3294807 HTTP/1.1" 200 215329 "-" "Mozilla/5.0 AppleWebKit/537.36 (KHTML, like Gecko; compatible; GPTBot/1.3; +https://openai.com/gptbot)"
74.7.227.39 - - [24/Dec/2025:08:11:02 -0500] "GET /?_g=1376590 HTTP/1.1" 200 215329 "-" "Mozilla/5.0 AppleWebKit/537.36 (KHTML, like Gecko; compatible; GPTBot/1.3; +https://openai.com/gptbot)"
74.7.227.39 - - [24/Dec/2025:08:11:03 -0500] "GET /?_g=3065182 HTTP/1.1" 200 215329 "-" "Mozilla/5.0 AppleWebKit/537.36 (KHTML, like Gecko; compatible; GPTBot/1.3; +https://openai.com/gptbot)"
74.7.227.39 - - [24/Dec/2025:08:11:03 -0500] "GET /?_g=3248097 HTTP/1.1" 200 215329 "-" "Mozilla/5.0 AppleWebKit/537.36 (KHTML, like Gecko; compatible; GPTBot/1.3; +https://openai.com/gptbot)"
136.243.228.195 - - [24/Dec/2025:08:11:02 -0500] "GET /?_g=661612 HTTP/1.1" 200 215329 "-" "Mozilla/5.0 (compatible; DataForSeoBot/1.0; +https://dataforseo.com/dataforseo-bot)"
74.7.227.39 - - [24/Dec/2025:08:11:04 -0500] "GET /?_g=1459687 HTTP/1.1" 200 215329 "-" "Mozilla/5.0 AppleWebKit/537.36 (KHTML, like Gecko; compatible; GPTBot/1.3; +https://openai.com/gptbot)"
74.7.227.39 - - [24/Dec/2025:08:11:04 -0500] "GET /?_g=1204783 HTTP/1.1" 200 215329 "-" "Mozilla/5.0 AppleWebKit/537.36 (KHTML, like Gecko; compatible; GPTBot/1.3; +https://openai.com/gptbot)"
74.7.227.39 - - [24/Dec/2025:08:11:05 -0500] "GET /?_g=2039741 HTTP/1.1" 200 215329 "-" "Mozilla/5.0 AppleWebKit/537.36 (KHTML, like Gecko; compatible; GPTBot/1.3; +https://openai.com/gptbot)"
74.7.227.39 - - [24/Dec/2025:08:11:05 -0500] "GET /?_g=1763529 HTTP/1.1" 200 215329 "-" "Mozilla/5.0 AppleWebKit/537.36 (KHTML, like Gecko; compatible; GPTBot/1.3; +https://openai.com/gptbot)"
74.7.227.39 - - [24/Dec/2025:08:11:06 -0500] "GET /?_g=1359827 HTTP/1.1" 200 215329 "-" "Mozilla/5.0 AppleWebKit/537.36 (KHTML, like Gecko; compatible; GPTBot/1.3; +https://openai.com/gptbot)"
176.123.4.135 - - [24/Dec/2025:08:11:06 -0500] "GET /wp-admin/index.php HTTP/1.1" 503 19545 "https://bahiaparaisosuites.com/wp-login.php" "Mozilla/5.0 (Windows NT 10.0; Win64; x64; rv:118.0) Gecko/20100101 Firefox/118.0"
74.7.227.39 - - [24/Dec/2025:08:11:07 -0500] "GET /?_g=2801436 HTTP/1.1" 200 215329 "-" "Mozilla/5.0 AppleWebKit/537.36 (KHTML, like Gecko; compatible; GPTBot/1.3; +https://openai.com/gptbot)"
74.7.227.39 - - [24/Dec/2025:08:11:07 -0500] "GET /?_g=1026483 HTTP/1.1" 200 215329 "-" "Mozilla/5.0 AppleWebKit/537.36 (KHTML, like Gecko; compatible; GPTBot/1.3; +https://openai.com/gptbot)"
136.243.228.195 - - [24/Dec/2025:08:11:06 -0500] "GET /?_g=2492623 HTTP/1.1" 200 215329 "-" "Mozilla/5.0 (compatible; DataForSeoBot/1.0; +https://dataforseo.com/dataforseo-bot)"
74.7.227.39 - - [24/Dec/2025:08:11:08 -0500] "GET /?_g=2539106 HTTP/1.1" 200 215329 "-" "Mozilla/5.0 AppleWebKit/537.36 (KHTML, like Gecko; compatible; GPTBot/1.3; +https://openai.com/gptbot)"
198.50.127.198 - - [24/Dec/2025:08:11:09 -0500] "POST /wp-cron.php?doing_wp_cron=1766581869.2233049869537353515625 HTTP/1.1" 200 - "-" "WordPress/6.9; https://bahiaparaisosuites.com"
74.7.227.39 - - [24/Dec/2025:08:11:08 -0500] "GET /?_g=1073956 HTTP/1.1" 200 215329 "-" "Mozilla/5.0 AppleWebKit/537.36 (KHTML, like Gecko; compatible; GPTBot/1.3; +https://openai.com/gptbot)"
74.7.227.39 - - [24/Dec/2025:08:11:09 -0500] "GET /?_g=2943681 HTTP/1.1" 200 215329 "-" "Mozilla/5.0 AppleWebKit/537.36 (KHTML, like Gecko; compatible; GPTBot/1.3; +https://openai.com/gptbot)"
74.7.227.39 - - [24/Dec/2025:08:11:10 -0500] "GET /?_g=1832645 HTTP/1.1" 200 215329 "-" "Mozilla/5.0 AppleWebKit/537.36 (KHTML, like Gecko; compatible; GPTBot/1.3; +https://openai.com/gptbot)"
74.7.227.39 - - [24/Dec/2025:08:11:10 -0500] "GET /?_g=1604879 HTTP/1.1" 200 215329 "-" "Mozilla/5.0 AppleWebKit/537.36 (KHTML, like Gecko; compatible; GPTBot/1.3; +https://openai.com/gptbot)"
74.7.227.39 - - [24/Dec/2025:08:11:11 -0500] "GET /?_g=3258697 HTTP/1.1" 200 215329 "-" "Mozilla/5.0 AppleWebKit/537.36 (KHTML, like Gecko; compatible; GPTBot/1.3; +https://openai.com/gptbot)"
136.243.228.195 - - [24/Dec/2025:08:11:10 -0500] "GET /?_g=3162990 HTTP/1.1" 200 215329 "-" "Mozilla/5.0 (compatible; DataForSeoBot/1.0; +https://dataforseo.com/dataforseo-bot)"
74.7.227.39 - - [24/Dec/2025:08:11:11 -0500] "GET /?_g=2530947 HTTP/1.1" 200 215329 "-" "Mozilla/5.0 AppleWebKit/537.36 (KHTML, like Gecko; compatible; GPTBot/1.3; +https://openai.com/gptbot)"
74.7.227.39 - - [24/Dec/2025:08:11:12 -0500] "GET /?_g=774827 HTTP/1.1" 200 215329 "-" "Mozilla/5.0 AppleWebKit/537.36 (KHTML, like Gecko; compatible; GPTBot/1.3; +https://openai.com/gptbot)"
74.7.227.39 - - [24/Dec/2025:08:11:12 -0500] "GET /?_g=231869 HTTP/1.1" 200 215329 "-" "Mozilla/5.0 AppleWebKit/537.36 (KHTML, like Gecko; compatible; GPTBot/1.3; +https://openai.com/gptbot)"
185.191.171.11 - - [24/Dec/2025:08:11:13 -0500] "GET /?_g=1415254 HTTP/1.1" 200 215329 "-" "Mozilla/5.0 (compatible; SemrushBot/7~bl; +http://www.semrush.com/bot.html)"
74.7.227.39 - - [24/Dec/2025:08:11:13 -0500] "GET /?_g=945638 HTTP/1.1" 200 215329 "-" "Mozilla/5.0 AppleWebKit/537.36 (KHTML, like Gecko; compatible; GPTBot/1.3; +https://openai.com/gptbot)"
74.7.227.39 - - [24/Dec/2025:08:11:14 -0500] "GET /?_g=246057 HTTP/1.1" 200 215329 "-" "Mozilla/5.0 AppleWebKit/537.36 (KHTML, like Gecko; compatible; GPTBot/1.3; +https://openai.com/gptbot)"
74.7.227.39 - - [24/Dec/2025:08:11:14 -0500] "GET /?_g=927510 HTTP/1.1" 200 215329 "-" "Mozilla/5.0 AppleWebKit/537.36 (KHTML, like Gecko; compatible; GPTBot/1.3; +https://openai.com/gptbot)"
74.7.227.39 - - [24/Dec/2025:08:11:15 -0500] "GET /?_g=280697 HTTP/1.1" 200 215329 "-" "Mozilla/5.0 AppleWebKit/537.36 (KHTML, like Gecko; compatible; GPTBot/1.3; +https://openai.com/gptbot)"
136.243.228.195 - - [24/Dec/2025:08:11:14 -0500] "GET /?_g=3822911 HTTP/1.1" 200 215329 "-" "Mozilla/5.0 (compatible; DataForSeoBot/1.0; +https://dataforseo.com/dataforseo-bot)"
74.7.227.39 - - [24/Dec/2025:08:11:15 -0500] "GET /?_g=738425 HTTP/1.1" 200 215329 "-" "Mozilla/5.0 AppleWebKit/537.36 (KHTML, like Gecko; compatible; GPTBot/1.3; +https://openai.com/gptbot)"
74.7.227.39 - - [24/Dec/2025:08:11:16 -0500] "GET /?_g=325109 HTTP/1.1" 200 215329 "-" "Mozilla/5.0 AppleWebKit/537.36 (KHTML, like Gecko; compatible; GPTBot/1.3; +https://openai.com/gptbot)"
74.7.227.39 - - [24/Dec/2025:08:11:17 -0500] "GET /?_g=173604 HTTP/1.1" 200 215329 "-" "Mozilla/5.0 AppleWebKit/537.36 (KHTML, like Gecko; compatible; GPTBot/1.3; +https://openai.com/gptbot)"
198.50.127.198 - - [24/Dec/2025:08:11:18 -0500] "POST /wp-cron.php?doing_wp_cron=1766581878.0571849346160888671875 HTTP/1.1" 200 - "-" "WordPress/6.9; https://bahiaparaisosuites.com"
74.7.227.39 - - [24/Dec/2025:08:11:17 -0500] "GET /?_g=790318 HTTP/1.1" 200 215329 "-" "Mozilla/5.0 AppleWebKit/537.36 (KHTML, like Gecko; compatible; GPTBot/1.3; +https://openai.com/gptbot)"
74.7.227.39 - - [24/Dec/2025:08:11:18 -0500] "GET /?_g=807326 HTTP/1.1" 200 215329 "-" "Mozilla/5.0 AppleWebKit/537.36 (KHTML, like Gecko; compatible; GPTBot/1.3; +https://openai.com/gptbot)"
198.50.127.198 - - [24/Dec/2025:08:11:19 -0500] "POST /wp-cron.php?doing_wp_cron=1766581879.2812240123748779296875 HTTP/1.1" 200 - "-" "WordPress/6.9; https://bahiaparaisosuites.com"
74.7.227.39 - - [24/Dec/2025:08:11:18 -0500] "GET /?_g=253867 HTTP/1.1" 200 215329 "-" "Mozilla/5.0 AppleWebKit/537.36 (KHTML, like Gecko; compatible; GPTBot/1.3; +https://openai.com/gptbot)"
136.243.228.195 - - [24/Dec/2025:08:11:18 -0500] "GET /?_g=108473 HTTP/1.1" 200 215329 "-" "Mozilla/5.0 (compatible; DataForSeoBot/1.0; +https://dataforseo.com/dataforseo-bot)"
74.7.227.39 - - [24/Dec/2025:08:11:19 -0500] "GET /?_g=813564 HTTP/1.1" 200 215329 "-" "Mozilla/5.0 AppleWebKit/537.36 (KHTML, like Gecko; compatible; GPTBot/1.3; +https://openai.com/gptbot)"
74.7.227.39 - - [24/Dec/2025:08:11:20 -0500] "GET /?_g=217645 HTTP/1.1" 200 215329 "-" "Mozilla/5.0 AppleWebKit/537.36 (KHTML, like Gecko; compatible; GPTBot/1.3; +https://openai.com/gptbot)"
185.191.171.19 - - [24/Dec/2025:08:11:20 -0500] "GET /?_g=1395466 HTTP/1.1" 200 215329 "-" "Mozilla/5.0 (compatible; SemrushBot/7~bl; +http://www.semrush.com/bot.html)"
74.7.227.39 - - [24/Dec/2025:08:11:20 -0500] "GET /?_g=125963 HTTP/1.1" 200 215329 "-" "Mozilla/5.0 AppleWebKit/537.36 (KHTML, like Gecko; compatible; GPTBot/1.3; +https://openai.com/gptbot)"
176.123.4.135 - - [24/Dec/2025:08:11:21 -0500] "GET /wp-admin/profile.php HTTP/1.1" 503 19545 "https://bahiaparaisosuites.com/wp-login.php" "Mozilla/5.0 (Windows NT 10.0; Win64; x64; rv:118.0) Gecko/20100101 Firefox/118.0"
57.141.20.17 - - [24/Dec/2025:08:11:21 -0500] "GET /?_g=1357963 HTTP/1.1" 200 215329 "-" "meta-externalagent/1.1 (+https://developers.facebook.com/docs/sharing/webmasters/crawler)"
74.7.227.39 - - [24/Dec/2025:08:11:21 -0500] "GET /?_g=871624 HTTP/1.1" 200 215329 "-" "Mozilla/5.0 AppleWebKit/537.36 (KHTML, like Gecko; compatible; GPTBot/1.3; +https://openai.com/gptbot)"
198.50.127.198 - - [24/Dec/2025:08:11:22 -0500] "POST /wp-cron.php?doing_wp_cron=1766581882.3326148986816406250000 HTTP/1.1" 200 - "-" "WordPress/6.9; https://bahiaparaisosuites.com"
74.7.227.39 - - [24/Dec/2025:08:11:21 -0500] "GET /?_g=108537 HTTP/1.1" 200 215329 "-" "Mozilla/5.0 AppleWebKit/537.36 (KHTML, like Gecko; compatible; GPTBot/1.3; +https://openai.com/gptbot)"
85.208.96.209 - - [24/Dec/2025:08:11:21 -0500] "GET /?_g=2849443 HTTP/1.1" 200 215329 "-" "Mozilla/5.0 (compatible; SemrushBot/7~bl; +http://www.semrush.com/bot.html)"
