136.243.228.195 - - [24/Dec/2025:07:23:14 -0500] "GET /?_g=3246390 HTTP/1.1" 200 215329 "-" "Mozilla/5.0 (compatible; DataForSeoBot/1.0; +https://dataforseo.com/dataforseo-bot)"
85.208.96.197 - - [24/Dec/2025:07:23:16 -0500] "GET /?_g=3838323 HTTP/1.1" 200 215329 "-" "Mozilla/5.0 (compatible; SemrushBot/7~bl; +http://www.semrush.com/bot.html)"
136.243.228.195 - - [24/Dec/2025:07:23:18 -0500] "GET /?_g=1871310 HTTP/1.1" 200 215329 "-" "Mozilla/5.0 (compatible; DataForSeoBot/1.0; +https://dataforseo.com/dataforseo-bot)"
136.243.228.195 - - [24/Dec/2025:07:23:22 -0500] "GET /?_g=3858735 HTTP/1.1" 200 215329 "-" "Mozilla/5.0 (compatible; DataForSeoBot/1.0; +https://dataforseo.com/dataforseo-bot)"
136.243.228.195 - - [24/Dec/2025:07:23:25 -0500] "GET /?_g=1969472 HTTP/1.1" 200 215329 "-" "Mozilla/5.0 (compatible; DataForSeoBot/1.0; +https://dataforseo.com/dataforseo-bot)"
20.15.133.191 - - [24/Dec/2025:07:23:26 -0500] "GET /index.php/shop/pg/1005024010//?_g=3352533 HTTP/1.1" 200 189538 "-" "Mozilla/5.0 AppleWebKit/537.36 (KHTML, like Gecko; compatible; bingbot/2.0; +http://www.bing.com/bingbot.htm) Chrome/116.0.1938.76 Safari/537.36"
136.243.228.195 - - [24/Dec/2025:07:23:29 -0500] "GET /?_g=2079330 HTTP/1.1" 200 215329 "-" "Mozilla/5.0 (compatible; DataForSeoBot/1.0; +https://dataforseo.com/dataforseo-bot)"
57.141.20.14 - - [24/Dec/2025:07:23:33 -0500] "GET /?_g=2403106 HTTP/1.1" 200 215329 "-" "meta-externalagent/1.1 (+https://developers.facebook.com/docs/sharing/webmasters/crawler)"
136.243.228.195 - - [24/Dec/2025:07:23:33 -0500] "GET /?_g=238994 HTTP/1.1" 200 215329 "-" "Mozilla/5.0 (compatible; DataForSeoBot/1.0; +https://dataforseo.com/dataforseo-bot)"
57.141.20.3 - - [24/Dec/2025:07:23:37 -0500] "GET /?_g=1711282 HTTP/1.1" 200 215329 "-" "meta-externalagent/1.1 (+https://developers.facebook.com/docs/sharing/webmasters/crawler)"
136.243.228.195 - - [24/Dec/2025:07:23:38 -0500] "GET /?_g=1704257 HTTP/1.1" 200 215329 "-" "Mozilla/5.0 (compatible; DataForSeoBot/1.0; +https://dataforseo.com/dataforseo-bot)"
136.243.228.195 - - [24/Dec/2025:07:23:41 -0500] "GET /?_g=2970774 HTTP/1.1" 200 215329 "-" "Mozilla/5.0 (compatible; DataForSeoBot/1.0; +https://dataforseo.com/dataforseo-bot)"
185.191.171.5 - - [24/Dec/2025:07:23:43 -0500] "GET /?_g=643531 HTTP/1.1" 200 215329 "-" "Mozilla/5.0 (compatible; SemrushBot/7~bl; +http://www.semrush.com/bot.html)"
136.243.228.195 - - [24/Dec/2025:07:23:45 -0500] "GET /?_g=2742848 HTTP/1.1" 200 215329 "-" "Mozilla/5.0 (compatible; DataForSeoBot/1.0; +https://dataforseo.com/dataforseo-bot)"
198.50.127.198 - - [24/Dec/2025:07:23:50 -0500] "POST /wp-cron.php?doing_wp_cron=1766579030.6643838882446289062500 HTTP/1.1" 200 - "-" "WordPress/6.9; https://bahiaparaisosuites.com"
136.243.228.195 - - [24/Dec/2025:07:23:50 -0500] "GET /?_g=1452107 HTTP/1.1" 200 215329 "-" "Mozilla/5.0 (compatible; DataForSeoBot/1.0; +https://dataforseo.com/dataforseo-bot)"
60.65.149.147 - - [24/Dec/2025:07:23:51 -0500] "GET /?_g=1144610 HTTP/1.1" 200 451 "https://search.yahoo.co.jp/" "Mozilla/5.0 (iPhone; CPU iPhone OS 18_6_2 like Mac OS X) AppleWebKit/605.1.15 (KHTML, like Gecko) Version/18.6 Mobile/15E148 Safari/604.1"
20.15.133.191 - - [24/Dec/2025:07:23:53 -0500] "GET /index.php/shop/pg/1SiteUse//?_g=105758 HTTP/1.1" 200 185726 "-" "Mozilla/5.0 AppleWebKit/537.36 (KHTML, like Gecko; compatible; bingbot/2.0; +http://www.bing.com/bingbot.htm) Chrome/116.0.1938.76 Safari/537.36"
136.243.228.195 - - [24/Dec/2025:07:23:54 -0500] "GET /?_g=2611952 HTTP/1.1" 200 215329 "-" "Mozilla/5.0 (compatible; DataForSeoBot/1.0; +https://dataforseo.com/dataforseo-bot)"
57.141.20.8 - - [24/Dec/2025:07:23:55 -0500] "GET /?_g=2164822 HTTP/1.1" 200 215329 "-" "meta-externalagent/1.1 (+https://developers.facebook.com/docs/sharing/webmasters/crawler)"
20.15.133.191 - - [24/Dec/2025:07:23:57 -0500] "GET /index.php//?_g=155199 HTTP/1.1" 200 183160 "-" "Mozilla/5.0 AppleWebKit/537.36 (KHTML, like Gecko; compatible; bingbot/2.0; +http://www.bing.com/bingbot.htm) Chrome/116.0.1938.76 Safari/537.36"
136.243.228.195 - - [24/Dec/2025:07:23:57 -0500] "GET /?_g=2022145 HTTP/1.1" 200 215329 "-" "Mozilla/5.0 (compatible; DataForSeoBot/1.0; +https://dataforseo.com/dataforseo-bot)"
198.50.127.198 - - [24/Dec/2025:07:24:02 -0500] "POST /wp-cron.php?doing_wp_cron=1766579042.7850499153137207031250 HTTP/1.1" 200 - "-" "WordPress/6.9; https://bahiaparaisosuites.com"
85.208.96.199 - - [24/Dec/2025:07:24:03 -0500] "GET /?_g=1472386 HTTP/1.1" 200 215329 "-" "Mozilla/5.0 (compatible; SemrushBot/7~bl; +http://www.semrush.com/bot.html)"
136.243.228.195 - - [24/Dec/2025:07:24:02 -0500] "GET /?_g=2797881 HTTP/1.1" 200 215329 "-" "Mozilla/5.0 (compatible; DataForSeoBot/1.0; +https://dataforseo.com/dataforseo-bot)"
136.243.228.195 - - [24/Dec/2025:07:24:05 -0500] "GET /?_g=593518 HTTP/1.1" 200 215329 "-" "Mozilla/5.0 (compatible; DataForSeoBot/1.0; +https://dataforseo.com/dataforseo-bot)"
198.50.127.198 - - [24/Dec/2025:07:24:09 -0500] "POST /wp-cron.php?doing_wp_cron=1766579049.9505350589752197265625 HTTP/1.1" 200 - "-" "WordPress/6.9; https://bahiaparaisosuites.com"
136.243.228.195 - - [24/Dec/2025:07:24:09 -0500] "GET /?_g=900855 HTTP/1.1" 200 215329 "-" "Mozilla/5.0 (compatible; DataForSeoBot/1.0; +https://dataforseo.com/dataforseo-bot)"
52.167.144.233 - - [24/Dec/2025:07:24:11 -0500] "GET /index.php/shop/pg/1SiteUse//?_g=690082 HTTP/1.1" 200 190653 "-" "Mozilla/5.0 AppleWebKit/537.36 (KHTML, like Gecko; compatible; bingbot/2.0; +http://www.bing.com/bingbot.htm) Chrome/116.0.1938.76 Safari/537.36"
52.167.144.233 - - [24/Dec/2025:07:24:12 -0500] "GET /index.php//?_g=2578663 HTTP/1.1" 200 187919 "-" "Mozilla/5.0 AppleWebKit/537.36 (KHTML, like Gecko; compatible; bingbot/2.0; +http://www.bing.com/bingbot.htm) Chrome/116.0.1938.76 Safari/537.36"
136.243.228.195 - - [24/Dec/2025:07:24:13 -0500] "GET /?_g=2905256 HTTP/1.1" 200 215329 "-" "Mozilla/5.0 (compatible; DataForSeoBot/1.0; +https://dataforseo.com/dataforseo-bot)"
52.167.144.166 - - [24/Dec/2025:07:24:15 -0500] "GET /index.php//?_g=2677741 HTTP/1.1" 200 184245 "-" "Mozilla/5.0 AppleWebKit/537.36 (KHTML, like Gecko; compatible; bingbot/2.0; +http://www.bing.com/bingbot.htm) Chrome/116.0.1938.76 Safari/537.36"
57.141.20.31 - - [24/Dec/2025:07:24:16 -0500] "GET /?_g=2084621 HTTP/1.1" 200 215329 "-" "meta-externalagent/1.1 (+https://developers.facebook.com/docs/sharing/webmasters/crawler)"
198.50.127.198 - - [24/Dec/2025:07:24:18 -0500] "POST /wp-cron.php?doing_wp_cron=1766579058.2707209587097167968750 HTTP/1.1" 200 - "-" "WordPress/6.9; https://bahiaparaisosuites.com"
136.243.228.195 - - [24/Dec/2025:07:24:17 -0500] "GET /?_g=1193370 HTTP/1.1" 200 215329 "-" "Mozilla/5.0 (compatible; DataForSeoBot/1.0; +https://dataforseo.com/dataforseo-bot)"
198.50.127.198 - - [24/Dec/2025:07:24:21 -0500] "POST /wp-cron.php?doing_wp_cron=1766579061.8292210102081298828125 HTTP/1.1" 200 - "-" "WordPress/6.9; https://bahiaparaisosuites.com"
136.243.228.195 - - [24/Dec/2025:07:24:21 -0500] "GET /?_g=1029307 HTTP/1.1" 200 215329 "-" "Mozilla/5.0 (compatible; DataForSeoBot/1.0; +https://dataforseo.com/dataforseo-bot)"
136.243.228.195 - - [24/Dec/2025:07:24:25 -0500] "GET /?_g=3811601 HTTP/1.1" 200 215329 "-" "Mozilla/5.0 (compatible; DataForSeoBot/1.0; +https://dataforseo.com/dataforseo-bot)"
198.50.127.198 - - [24/Dec/2025:07:24:30 -0500] "POST /wp-cron.php?doing_wp_cron=1766579070.0650949478149414062500 HTTP/1.1" 200 - "-" "WordPress/6.9; https://bahiaparaisosuites.com"
57.141.20.49 - - [24/Dec/2025:07:24:29 -0500] "GET /?_g=2159749 HTTP/1.1" 200 215329 "-" "meta-externalagent/1.1 (+https://developers.facebook.com/docs/sharing/webmasters/crawler)"
136.243.228.195 - - [24/Dec/2025:07:24:29 -0500] "GET /?_g=1847568 HTTP/1.1" 200 215329 "-" "Mozilla/5.0 (compatible; DataForSeoBot/1.0; +https://dataforseo.com/dataforseo-bot)"
185.191.171.9 - - [24/Dec/2025:07:24:33 -0500] "GET /?_g=116022 HTTP/1.1" 200 215329 "-" "Mozilla/5.0 (compatible; SemrushBot/7~bl; +http://www.semrush.com/bot.html)"
136.243.228.195 - - [24/Dec/2025:07:24:34 -0500] "GET /?_g=2580907 HTTP/1.1" 200 215329 "-" "Mozilla/5.0 (compatible; DataForSeoBot/1.0; +https://dataforseo.com/dataforseo-bot)"
136.243.228.195 - - [24/Dec/2025:07:24:38 -0500] "GET /?_g=2142812 HTTP/1.1" 200 215329 "-" "Mozilla/5.0 (compatible; DataForSeoBot/1.0; +https://dataforseo.com/dataforseo-bot)"
198.50.127.198 - - [24/Dec/2025:07:24:41 -0500] "POST /wp-cron.php?doing_wp_cron=1766579081.9329741001129150390625 HTTP/1.1" 200 - "-" "WordPress/6.9; https://bahiaparaisosuites.com"
198.50.127.198 - - [24/Dec/2025:07:24:42 -0500] "POST /wp-cron.php?doing_wp_cron=1766579082.2522749900817871093750 HTTP/1.1" 200 - "-" "WordPress/6.9; https://bahiaparaisosuites.com"
85.208.96.200 - - [24/Dec/2025:07:24:41 -0500] "GET /?_g=3334371 HTTP/1.1" 200 215329 "-" "Mozilla/5.0 (compatible; SemrushBot/7~bl; +http://www.semrush.com/bot.html)"
136.243.228.195 - - [24/Dec/2025:07:24:41 -0500] "GET /?_g=2461625 HTTP/1.1" 200 215329 "-" "Mozilla/5.0 (compatible; DataForSeoBot/1.0; +https://dataforseo.com/dataforseo-bot)"
185.191.171.17 - - [24/Dec/2025:07:24:43 -0500] "GET /?_g=1461509 HTTP/1.1" 200 215329 "-" "Mozilla/5.0 (compatible; SemrushBot/7~bl; +http://www.semrush.com/bot.html)"
136.243.228.195 - - [24/Dec/2025:07:24:46 -0500] "GET /?_g=528931 HTTP/1.1" 200 215329 "-" "Mozilla/5.0 (compatible; DataForSeoBot/1.0; +https://dataforseo.com/dataforseo-bot)"
57.141.20.8 - - [24/Dec/2025:07:24:50 -0500] "GET /?_g=3551660 HTTP/1.1" 200 215329 "-" "meta-externalagent/1.1 (+https://developers.facebook.com/docs/sharing/webmasters/crawler)"
136.243.228.195 - - [24/Dec/2025:07:24:49 -0500] "GET /?_g=1325027 HTTP/1.1" 200 215329 "-" "Mozilla/5.0 (compatible; DataForSeoBot/1.0; +https://dataforseo.com/dataforseo-bot)"
185.191.171.4 - - [24/Dec/2025:07:24:50 -0500] "GET /?_g=2747435 HTTP/1.1" 200 215329 "-" "Mozilla/5.0 (compatible; SemrushBot/7~bl; +http://www.semrush.com/bot.html)"
136.243.228.195 - - [24/Dec/2025:07:24:53 -0500] "GET /?_g=3477796 HTTP/1.1" 200 215329 "-" "Mozilla/5.0 (compatible; DataForSeoBot/1.0; +https://dataforseo.com/dataforseo-bot)"
136.243.228.195 - - [24/Dec/2025:07:24:57 -0500] "GET /?_g=1724096 HTTP/1.1" 200 215329 "-" "Mozilla/5.0 (compatible; DataForSeoBot/1.0; +https://dataforseo.com/dataforseo-bot)"
136.243.228.195 - - [24/Dec/2025:07:25:02 -0500] "GET /?_g=4065445 HTTP/1.1" 200 215329 "-" "Mozilla/5.0 (compatible; DataForSeoBot/1.0; +https://dataforseo.com/dataforseo-bot)"
185.191.171.14 - - [24/Dec/2025:07:25:06 -0500] "GET /?_g=1214689 HTTP/1.1" 200 215329 "-" "Mozilla/5.0 (compatible; SemrushBot/7~bl; +http://www.semrush.com/bot.html)"
136.243.228.195 - - [24/Dec/2025:07:25:06 -0500] "GET /?_g=141806 HTTP/1.1" 200 215329 "-" "Mozilla/5.0 (compatible; DataForSeoBot/1.0; +https://dataforseo.com/dataforseo-bot)"
57.141.20.15 - - [24/Dec/2025:07:25:10 -0500] "GET /?_g=702185 HTTP/1.1" 200 215329 "-" "meta-externalagent/1.1 (+https://developers.facebook.com/docs/sharing/webmasters/crawler)"
136.243.228.195 - - [24/Dec/2025:07:25:10 -0500] "GET /?_g=3174058 HTTP/1.1" 200 215329 "-" "Mozilla/5.0 (compatible; DataForSeoBot/1.0; +https://dataforseo.com/dataforseo-bot)"
136.243.228.195 - - [24/Dec/2025:07:25:14 -0500] "GET /?_g=1906285 HTTP/1.1" 200 215329 "-" "Mozilla/5.0 (compatible; DataForSeoBot/1.0; +https://dataforseo.com/dataforseo-bot)"
85.208.96.206 - - [24/Dec/2025:07:25:17 -0500] "GET /?_g=3398924 HTTP/1.1" 200 215329 "-" "Mozilla/5.0 (compatible; SemrushBot/7~bl; +http://www.semrush.com/bot.html)"
57.141.20.7 - - [24/Dec/2025:07:25:19 -0500] "GET /?_g=2064985 HTTP/1.1" 200 215329 "-" "meta-externalagent/1.1 (+https://developers.facebook.com/docs/sharing/webmasters/crawler)"
136.243.228.195 - - [24/Dec/2025:07:25:18 -0500] "GET /?_g=3558041 HTTP/1.1" 200 215329 "-" "Mozilla/5.0 (compatible; DataForSeoBot/1.0; +https://dataforseo.com/dataforseo-bot)"
136.243.228.195 - - [24/Dec/2025:07:25:23 -0500] "GET /?_g=2865471 HTTP/1.1" 200 215329 "-" "Mozilla/5.0 (compatible; DataForSeoBot/1.0; +https://dataforseo.com/dataforseo-bot)"
136.243.228.195 - - [24/Dec/2025:07:25:27 -0500] "GET /?_g=2582663 HTTP/1.1" 200 215329 "-" "Mozilla/5.0 (compatible; DataForSeoBot/1.0; +https://dataforseo.com/dataforseo-bot)"
136.243.228.195 - - [24/Dec/2025:07:25:31 -0500] "GET /?_g=932091 HTTP/1.1" 200 215329 "-" "Mozilla/5.0 (compatible; DataForSeoBot/1.0; +https://dataforseo.com/dataforseo-bot)"
136.243.228.195 - - [24/Dec/2025:07:25:35 -0500] "GET /?_g=2201998 HTTP/1.1" 200 215329 "-" "Mozilla/5.0 (compatible; DataForSeoBot/1.0; +https://dataforseo.com/dataforseo-bot)"
136.243.228.195 - - [24/Dec/2025:07:25:39 -0500] "GET /?_g=253094 HTTP/1.1" 200 215329 "-" "Mozilla/5.0 (compatible; DataForSeoBot/1.0; +https://dataforseo.com/dataforseo-bot)"
198.50.127.198 - - [24/Dec/2025:07:25:43 -0500] "POST /wp-cron.php?doing_wp_cron=1766579143.8325319290161132812500 HTTP/1.1" 200 - "-" "WordPress/6.9; https://bahiaparaisosuites.com"
136.243.228.195 - - [24/Dec/2025:07:25:43 -0500] "GET /?_g=1250593 HTTP/1.1" 200 215329 "-" "Mozilla/5.0 (compatible; DataForSeoBot/1.0; +https://dataforseo.com/dataforseo-bot)"
136.243.228.195 - - [24/Dec/2025:07:25:47 -0500] "GET /?_g=1703621 HTTP/1.1" 200 215329 "-" "Mozilla/5.0 (compatible; DataForSeoBot/1.0; +https://dataforseo.com/dataforseo-bot)"
198.50.127.198 - - [24/Dec/2025:07:25:52 -0500] "POST /wp-cron.php?doing_wp_cron=1766579152.3431329727172851562500 HTTP/1.1" 200 - "-" "WordPress/6.9; https://bahiaparaisosuites.com"
136.243.228.195 - - [24/Dec/2025:07:25:51 -0500] "GET /?_g=2992043 HTTP/1.1" 200 215329 "-" "Mozilla/5.0 (compatible; DataForSeoBot/1.0; +https://dataforseo.com/dataforseo-bot)"
136.243.228.195 - - [24/Dec/2025:07:25:55 -0500] "GET /?_g=3118558 HTTP/1.1" 200 215329 "-" "Mozilla/5.0 (compatible; DataForSeoBot/1.0; +https://dataforseo.com/dataforseo-bot)"
198.50.127.198 - - [24/Dec/2025:07:26:00 -0500] "POST /wp-cron.php?doing_wp_cron=1766579160.0321490764617919921875 HTTP/1.1" 200 - "-" "WordPress/6.9; https://bahiaparaisosuites.com"
136.243.228.195 - - [24/Dec/2025:07:25:59 -0500] "GET /?_g=838180 HTTP/1.1" 200 215329 "-" "Mozilla/5.0 (compatible; DataForSeoBot/1.0; +https://dataforseo.com/dataforseo-bot)"
57.141.20.24 - - [24/Dec/2025:07:26:03 -0500] "GET /?_g=3623140 HTTP/1.1" 200 215329 "-" "meta-externalagent/1.1 (+https://developers.facebook.com/docs/sharing/webmasters/crawler)"
136.243.228.195 - - [24/Dec/2025:07:26:03 -0500] "GET /?_g=1701449 HTTP/1.1" 200 215329 "-" "Mozilla/5.0 (compatible; DataForSeoBot/1.0; +https://dataforseo.com/dataforseo-bot)"
136.243.228.195 - - [24/Dec/2025:07:26:07 -0500] "GET /?_g=3929045 HTTP/1.1" 200 215329 "-" "Mozilla/5.0 (compatible; DataForSeoBot/1.0; +https://dataforseo.com/dataforseo-bot)"
198.50.127.198 - - [24/Dec/2025:07:26:10 -0500] "POST /wp-cron.php?doing_wp_cron=1766579170.0633220672607421875000 HTTP/1.1" 200 - "-" "WordPress/6.9; https://bahiaparaisosuites.com"
185.191.171.8 - - [24/Dec/2025:07:26:09 -0500] "GET /?_g=328382 HTTP/1.1" 200 215329 "-" "Mozilla/5.0 (compatible; SemrushBot/7~bl; +http://www.semrush.com/bot.html)"
136.243.228.195 - - [24/Dec/2025:07:26:11 -0500] "GET /?_g=2256938 HTTP/1.1" 200 215329 "-" "Mozilla/5.0 (compatible; DataForSeoBot/1.0; +https://dataforseo.com/dataforseo-bot)"
57.141.20.45 - - [24/Dec/2025:07:26:15 -0500] "GET /?_g=4004232 HTTP/1.1" 200 215329 "-" "meta-externalagent/1.1 (+https://developers.facebook.com/docs/sharing/webmasters/crawler)"
136.243.228.195 - - [24/Dec/2025:07:26:15 -0500] "GET /?_g=1236041 HTTP/1.1" 200 215329 "-" "Mozilla/5.0 (compatible; DataForSeoBot/1.0; +https://dataforseo.com/dataforseo-bot)"
185.191.171.3 - - [24/Dec/2025:07:26:16 -0500] "GET /?_g=490768 HTTP/1.1" 200 215329 "-" "Mozilla/5.0 (compatible; SemrushBot/7~bl; +http://www.semrush.com/bot.html)"
198.50.127.198 - - [24/Dec/2025:07:26:20 -0500] "POST /wp-cron.php?doing_wp_cron=1766579179.9957900047302246093750 HTTP/1.1" 200 - "-" "WordPress/6.9; https://bahiaparaisosuites.com"
136.243.228.195 - - [24/Dec/2025:07:26:19 -0500] "GET /?_g=293008 HTTP/1.1" 200 215329 "-" "Mozilla/5.0 (compatible; DataForSeoBot/1.0; +https://dataforseo.com/dataforseo-bot)"
136.243.228.195 - - [24/Dec/2025:07:26:23 -0500] "GET /?_g=1247888 HTTP/1.1" 200 215329 "-" "Mozilla/5.0 (compatible; DataForSeoBot/1.0; +https://dataforseo.com/dataforseo-bot)"
85.208.96.207 - - [24/Dec/2025:07:26:24 -0500] "GET /?_g=3058576 HTTP/1.1" 200 215329 "-" "Mozilla/5.0 (compatible; SemrushBot/7~bl; +http://www.semrush.com/bot.html)"
20.15.133.191 - - [24/Dec/2025:07:26:27 -0500] "GET /index.php//?_g=41452 HTTP/1.1" 200 184340 "-" "Mozilla/5.0 AppleWebKit/537.36 (KHTML, like Gecko; compatible; bingbot/2.0; +http://www.bing.com/bingbot.htm) Chrome/116.0.1938.76 Safari/537.36"
136.243.228.195 - - [24/Dec/2025:07:26:27 -0500] "GET /?_g=1964527 HTTP/1.1" 200 215329 "-" "Mozilla/5.0 (compatible; DataForSeoBot/1.0; +https://dataforseo.com/dataforseo-bot)"
198.50.127.198 - - [24/Dec/2025:07:26:31 -0500] "POST /wp-cron.php?doing_wp_cron=1766579190.9973590373992919921875 HTTP/1.1" 200 - "-" "WordPress/6.9; https://bahiaparaisosuites.com"
185.191.171.9 - - [24/Dec/2025:07:26:30 -0500] "GET /?_g=3899100 HTTP/1.1" 200 215329 "-" "Mozilla/5.0 (compatible; SemrushBot/7~bl; +http://www.semrush.com/bot.html)"
136.243.228.195 - - [24/Dec/2025:07:26:31 -0500] "GET /?_g=517494 HTTP/1.1" 200 215329 "-" "Mozilla/5.0 (compatible; DataForSeoBot/1.0; +https://dataforseo.com/dataforseo-bot)"
185.191.171.4 - - [24/Dec/2025:07:26:33 -0500] "GET /?_g=990499 HTTP/1.1" 200 215329 "-" "Mozilla/5.0 (compatible; SemrushBot/7~bl; +http://www.semrush.com/bot.html)"
136.243.228.195 - - [24/Dec/2025:07:26:35 -0500] "GET /?_g=1641340 HTTP/1.1" 200 215329 "-" "Mozilla/5.0 (compatible; DataForSeoBot/1.0; +https://dataforseo.com/dataforseo-bot)"
198.50.127.198 - - [24/Dec/2025:07:26:40 -0500] "POST /wp-cron.php?doing_wp_cron=1766579200.0938699245452880859375 HTTP/1.1" 200 - "-" "WordPress/6.9; https://bahiaparaisosuites.com"
136.243.228.195 - - [24/Dec/2025:07:26:39 -0500] "GET /?_g=686053 HTTP/1.1" 200 215329 "-" "Mozilla/5.0 (compatible; DataForSeoBot/1.0; +https://dataforseo.com/dataforseo-bot)"
136.243.228.195 - - [24/Dec/2025:07:26:44 -0500] "GET /?_g=2701428 HTTP/1.1" 200 215329 "-" "Mozilla/5.0 (compatible; DataForSeoBot/1.0; +https://dataforseo.com/dataforseo-bot)"
85.208.96.201 - - [24/Dec/2025:07:26:48 -0500] "GET /?_g=2299720 HTTP/1.1" 200 215329 "-" "Mozilla/5.0 (compatible; SemrushBot/7~bl; +http://www.semrush.com/bot.html)"
136.243.228.195 - - [24/Dec/2025:07:26:47 -0500] "GET /?_g=179355 HTTP/1.1" 200 215329 "-" "Mozilla/5.0 (compatible; DataForSeoBot/1.0; +https://dataforseo.com/dataforseo-bot)"
198.50.127.198 - - [24/Dec/2025:07:26:50 -0500] "POST /wp-cron.php?doing_wp_cron=1766579210.5855700969696044921875 HTTP/1.1" 200 - "-" "WordPress/6.9; https://bahiaparaisosuites.com"
85.208.96.199 - - [24/Dec/2025:07:26:50 -0500] "GET /?_g=2938649 HTTP/1.1" 200 215329 "-" "Mozilla/5.0 (compatible; SemrushBot/7~bl; +http://www.semrush.com/bot.html)"
85.208.96.208 - - [24/Dec/2025:07:26:51 -0500] "GET /?_g=3128835 HTTP/1.1" 200 215329 "-" "Mozilla/5.0 (compatible; SemrushBot/7~bl; +http://www.semrush.com/bot.html)"
136.243.228.195 - - [24/Dec/2025:07:26:51 -0500] "GET /?_g=3988479 HTTP/1.1" 200 215329 "-" "Mozilla/5.0 (compatible; DataForSeoBot/1.0; +https://dataforseo.com/dataforseo-bot)"
185.191.171.6 - - [24/Dec/2025:07:26:53 -0500] "GET /?_g=1281118 HTTP/1.1" 200 215329 "-" "Mozilla/5.0 (compatible; SemrushBot/7~bl; +http://www.semrush.com/bot.html)"
57.141.20.11 - - [24/Dec/2025:07:26:54 -0500] "GET /?_g=627529 HTTP/1.1" 200 215329 "-" "meta-externalagent/1.1 (+https://developers.facebook.com/docs/sharing/webmasters/crawler)"
185.191.171.8 - - [24/Dec/2025:07:26:55 -0500] "GET /?_g=2363369 HTTP/1.1" 200 215329 "-" "Mozilla/5.0 (compatible; SemrushBot/7~bl; +http://www.semrush.com/bot.html)"
85.208.96.200 - - [24/Dec/2025:07:26:56 -0500] "GET /robots.txt HTTP/1.1" 200 1257 "-" "Mozilla/5.0 (compatible; SemrushBot/7~bl; +http://www.semrush.com/bot.html)"
136.243.228.195 - - [24/Dec/2025:07:26:56 -0500] "GET /?_g=277529 HTTP/1.1" 200 215329 "-" "Mozilla/5.0 (compatible; DataForSeoBot/1.0; +https://dataforseo.com/dataforseo-bot)"
198.50.127.198 - - [24/Dec/2025:07:26:59 -0500] "POST /wp-cron.php?doing_wp_cron=1766579219.6350989341735839843750 HTTP/1.1" 200 - "-" "WordPress/6.9; https://bahiaparaisosuites.com"
57.141.20.6 - - [24/Dec/2025:07:26:59 -0500] "GET /?_g=1148316 HTTP/1.1" 200 215329 "-" "meta-externalagent/1.1 (+https://developers.facebook.com/docs/sharing/webmasters/crawler)"
136.243.228.195 - - [24/Dec/2025:07:26:59 -0500] "GET /?_g=3458877 HTTP/1.1" 200 215329 "-" "Mozilla/5.0 (compatible; DataForSeoBot/1.0; +https://dataforseo.com/dataforseo-bot)"
136.243.228.195 - - [24/Dec/2025:07:27:03 -0500] "GET /?_g=3192541 HTTP/1.1" 200 215329 "-" "Mozilla/5.0 (compatible; DataForSeoBot/1.0; +https://dataforseo.com/dataforseo-bot)"
185.191.171.9 - - [24/Dec/2025:07:27:04 -0500] "GET /?_g=3744027 HTTP/1.1" 200 215329 "-" "Mozilla/5.0 (compatible; SemrushBot/7~bl; +http://www.semrush.com/bot.html)"
136.243.228.195 - - [24/Dec/2025:07:27:07 -0500] "GET /?_g=2807122 HTTP/1.1" 200 215329 "-" "Mozilla/5.0 (compatible; DataForSeoBot/1.0; +https://dataforseo.com/dataforseo-bot)"
198.50.127.198 - - [24/Dec/2025:07:27:12 -0500] "POST /wp-cron.php?doing_wp_cron=1766579232.3313748836517333984375 HTTP/1.1" 200 - "-" "WordPress/6.9; https://bahiaparaisosuites.com"
136.243.228.195 - - [24/Dec/2025:07:27:11 -0500] "GET /?_g=2161421 HTTP/1.1" 200 215329 "-" "Mozilla/5.0 (compatible; DataForSeoBot/1.0; +https://dataforseo.com/dataforseo-bot)"
136.243.228.195 - - [24/Dec/2025:07:27:16 -0500] "GET /?_g=3869658 HTTP/1.1" 200 215329 "-" "Mozilla/5.0 (compatible; DataForSeoBot/1.0; +https://dataforseo.com/dataforseo-bot)"
136.243.228.195 - - [24/Dec/2025:07:27:20 -0500] "GET /?_g=1028694 HTTP/1.1" 200 215329 "-" "Mozilla/5.0 (compatible; DataForSeoBot/1.0; +https://dataforseo.com/dataforseo-bot)"
136.243.228.195 - - [24/Dec/2025:07:27:23 -0500] "GET /?_g=3052521 HTTP/1.1" 200 215329 "-" "Mozilla/5.0 (compatible; DataForSeoBot/1.0; +https://dataforseo.com/dataforseo-bot)"
136.243.228.195 - - [24/Dec/2025:07:27:27 -0500] "GET /?_g=2953824 HTTP/1.1" 200 215329 "-" "Mozilla/5.0 (compatible; DataForSeoBot/1.0; +https://dataforseo.com/dataforseo-bot)"
136.243.228.195 - - [24/Dec/2025:07:27:31 -0500] "GET /?_g=1284653 HTTP/1.1" 200 215329 "-" "Mozilla/5.0 (compatible; DataForSeoBot/1.0; +https://dataforseo.com/dataforseo-bot)"
136.243.228.195 - - [24/Dec/2025:07:27:35 -0500] "GET /?_g=1486375 HTTP/1.1" 200 215329 "-" "Mozilla/5.0 (compatible; DataForSeoBot/1.0; +https://dataforseo.com/dataforseo-bot)"
85.208.96.197 - - [24/Dec/2025:07:27:39 -0500] "GET /?_g=1929965 HTTP/1.1" 200 215329 "-" "Mozilla/5.0 (compatible; SemrushBot/7~bl; +http://www.semrush.com/bot.html)"
136.243.228.195 - - [24/Dec/2025:07:27:39 -0500] "GET /?_g=764504 HTTP/1.1" 200 215329 "-" "Mozilla/5.0 (compatible; DataForSeoBot/1.0; +https://dataforseo.com/dataforseo-bot)"
136.243.228.195 - - [24/Dec/2025:07:27:44 -0500] "GET /?_g=428910 HTTP/1.1" 200 215329 "-" "Mozilla/5.0 (compatible; DataForSeoBot/1.0; +https://dataforseo.com/dataforseo-bot)"
57.141.20.13 - - [24/Dec/2025:07:27:49 -0500] "GET /?_g=1282936 HTTP/1.1" 200 215329 "-" "meta-externalagent/1.1 (+https://developers.facebook.com/docs/sharing/webmasters/crawler)"
136.243.228.195 - - [24/Dec/2025:07:27:48 -0500] "GET /?_g=662502 HTTP/1.1" 200 215329 "-" "Mozilla/5.0 (compatible; DataForSeoBot/1.0; +https://dataforseo.com/dataforseo-bot)"
136.243.228.195 - - [24/Dec/2025:07:27:52 -0500] "GET /?_g=554938 HTTP/1.1" 200 215329 "-" "Mozilla/5.0 (compatible; DataForSeoBot/1.0; +https://dataforseo.com/dataforseo-bot)"
136.243.228.195 - - [24/Dec/2025:07:27:56 -0500] "GET /?_g=2849571 HTTP/1.1" 200 215329 "-" "Mozilla/5.0 (compatible; DataForSeoBot/1.0; +https://dataforseo.com/dataforseo-bot)"
66.249.64.42 - - [24/Dec/2025:07:28:00 -0500] "GET /548448857 HTTP/1.1" 200 188330 "-" "Mozilla/5.0 (Linux; Android 6.0.1; Nexus 5X Build/MMB29P) AppleWebKit/537.36 (KHTML, like Gecko) Chrome/141.0.7390.122 Mobile Safari/537.36 (compatible; Googlebot/2.1; +http://www.google.com/bot.html)"
185.191.171.19 - - [24/Dec/2025:07:28:01 -0500] "GET /?_g=342184 HTTP/1.1" 200 215329 "-" "Mozilla/5.0 (compatible; SemrushBot/7~bl; +http://www.semrush.com/bot.html)"
136.243.228.195 - - [24/Dec/2025:07:28:00 -0500] "GET /?_g=1220 HTTP/1.1" 200 215329 "-" "Mozilla/5.0 (compatible; DataForSeoBot/1.0; +https://dataforseo.com/dataforseo-bot)"
136.243.228.195 - - [24/Dec/2025:07:28:05 -0500] "GET /?_g=1089072 HTTP/1.1" 200 215329 "-" "Mozilla/5.0 (compatible; DataForSeoBot/1.0; +https://dataforseo.com/dataforseo-bot)"
136.243.228.195 - - [24/Dec/2025:07:28:08 -0500] "GET /?_g=1084346 HTTP/1.1" 200 215329 "-" "Mozilla/5.0 (compatible; DataForSeoBot/1.0; +https://dataforseo.com/dataforseo-bot)"
136.243.228.195 - - [24/Dec/2025:07:28:12 -0500] "GET /?_g=2471340 HTTP/1.1" 200 215329 "-" "Mozilla/5.0 (compatible; DataForSeoBot/1.0; +https://dataforseo.com/dataforseo-bot)"
57.141.20.50 - - [24/Dec/2025:07:28:15 -0500] "GET /?_g=2316376 HTTP/1.1" 200 215329 "-" "meta-externalagent/1.1 (+https://developers.facebook.com/docs/sharing/webmasters/crawler)"
136.243.228.195 - - [24/Dec/2025:07:28:16 -0500] "GET /?_g=300845 HTTP/1.1" 200 215329 "-" "Mozilla/5.0 (compatible; DataForSeoBot/1.0; +https://dataforseo.com/dataforseo-bot)"
185.191.171.1 - - [24/Dec/2025:07:28:18 -0500] "GET /?_g=3502983 HTTP/1.1" 200 215329 "-" "Mozilla/5.0 (compatible; SemrushBot/7~bl; +http://www.semrush.com/bot.html)"
198.50.127.198 - - [24/Dec/2025:07:28:21 -0500] "POST /wp-cron.php?doing_wp_cron=1766579301.0413100719451904296875 HTTP/1.1" 200 - "-" "WordPress/6.9; https://bahiaparaisosuites.com"
136.243.228.195 - - [24/Dec/2025:07:28:20 -0500] "GET /?_g=967485 HTTP/1.1" 200 215329 "-" "Mozilla/5.0 (compatible; DataForSeoBot/1.0; +https://dataforseo.com/dataforseo-bot)"
136.243.228.195 - - [24/Dec/2025:07:28:24 -0500] "GET /?_g=1463667 HTTP/1.1" 200 215329 "-" "Mozilla/5.0 (compatible; DataForSeoBot/1.0; +https://dataforseo.com/dataforseo-bot)"
85.208.96.210 - - [24/Dec/2025:07:28:27 -0500] "GET /?_g=2313157 HTTP/1.1" 200 215329 "-" "Mozilla/5.0 (compatible; SemrushBot/7~bl; +http://www.semrush.com/bot.html)"
198.50.127.198 - - [24/Dec/2025:07:28:29 -0500] "POST /wp-cron.php?doing_wp_cron=1766579309.7842240333557128906250 HTTP/1.1" 200 - "-" "WordPress/6.9; https://bahiaparaisosuites.com"
136.243.228.195 - - [24/Dec/2025:07:28:29 -0500] "GET /?_g=1341607 HTTP/1.1" 200 215329 "-" "Mozilla/5.0 (compatible; DataForSeoBot/1.0; +https://dataforseo.com/dataforseo-bot)"
136.243.228.195 - - [24/Dec/2025:07:28:33 -0500] "GET /?_g=1554460 HTTP/1.1" 200 215329 "-" "Mozilla/5.0 (compatible; DataForSeoBot/1.0; +https://dataforseo.com/dataforseo-bot)"
40.77.167.25 - - [24/Dec/2025:07:28:35 -0500] "GET /index.php/shop/pg/1SiteUse//?_g=588343 HTTP/1.1" 200 184199 "-" "Mozilla/5.0 AppleWebKit/537.36 (KHTML, like Gecko; compatible; bingbot/2.0; +http://www.bing.com/bingbot.htm) Chrome/116.0.1938.76 Safari/537.36"
136.243.228.195 - - [24/Dec/2025:07:28:37 -0500] "GET /?_g=1573471 HTTP/1.1" 200 215329 "-" "Mozilla/5.0 (compatible; DataForSeoBot/1.0; +https://dataforseo.com/dataforseo-bot)"
198.50.127.198 - - [24/Dec/2025:07:28:41 -0500] "POST /wp-cron.php?doing_wp_cron=1766579321.9257340431213378906250 HTTP/1.1" 200 - "-" "WordPress/6.9; https://bahiaparaisosuites.com"
136.243.228.195 - - [24/Dec/2025:07:28:41 -0500] "GET /?_g=1173599 HTTP/1.1" 200 215329 "-" "Mozilla/5.0 (compatible; DataForSeoBot/1.0; +https://dataforseo.com/dataforseo-bot)"
198.50.127.198 - - [24/Dec/2025:07:28:45 -0500] "POST /wp-cron.php?doing_wp_cron=1766579325.8308069705963134765625 HTTP/1.1" 200 - "-" "WordPress/6.9; https://bahiaparaisosuites.com"
185.191.171.16 - - [24/Dec/2025:07:28:45 -0500] "GET /?_g=2207354 HTTP/1.1" 200 215329 "-" "Mozilla/5.0 (compatible; SemrushBot/7~bl; +http://www.semrush.com/bot.html)"
136.243.228.195 - - [24/Dec/2025:07:28:45 -0500] "GET /?_g=2772943 HTTP/1.1" 200 215329 "-" "Mozilla/5.0 (compatible; DataForSeoBot/1.0; +https://dataforseo.com/dataforseo-bot)"
198.50.127.198 - - [24/Dec/2025:07:28:50 -0500] "POST /wp-cron.php?doing_wp_cron=1766579330.0113110542297363281250 HTTP/1.1" 200 - "-" "WordPress/6.9; https://bahiaparaisosuites.com"
136.243.228.195 - - [24/Dec/2025:07:28:49 -0500] "GET /?_g=391881 HTTP/1.1" 200 215329 "-" "Mozilla/5.0 (compatible; DataForSeoBot/1.0; +https://dataforseo.com/dataforseo-bot)"
136.243.228.195 - - [24/Dec/2025:07:28:54 -0500] "GET /?_g=1894762 HTTP/1.1" 200 215329 "-" "Mozilla/5.0 (compatible; DataForSeoBot/1.0; +https://dataforseo.com/dataforseo-bot)"
136.243.228.195 - - [24/Dec/2025:07:28:58 -0500] "GET /?_g=2959256 HTTP/1.1" 200 215329 "-" "Mozilla/5.0 (compatible; DataForSeoBot/1.0; +https://dataforseo.com/dataforseo-bot)"
198.50.127.198 - - [24/Dec/2025:07:29:01 -0500] "POST /wp-cron.php?doing_wp_cron=1766579341.4457349777221679687500 HTTP/1.1" 200 - "-" "WordPress/6.9; https://bahiaparaisosuites.com"
185.191.171.3 - - [24/Dec/2025:07:29:00 -0500] "GET /?_g=2278583 HTTP/1.1" 200 215329 "-" "Mozilla/5.0 (compatible; SemrushBot/7~bl; +http://www.semrush.com/bot.html)"
185.191.171.19 - - [24/Dec/2025:07:29:02 -0500] "GET /?_g=562286 HTTP/1.1" 200 215329 "-" "Mozilla/5.0 (compatible; SemrushBot/7~bl; +http://www.semrush.com/bot.html)"
136.243.228.195 - - [24/Dec/2025:07:29:02 -0500] "GET /?_g=1751574 HTTP/1.1" 200 215329 "-" "Mozilla/5.0 (compatible; DataForSeoBot/1.0; +https://dataforseo.com/dataforseo-bot)"
136.243.228.195 - - [24/Dec/2025:07:29:06 -0500] "GET /?_g=1795453 HTTP/1.1" 200 215329 "-" "Mozilla/5.0 (compatible; DataForSeoBot/1.0; +https://dataforseo.com/dataforseo-bot)"
207.46.13.107 - - [24/Dec/2025:07:29:07 -0500] "GET /index.php/shop/pg/1005024010//?_g=1315595 HTTP/1.1" 200 186958 "-" "Mozilla/5.0 AppleWebKit/537.36 (KHTML, like Gecko; compatible; bingbot/2.0; +http://www.bing.com/bingbot.htm) Chrome/116.0.1938.76 Safari/537.36"
198.50.127.198 - - [24/Dec/2025:07:29:11 -0500] "POST /wp-cron.php?doing_wp_cron=1766579351.5789630413055419921875 HTTP/1.1" 200 - "-" "WordPress/6.9; https://bahiaparaisosuites.com"
136.243.228.195 - - [24/Dec/2025:07:29:11 -0500] "GET /?_g=83262 HTTP/1.1" 200 215329 "-" "Mozilla/5.0 (compatible; DataForSeoBot/1.0; +https://dataforseo.com/dataforseo-bot)"
136.243.228.195 - - [24/Dec/2025:07:29:15 -0500] "GET /?_g=3619750 HTTP/1.1" 200 215329 "-" "Mozilla/5.0 (compatible; DataForSeoBot/1.0; +https://dataforseo.com/dataforseo-bot)"
198.50.127.198 - - [24/Dec/2025:07:29:19 -0500] "POST /wp-cron.php?doing_wp_cron=1766579359.8440420627593994140625 HTTP/1.1" 200 - "-" "WordPress/6.9; https://bahiaparaisosuites.com"
136.243.228.195 - - [24/Dec/2025:07:29:19 -0500] "GET /?_g=1728495 HTTP/1.1" 200 215329 "-" "Mozilla/5.0 (compatible; DataForSeoBot/1.0; +https://dataforseo.com/dataforseo-bot)"
136.243.228.195 - - [24/Dec/2025:07:29:23 -0500] "GET /?_g=485271 HTTP/1.1" 200 215329 "-" "Mozilla/5.0 (compatible; DataForSeoBot/1.0; +https://dataforseo.com/dataforseo-bot)"
136.243.228.195 - - [24/Dec/2025:07:29:27 -0500] "GET /?_g=3247039 HTTP/1.1" 200 215329 "-" "Mozilla/5.0 (compatible; DataForSeoBot/1.0; +https://dataforseo.com/dataforseo-bot)"
198.50.127.198 - - [24/Dec/2025:07:29:31 -0500] "POST /wp-cron.php?doing_wp_cron=1766579371.7921669483184814453125 HTTP/1.1" 200 - "-" "WordPress/6.9; https://bahiaparaisosuites.com"
85.208.96.211 - - [24/Dec/2025:07:29:31 -0500] "GET /?_g=2650254 HTTP/1.1" 200 215329 "-" "Mozilla/5.0 (compatible; SemrushBot/7~bl; +http://www.semrush.com/bot.html)"
136.243.228.195 - - [24/Dec/2025:07:29:31 -0500] "GET /?_g=1016820 HTTP/1.1" 200 215329 "-" "Mozilla/5.0 (compatible; DataForSeoBot/1.0; +https://dataforseo.com/dataforseo-bot)"
185.191.171.19 - - [24/Dec/2025:07:29:35 -0500] "GET /?_g=2944381 HTTP/1.1" 200 215329 "-" "Mozilla/5.0 (compatible; SemrushBot/7~bl; +http://www.semrush.com/bot.html)"
136.243.228.195 - - [24/Dec/2025:07:29:35 -0500] "GET /?_g=2166007 HTTP/1.1" 200 215329 "-" "Mozilla/5.0 (compatible; DataForSeoBot/1.0; +https://dataforseo.com/dataforseo-bot)"
198.50.127.198 - - [24/Dec/2025:07:29:39 -0500] "POST /wp-cron.php?doing_wp_cron=1766579379.9455990791320800781250 HTTP/1.1" 200 - "-" "WordPress/6.9; https://bahiaparaisosuites.com"
136.243.228.195 - - [24/Dec/2025:07:29:39 -0500] "GET /?_g=3659277 HTTP/1.1" 200 215329 "-" "Mozilla/5.0 (compatible; DataForSeoBot/1.0; +https://dataforseo.com/dataforseo-bot)"
136.243.228.195 - - [24/Dec/2025:07:29:43 -0500] "GET /?_g=3649674 HTTP/1.1" 200 215329 "-" "Mozilla/5.0 (compatible; DataForSeoBot/1.0; +https://dataforseo.com/dataforseo-bot)"
85.208.96.194 - - [24/Dec/2025:07:29:45 -0500] "GET /?_g=2304805 HTTP/1.1" 200 215329 "-" "Mozilla/5.0 (compatible; SemrushBot/7~bl; +http://www.semrush.com/bot.html)"
136.243.228.195 - - [24/Dec/2025:07:29:47 -0500] "GET /?_g=2368662 HTTP/1.1" 200 215329 "-" "Mozilla/5.0 (compatible; DataForSeoBot/1.0; +https://dataforseo.com/dataforseo-bot)"
198.50.127.198 - - [24/Dec/2025:07:29:51 -0500] "POST /wp-cron.php?doing_wp_cron=1766579391.7740089893341064453125 HTTP/1.1" 200 - "-" "WordPress/6.9; https://bahiaparaisosuites.com"
198.50.127.198 - - [24/Dec/2025:07:30:13 -0500] "POST /wp-cron.php?doing_wp_cron=1766579413.3114919662475585937500 HTTP/1.1" 200 - "-" "WordPress/6.9; https://bahiaparaisosuites.com"
85.208.96.210 - - [24/Dec/2025:07:30:12 -0500] "GET /?_g=3033400 HTTP/1.1" 200 215329 "-" "Mozilla/5.0 (compatible; SemrushBot/7~bl; +http://www.semrush.com/bot.html)"
198.50.127.198 - - [24/Dec/2025:07:30:18 -0500] "POST /wp-cron.php?doing_wp_cron=1766579418.9589340686798095703125 HTTP/1.1" 200 - "-" "WordPress/6.9; https://bahiaparaisosuites.com"
57.141.20.44 - - [24/Dec/2025:07:30:18 -0500] "GET /?_g=1556647 HTTP/1.1" 200 215329 "-" "meta-externalagent/1.1 (+https://developers.facebook.com/docs/sharing/webmasters/crawler)"
85.208.96.194 - - [24/Dec/2025:07:30:20 -0500] "GET /?_g=3693506 HTTP/1.1" 200 215329 "-" "Mozilla/5.0 (compatible; SemrushBot/7~bl; +http://www.semrush.com/bot.html)"
185.191.171.14 - - [24/Dec/2025:07:30:23 -0500] "GET /?_g=3833686 HTTP/1.1" 200 215329 "-" "Mozilla/5.0 (compatible; SemrushBot/7~bl; +http://www.semrush.com/bot.html)"
198.50.127.198 - - [24/Dec/2025:07:30:36 -0500] "POST /wp-cron.php?doing_wp_cron=1766579436.1851730346679687500000 HTTP/1.1" 200 - "-" "WordPress/6.9; https://bahiaparaisosuites.com"
57.141.20.50 - - [24/Dec/2025:07:30:35 -0500] "GET /?_g=2849067 HTTP/1.1" 200 215329 "-" "meta-externalagent/1.1 (+https://developers.facebook.com/docs/sharing/webmasters/crawler)"
198.50.127.198 - - [24/Dec/2025:07:30:40 -0500] "POST /wp-cron.php?doing_wp_cron=1766579440.7049310207366943359375 HTTP/1.1" 200 - "-" "WordPress/6.9; https://bahiaparaisosuites.com"
185.191.171.15 - - [24/Dec/2025:07:30:40 -0500] "GET /?_g=2677986 HTTP/1.1" 200 215329 "-" "Mozilla/5.0 (compatible; SemrushBot/7~bl; +http://www.semrush.com/bot.html)"
136.243.228.195 - - [24/Dec/2025:07:29:51 -0500] "GET /?_g=2632332 HTTP/1.1" 200 172016 "-" "Mozilla/5.0 (compatible; DataForSeoBot/1.0; +https://dataforseo.com/dataforseo-bot)"
136.243.228.195 - - [24/Dec/2025:07:30:42 -0500] "GET /?_g=2596686 HTTP/1.1" 200 215329 "-" "Mozilla/5.0 (compatible; DataForSeoBot/1.0; +https://dataforseo.com/dataforseo-bot)"
57.141.20.39 - - [24/Dec/2025:07:30:44 -0500] "GET /?_g=3144838 HTTP/1.1" 200 215329 "-" "meta-externalagent/1.1 (+https://developers.facebook.com/docs/sharing/webmasters/crawler)"
136.243.228.195 - - [24/Dec/2025:07:30:46 -0500] "GET /?_g=22155 HTTP/1.1" 200 215329 "-" "Mozilla/5.0 (compatible; DataForSeoBot/1.0; +https://dataforseo.com/dataforseo-bot)"
198.50.127.198 - - [24/Dec/2025:07:30:51 -0500] "POST /wp-cron.php?doing_wp_cron=1766579451.4289009571075439453125 HTTP/1.1" 200 - "-" "WordPress/6.9; https://bahiaparaisosuites.com"
198.50.127.198 - - [24/Dec/2025:07:30:51 -0500] "POST /wp-cron.php?doing_wp_cron=1766579451.6973559856414794921875 HTTP/1.1" 200 - "-" "WordPress/6.9; https://bahiaparaisosuites.com"
85.208.96.194 - - [24/Dec/2025:07:30:51 -0500] "GET /?_g=1107816 HTTP/1.1" 200 215329 "-" "Mozilla/5.0 (compatible; SemrushBot/7~bl; +http://www.semrush.com/bot.html)"
136.243.228.195 - - [24/Dec/2025:07:30:51 -0500] "GET /?_g=524177 HTTP/1.1" 200 215329 "-" "Mozilla/5.0 (compatible; DataForSeoBot/1.0; +https://dataforseo.com/dataforseo-bot)"
185.191.171.10 - - [24/Dec/2025:07:30:53 -0500] "GET /?_g=3767585 HTTP/1.1" 200 215329 "-" "Mozilla/5.0 (compatible; SemrushBot/7~bl; +http://www.semrush.com/bot.html)"
136.243.228.195 - - [24/Dec/2025:07:30:54 -0500] "GET /?_g=3423365 HTTP/1.1" 200 215329 "-" "Mozilla/5.0 (compatible; DataForSeoBot/1.0; +https://dataforseo.com/dataforseo-bot)"
136.243.228.195 - - [24/Dec/2025:07:30:59 -0500] "GET /?_g=2160621 HTTP/1.1" 200 215329 "-" "Mozilla/5.0 (compatible; DataForSeoBot/1.0; +https://dataforseo.com/dataforseo-bot)"
85.208.96.197 - - [24/Dec/2025:07:31:01 -0500] "GET /?_g=1343288 HTTP/1.1" 200 215329 "-" "Mozilla/5.0 (compatible; SemrushBot/7~bl; +http://www.semrush.com/bot.html)"
136.243.228.195 - - [24/Dec/2025:07:31:03 -0500] "GET /?_g=3511906 HTTP/1.1" 200 215329 "-" "Mozilla/5.0 (compatible; DataForSeoBot/1.0; +https://dataforseo.com/dataforseo-bot)"
185.191.171.18 - - [24/Dec/2025:07:31:04 -0500] "GET /?_g=3065296 HTTP/1.1" 200 215329 "-" "Mozilla/5.0 (compatible; SemrushBot/7~bl; +http://www.semrush.com/bot.html)"
136.243.228.195 - - [24/Dec/2025:07:31:06 -0500] "GET /?_g=3640833 HTTP/1.1" 200 215329 "-" "Mozilla/5.0 (compatible; DataForSeoBot/1.0; +https://dataforseo.com/dataforseo-bot)"
136.243.228.195 - - [24/Dec/2025:07:31:10 -0500] "GET /?_g=312622 HTTP/1.1" 200 215329 "-" "Mozilla/5.0 (compatible; DataForSeoBot/1.0; +https://dataforseo.com/dataforseo-bot)"
136.243.228.195 - - [24/Dec/2025:07:31:15 -0500] "GET /?_g=141229 HTTP/1.1" 200 215329 "-" "Mozilla/5.0 (compatible; DataForSeoBot/1.0; +https://dataforseo.com/dataforseo-bot)"
136.243.228.195 - - [24/Dec/2025:07:31:18 -0500] "GET /?_g=3590782 HTTP/1.1" 200 215329 "-" "Mozilla/5.0 (compatible; DataForSeoBot/1.0; +https://dataforseo.com/dataforseo-bot)"
136.243.228.195 - - [24/Dec/2025:07:31:22 -0500] "GET /?_g=2239190 HTTP/1.1" 200 215329 "-" "Mozilla/5.0 (compatible; DataForSeoBot/1.0; +https://dataforseo.com/dataforseo-bot)"
136.243.228.195 - - [24/Dec/2025:07:31:27 -0500] "GET /?_g=3550100 HTTP/1.1" 200 215329 "-" "Mozilla/5.0 (compatible; DataForSeoBot/1.0; +https://dataforseo.com/dataforseo-bot)"
136.243.228.195 - - [24/Dec/2025:07:31:30 -0500] "GET /?_g=3561316 HTTP/1.1" 200 215329 "-" "Mozilla/5.0 (compatible; DataForSeoBot/1.0; +https://dataforseo.com/dataforseo-bot)"
85.208.96.205 - - [24/Dec/2025:07:31:34 -0500] "GET /?_g=981572 HTTP/1.1" 200 215329 "-" "Mozilla/5.0 (compatible; SemrushBot/7~bl; +http://www.semrush.com/bot.html)"
136.243.228.195 - - [24/Dec/2025:07:31:34 -0500] "GET /?_g=1967225 HTTP/1.1" 200 215329 "-" "Mozilla/5.0 (compatible; DataForSeoBot/1.0; +https://dataforseo.com/dataforseo-bot)"
185.191.171.7 - - [24/Dec/2025:07:31:36 -0500] "GET /?_g=4002515 HTTP/1.1" 200 215329 "-" "Mozilla/5.0 (compatible; SemrushBot/7~bl; +http://www.semrush.com/bot.html)"
57.141.20.23 - - [24/Dec/2025:07:31:39 -0500] "GET /?_g=3410250 HTTP/1.1" 200 215329 "-" "meta-externalagent/1.1 (+https://developers.facebook.com/docs/sharing/webmasters/crawler)"
136.243.228.195 - - [24/Dec/2025:07:31:38 -0500] "GET /?_g=3465299 HTTP/1.1" 200 215329 "-" "Mozilla/5.0 (compatible; DataForSeoBot/1.0; +https://dataforseo.com/dataforseo-bot)"
136.243.228.195 - - [24/Dec/2025:07:31:42 -0500] "GET /?_g=2963576 HTTP/1.1" 200 215329 "-" "Mozilla/5.0 (compatible; DataForSeoBot/1.0; +https://dataforseo.com/dataforseo-bot)"
136.243.228.195 - - [24/Dec/2025:07:31:46 -0500] "GET /?_g=1467069 HTTP/1.1" 200 215329 "-" "Mozilla/5.0 (compatible; DataForSeoBot/1.0; +https://dataforseo.com/dataforseo-bot)"
136.243.228.195 - - [24/Dec/2025:07:31:50 -0500] "GET /?_g=3917383 HTTP/1.1" 200 215329 "-" "Mozilla/5.0 (compatible; DataForSeoBot/1.0; +https://dataforseo.com/dataforseo-bot)"
198.50.127.198 - - [24/Dec/2025:07:31:53 -0500] "POST /wp-cron.php?doing_wp_cron=1766579513.8368079662322998046875 HTTP/1.1" 200 - "-" "WordPress/6.9; https://bahiaparaisosuites.com"
185.191.171.9 - - [24/Dec/2025:07:31:53 -0500] "GET /?_g=2454309 HTTP/1.1" 200 215329 "-" "Mozilla/5.0 (compatible; SemrushBot/7~bl; +http://www.semrush.com/bot.html)"
136.243.228.195 - - [24/Dec/2025:07:31:54 -0500] "GET /?_g=96630 HTTP/1.1" 200 215329 "-" "Mozilla/5.0 (compatible; DataForSeoBot/1.0; +https://dataforseo.com/dataforseo-bot)"
60.154.118.168 - - [24/Dec/2025:07:31:56 -0500] "GET /?_g=3083994 HTTP/1.1" 200 433 "https://www.google.com/" "Mozilla/5.0 (iPhone; CPU iPhone OS 18_6_2 like Mac OS X) AppleWebKit/605.1.15 (KHTML, like Gecko) Version/18.6 Mobile/15E148 Safari/604.1"
185.191.171.14 - - [24/Dec/2025:07:31:58 -0500] "GET /?_g=3982764 HTTP/1.1" 200 215329 "-" "Mozilla/5.0 (compatible; SemrushBot/7~bl; +http://www.semrush.com/bot.html)"
207.46.13.107 - - [24/Dec/2025:07:31:58 -0500] "GET /index.php//?_g=272601 HTTP/1.1" 200 188241 "-" "Mozilla/5.0 AppleWebKit/537.36 (KHTML, like Gecko; compatible; bingbot/2.0; +http://www.bing.com/bingbot.htm) Chrome/116.0.1938.76 Safari/537.36"
198.50.127.198 - - [24/Dec/2025:07:31:59 -0500] "POST /wp-cron.php?doing_wp_cron=1766579519.1397609710693359375000 HTTP/1.1" 200 - "-" "WordPress/6.9; https://bahiaparaisosuites.com"
207.46.13.107 - - [24/Dec/2025:07:31:59 -0500] "GET /index.php/shop/pg/1SiteUse//?_g=435276 HTTP/1.1" 200 194994 "-" "Mozilla/5.0 AppleWebKit/537.36 (KHTML, like Gecko; compatible; bingbot/2.0; +http://www.bing.com/bingbot.htm) Chrome/116.0.1938.76 Safari/537.36"
136.243.228.195 - - [24/Dec/2025:07:31:58 -0500] "GET /?_g=435911 HTTP/1.1" 200 215329 "-" "Mozilla/5.0 (compatible; DataForSeoBot/1.0; +https://dataforseo.com/dataforseo-bot)"
136.243.228.195 - - [24/Dec/2025:07:32:02 -0500] "GET /?_g=1075217 HTTP/1.1" 200 215329 "-" "Mozilla/5.0 (compatible; DataForSeoBot/1.0; +https://dataforseo.com/dataforseo-bot)"
136.243.228.195 - - [24/Dec/2025:07:32:06 -0500] "GET /?_g=3383180 HTTP/1.1" 200 215329 "-" "Mozilla/5.0 (compatible; DataForSeoBot/1.0; +https://dataforseo.com/dataforseo-bot)"
198.50.127.198 - - [24/Dec/2025:07:32:11 -0500] "POST /wp-cron.php?doing_wp_cron=1766579531.2944409847259521484375 HTTP/1.1" 200 - "-" "WordPress/6.9; https://bahiaparaisosuites.com"
136.243.228.195 - - [24/Dec/2025:07:32:10 -0500] "GET /?_g=3101459 HTTP/1.1" 200 215329 "-" "Mozilla/5.0 (compatible; DataForSeoBot/1.0; +https://dataforseo.com/dataforseo-bot)"
136.243.228.195 - - [24/Dec/2025:07:32:14 -0500] "GET /?_g=705915 HTTP/1.1" 200 215329 "-" "Mozilla/5.0 (compatible; DataForSeoBot/1.0; +https://dataforseo.com/dataforseo-bot)"
153.165.106.2 - - [24/Dec/2025:07:32:15 -0500] "GET /?_g=3622123 HTTP/1.1" 200 519 "https://www.google.com/" "Mozilla/5.0 (Windows NT 10.0; Win64; x64; rv:146.0) Gecko/20100101 Firefox/146.0"
57.141.20.26 - - [24/Dec/2025:07:32:15 -0500] "GET /?_g=2634373 HTTP/1.1" 200 215329 "-" "meta-externalagent/1.1 (+https://developers.facebook.com/docs/sharing/webmasters/crawler)"
198.50.127.198 - - [24/Dec/2025:07:32:19 -0500] "POST /wp-cron.php?doing_wp_cron=1766579539.1344470977783203125000 HTTP/1.1" 200 - "-" "WordPress/6.9; https://bahiaparaisosuites.com"
136.243.228.195 - - [24/Dec/2025:07:32:18 -0500] "GET /?_g=226600 HTTP/1.1" 200 215329 "-" "Mozilla/5.0 (compatible; DataForSeoBot/1.0; +https://dataforseo.com/dataforseo-bot)"
40.77.167.73 - - [24/Dec/2025:07:32:22 -0500] "GET /?_g=2462806 HTTP/1.1" 200 186021 "-" "Mozilla/5.0 AppleWebKit/537.36 (KHTML, like Gecko; compatible; bingbot/2.0; +http://www.bing.com/bingbot.htm) Chrome/116.0.1938.76 Safari/537.36"
136.243.228.195 - - [24/Dec/2025:07:32:22 -0500] "GET /?_g=340605 HTTP/1.1" 200 215329 "-" "Mozilla/5.0 (compatible; DataForSeoBot/1.0; +https://dataforseo.com/dataforseo-bot)"
136.243.228.195 - - [24/Dec/2025:07:32:28 -0500] "GET /?_g=774449 HTTP/1.1" 200 215329 "-" "Mozilla/5.0 (compatible; DataForSeoBot/1.0; +https://dataforseo.com/dataforseo-bot)"
198.50.127.198 - - [24/Dec/2025:07:32:30 -0500] "POST /wp-cron.php?doing_wp_cron=1766579550.9087939262390136718750 HTTP/1.1" 200 - "-" "WordPress/6.9; https://bahiaparaisosuites.com"
136.243.228.195 - - [24/Dec/2025:07:32:30 -0500] "GET /?_g=3113114 HTTP/1.1" 200 215329 "-" "Mozilla/5.0 (compatible; DataForSeoBot/1.0; +https://dataforseo.com/dataforseo-bot)"
136.243.228.195 - - [24/Dec/2025:07:32:34 -0500] "GET /?_g=2554526 HTTP/1.1" 200 215329 "-" "Mozilla/5.0 (compatible; DataForSeoBot/1.0; +https://dataforseo.com/dataforseo-bot)"
136.243.228.195 - - [24/Dec/2025:07:32:38 -0500] "GET /?_g=1048892 HTTP/1.1" 200 215329 "-" "Mozilla/5.0 (compatible; DataForSeoBot/1.0; +https://dataforseo.com/dataforseo-bot)"
198.50.127.198 - - [24/Dec/2025:07:32:43 -0500] "POST /wp-cron.php?doing_wp_cron=1766579563.7703449726104736328125 HTTP/1.1" 200 - "-" "WordPress/6.9; https://bahiaparaisosuites.com"
136.243.228.195 - - [24/Dec/2025:07:32:43 -0500] "GET /?_g=3788656 HTTP/1.1" 200 215329 "-" "Mozilla/5.0 (compatible; DataForSeoBot/1.0; +https://dataforseo.com/dataforseo-bot)"
185.191.171.18 - - [24/Dec/2025:07:32:44 -0500] "GET /?_g=3659104 HTTP/1.1" 200 215329 "-" "Mozilla/5.0 (compatible; SemrushBot/7~bl; +http://www.semrush.com/bot.html)"
185.191.171.14 - - [24/Dec/2025:07:32:46 -0500] "GET /?_g=3670837 HTTP/1.1" 200 215329 "-" "Mozilla/5.0 (compatible; SemrushBot/7~bl; +http://www.semrush.com/bot.html)"
136.243.228.195 - - [24/Dec/2025:07:32:47 -0500] "GET /?_g=3211678 HTTP/1.1" 200 215329 "-" "Mozilla/5.0 (compatible; DataForSeoBot/1.0; +https://dataforseo.com/dataforseo-bot)"
198.50.127.198 - - [24/Dec/2025:07:32:49 -0500] "POST /wp-cron.php?doing_wp_cron=1766579569.3625509738922119140625 HTTP/1.1" 200 - "-" "WordPress/6.9; https://bahiaparaisosuites.com"
66.249.89.108 - - [24/Dec/2025:07:32:48 -0500] "GET /?_g=2988422 HTTP/1.1" 200 215329 "-" "Mozilla/5.0 (X11; Linux x86_64) AppleWebKit/537.36 (KHTML, like Gecko) Chrome/141.0.7390.122 Safari/537.36"
66.249.89.108 - - [24/Dec/2025:07:32:49 -0500] "GET /wp-content/cache/minify/94381.css HTTP/1.1" 200 38446 "https://bahiaparaisosuites.com/?_g=2988422" "Mozilla/5.0 (X11; Linux x86_64) AppleWebKit/537.36 (KHTML, like Gecko) Chrome/141.0.7390.122 Safari/537.36"
66.249.89.108 - - [24/Dec/2025:07:32:49 -0500] "GET /wp-content/cache/minify/818c0.js HTTP/1.1" 200 34334 "https://bahiaparaisosuites.com/?_g=2988422" "Mozilla/5.0 (X11; Linux x86_64) AppleWebKit/537.36 (KHTML, like Gecko) Chrome/141.0.7390.122 Safari/537.36"
66.249.89.107 - - [24/Dec/2025:07:32:49 -0500] "GET /wp-content/cache/minify/d4f8f.css HTTP/1.1" 200 17993 "https://bahiaparaisosuites.com/?_g=2988422" "Mozilla/5.0 (X11; Linux x86_64) AppleWebKit/537.36 (KHTML, like Gecko) Chrome/141.0.7390.122 Safari/537.36"
66.249.89.106 - - [24/Dec/2025:07:32:50 -0500] "GET /wp-content/cache/minify/efe35.js HTTP/1.1" 200 4528 "https://bahiaparaisosuites.com/?_g=2988422" "Mozilla/5.0 (X11; Linux x86_64) AppleWebKit/537.36 (KHTML, like Gecko) Chrome/141.0.7390.122 Safari/537.36"
66.249.89.107 - - [24/Dec/2025:07:32:50 -0500] "GET /wp-content/cache/minify/62cc2.css HTTP/1.1" 200 50968 "https://bahiaparaisosuites.com/?_g=2988422" "Mozilla/5.0 (X11; Linux x86_64) AppleWebKit/537.36 (KHTML, like Gecko) Chrome/141.0.7390.122 Safari/537.36"
66.249.89.107 - - [24/Dec/2025:07:32:50 -0500] "GET /wp-content/cache/minify/c28b2.css HTTP/1.1" 200 10212 "https://bahiaparaisosuites.com/?_g=2988422" "Mozilla/5.0 (X11; Linux x86_64) AppleWebKit/537.36 (KHTML, like Gecko) Chrome/141.0.7390.122 Safari/537.36"
66.249.89.108 - - [24/Dec/2025:07:32:50 -0500] "GET /wp-content/cache/minify/74931.css HTTP/1.1" 200 8516 "https://bahiaparaisosuites.com/?_g=2988422" "Mozilla/5.0 (X11; Linux x86_64) AppleWebKit/537.36 (KHTML, like Gecko) Chrome/141.0.7390.122 Safari/537.36"
66.249.89.107 - - [24/Dec/2025:07:32:51 -0500] "GET /wp-content/cache/minify/77d94.css HTTP/1.1" 200 2177 "https://bahiaparaisosuites.com/?_g=2988422" "Mozilla/5.0 (X11; Linux x86_64) AppleWebKit/537.36 (KHTML, like Gecko) Chrome/141.0.7390.122 Safari/537.36"
66.249.89.107 - - [24/Dec/2025:07:32:51 -0500] "GET /wp-content/cache/minify/fef4b.js HTTP/1.1" 200 3248 "https://bahiaparaisosuites.com/?_g=2988422" "Mozilla/5.0 (X11; Linux x86_64) AppleWebKit/537.36 (KHTML, like Gecko) Chrome/141.0.7390.122 Safari/537.36"
66.249.89.107 - - [24/Dec/2025:07:32:51 -0500] "GET /wp-content/cache/minify/c0b5c.js HTTP/1.1" 200 38371 "https://bahiaparaisosuites.com/?_g=2988422" "Mozilla/5.0 (X11; Linux x86_64) AppleWebKit/537.36 (KHTML, like Gecko) Chrome/141.0.7390.122 Safari/537.36"
136.243.228.195 - - [24/Dec/2025:07:32:50 -0500] "GET /?_g=265527 HTTP/1.1" 200 215329 "-" "Mozilla/5.0 (compatible; DataForSeoBot/1.0; +https://dataforseo.com/dataforseo-bot)"
66.249.89.108 - - [24/Dec/2025:07:32:51 -0500] "GET /wp-content/cache/minify/1f540.js HTTP/1.1" 200 3477 "https://bahiaparaisosuites.com/?_g=2988422" "Mozilla/5.0 (X11; Linux x86_64) AppleWebKit/537.36 (KHTML, like Gecko) Chrome/141.0.7390.122 Safari/537.36"
66.249.89.108 - - [24/Dec/2025:07:32:51 -0500] "GET /wp-content/cache/minify/ac4a8.js HTTP/1.1" 200 16459 "https://bahiaparaisosuites.com/?_g=2988422" "Mozilla/5.0 (X11; Linux x86_64) AppleWebKit/537.36 (KHTML, like Gecko) Chrome/141.0.7390.122 Safari/537.36"
66.249.89.106 - - [24/Dec/2025:07:32:52 -0500] "GET /wp-content/cache/minify/48021.js HTTP/1.1" 200 51052 "https://bahiaparaisosuites.com/?_g=2988422" "Mozilla/5.0 (X11; Linux x86_64) AppleWebKit/537.36 (KHTML, like Gecko) Chrome/141.0.7390.122 Safari/537.36"
