74.7.227.39 - - [24/Dec/2025:08:05:37 -0500] "GET /?_g=2838318 HTTP/1.1" 200 215329 "-" "Mozilla/5.0 AppleWebKit/537.36 (KHTML, like Gecko; compatible; GPTBot/1.3; +https://openai.com/gptbot)"
74.7.227.39 - - [24/Dec/2025:08:05:37 -0500] "GET /?_g=2234213 HTTP/1.1" 200 215329 "-" "Mozilla/5.0 AppleWebKit/537.36 (KHTML, like Gecko; compatible; GPTBot/1.3; +https://openai.com/gptbot)"
74.7.227.39 - - [24/Dec/2025:08:05:38 -0500] "GET /?_g=2415212 HTTP/1.1" 200 215329 "-" "Mozilla/5.0 AppleWebKit/537.36 (KHTML, like Gecko; compatible; GPTBot/1.3; +https://openai.com/gptbot)"
198.50.127.198 - - [24/Dec/2025:08:05:39 -0500] "POST /wp-cron.php?doing_wp_cron=1766581539.1057589054107666015625 HTTP/1.1" 200 - "-" "WordPress/6.9; https://bahiaparaisosuites.com"
85.208.96.204 - - [24/Dec/2025:08:05:38 -0500] "GET /?_g=3001407 HTTP/1.1" 200 215329 "-" "Mozilla/5.0 (compatible; SemrushBot/7~bl; +http://www.semrush.com/bot.html)"
74.7.227.39 - - [24/Dec/2025:08:05:38 -0500] "GET /?_g=1646911 HTTP/1.1" 200 215329 "-" "Mozilla/5.0 AppleWebKit/537.36 (KHTML, like Gecko; compatible; GPTBot/1.3; +https://openai.com/gptbot)"
74.7.227.39 - - [24/Dec/2025:08:05:39 -0500] "GET /?_g=3685565 HTTP/1.1" 200 215329 "-" "Mozilla/5.0 AppleWebKit/537.36 (KHTML, like Gecko; compatible; GPTBot/1.3; +https://openai.com/gptbot)"
74.7.227.39 - - [24/Dec/2025:08:05:39 -0500] "GET /?_g=1765576 HTTP/1.1" 200 215329 "-" "Mozilla/5.0 AppleWebKit/537.36 (KHTML, like Gecko; compatible; GPTBot/1.3; +https://openai.com/gptbot)"
136.243.228.195 - - [24/Dec/2025:08:05:39 -0500] "GET /?_g=2380726 HTTP/1.1" 200 215329 "-" "Mozilla/5.0 (compatible; DataForSeoBot/1.0; +https://dataforseo.com/dataforseo-bot)"
74.7.227.39 - - [24/Dec/2025:08:05:40 -0500] "GET /?_g=3031515 HTTP/1.1" 200 215329 "-" "Mozilla/5.0 AppleWebKit/537.36 (KHTML, like Gecko; compatible; GPTBot/1.3; +https://openai.com/gptbot)"
74.7.227.39 - - [24/Dec/2025:08:05:41 -0500] "GET /?_g=3707607 HTTP/1.1" 200 215329 "-" "Mozilla/5.0 AppleWebKit/537.36 (KHTML, like Gecko; compatible; GPTBot/1.3; +https://openai.com/gptbot)"
57.141.20.51 - - [24/Dec/2025:08:05:41 -0500] "GET /?_g=3598396 HTTP/1.1" 200 215329 "-" "meta-externalagent/1.1 (+https://developers.facebook.com/docs/sharing/webmasters/crawler)"
74.7.227.39 - - [24/Dec/2025:08:05:41 -0500] "GET /?_g=2300636 HTTP/1.1" 200 215329 "-" "Mozilla/5.0 AppleWebKit/537.36 (KHTML, like Gecko; compatible; GPTBot/1.3; +https://openai.com/gptbot)"
74.7.227.39 - - [24/Dec/2025:08:05:42 -0500] "GET /?_g=1102213 HTTP/1.1" 200 215329 "-" "Mozilla/5.0 AppleWebKit/537.36 (KHTML, like Gecko; compatible; GPTBot/1.3; +https://openai.com/gptbot)"
74.7.227.39 - - [24/Dec/2025:08:05:43 -0500] "GET /?_g=2904220 HTTP/1.1" 200 215329 "-" "Mozilla/5.0 AppleWebKit/537.36 (KHTML, like Gecko; compatible; GPTBot/1.3; +https://openai.com/gptbot)"
74.7.227.39 - - [24/Dec/2025:08:05:43 -0500] "GET /?_g=3988696 HTTP/1.1" 200 215329 "-" "Mozilla/5.0 AppleWebKit/537.36 (KHTML, like Gecko; compatible; GPTBot/1.3; +https://openai.com/gptbot)"
74.7.227.39 - - [24/Dec/2025:08:05:44 -0500] "GET /?_g=2851855 HTTP/1.1" 200 215329 "-" "Mozilla/5.0 AppleWebKit/537.36 (KHTML, like Gecko; compatible; GPTBot/1.3; +https://openai.com/gptbot)"
136.243.228.195 - - [24/Dec/2025:08:05:43 -0500] "GET /?_g=3877866 HTTP/1.1" 200 215329 "-" "Mozilla/5.0 (compatible; DataForSeoBot/1.0; +https://dataforseo.com/dataforseo-bot)"
74.7.227.39 - - [24/Dec/2025:08:05:44 -0500] "GET /?_g=3856368 HTTP/1.1" 200 215329 "-" "Mozilla/5.0 AppleWebKit/537.36 (KHTML, like Gecko; compatible; GPTBot/1.3; +https://openai.com/gptbot)"
74.7.227.39 - - [24/Dec/2025:08:05:45 -0500] "GET /?_g=2211462 HTTP/1.1" 200 215329 "-" "Mozilla/5.0 AppleWebKit/537.36 (KHTML, like Gecko; compatible; GPTBot/1.3; +https://openai.com/gptbot)"
74.7.227.39 - - [24/Dec/2025:08:05:46 -0500] "GET /?_g=2151020 HTTP/1.1" 200 215329 "-" "Mozilla/5.0 AppleWebKit/537.36 (KHTML, like Gecko; compatible; GPTBot/1.3; +https://openai.com/gptbot)"
185.191.171.15 - - [24/Dec/2025:08:05:46 -0500] "GET /?_g=3168507 HTTP/1.1" 200 215329 "-" "Mozilla/5.0 (compatible; SemrushBot/7~bl; +http://www.semrush.com/bot.html)"
74.7.227.39 - - [24/Dec/2025:08:05:46 -0500] "GET /?_g=2279942 HTTP/1.1" 200 215329 "-" "Mozilla/5.0 AppleWebKit/537.36 (KHTML, like Gecko; compatible; GPTBot/1.3; +https://openai.com/gptbot)"
74.7.227.39 - - [24/Dec/2025:08:05:47 -0500] "GET /?_g=4020406 HTTP/1.1" 200 215329 "-" "Mozilla/5.0 AppleWebKit/537.36 (KHTML, like Gecko; compatible; GPTBot/1.3; +https://openai.com/gptbot)"
74.7.227.39 - - [24/Dec/2025:08:05:47 -0500] "GET /?_g=1122018 HTTP/1.1" 200 215329 "-" "Mozilla/5.0 AppleWebKit/537.36 (KHTML, like Gecko; compatible; GPTBot/1.3; +https://openai.com/gptbot)"
176.123.4.135 - - [24/Dec/2025:08:05:48 -0500] "GET /wp-admin/plugins.php HTTP/1.1" 503 19545 "https://bahiaparaisosuites.com/wp-login.php" "Mozilla/5.0 (X11; Linux x86_64) AppleWebKit/537.36 (KHTML, like Gecko) Chrome/118.0.0.0 Safari/537.36"
74.7.227.39 - - [24/Dec/2025:08:05:48 -0500] "GET /?_g=2558118 HTTP/1.1" 200 215329 "-" "Mozilla/5.0 AppleWebKit/537.36 (KHTML, like Gecko; compatible; GPTBot/1.3; +https://openai.com/gptbot)"
136.243.228.195 - - [24/Dec/2025:08:05:47 -0500] "GET /?_g=2699425 HTTP/1.1" 200 215329 "-" "Mozilla/5.0 (compatible; DataForSeoBot/1.0; +https://dataforseo.com/dataforseo-bot)"
198.50.127.198 - - [24/Dec/2025:08:05:49 -0500] "POST /wp-cron.php?doing_wp_cron=1766581549.5849189758300781250000 HTTP/1.1" 200 - "-" "WordPress/6.9; https://bahiaparaisosuites.com"
74.7.227.39 - - [24/Dec/2025:08:05:49 -0500] "GET /?_g=4013003 HTTP/1.1" 200 215329 "-" "Mozilla/5.0 AppleWebKit/537.36 (KHTML, like Gecko; compatible; GPTBot/1.3; +https://openai.com/gptbot)"
74.7.227.39 - - [24/Dec/2025:08:05:49 -0500] "GET /?_g=3583873 HTTP/1.1" 200 215329 "-" "Mozilla/5.0 AppleWebKit/537.36 (KHTML, like Gecko; compatible; GPTBot/1.3; +https://openai.com/gptbot)"
74.7.227.39 - - [24/Dec/2025:08:05:50 -0500] "GET /?_g=3531411 HTTP/1.1" 200 215329 "-" "Mozilla/5.0 AppleWebKit/537.36 (KHTML, like Gecko; compatible; GPTBot/1.3; +https://openai.com/gptbot)"
74.7.227.39 - - [24/Dec/2025:08:05:50 -0500] "GET /?_g=1681788 HTTP/1.1" 200 215329 "-" "Mozilla/5.0 AppleWebKit/537.36 (KHTML, like Gecko; compatible; GPTBot/1.3; +https://openai.com/gptbot)"
74.7.227.39 - - [24/Dec/2025:08:05:51 -0500] "GET /?_g=1177874 HTTP/1.1" 200 215329 "-" "Mozilla/5.0 AppleWebKit/537.36 (KHTML, like Gecko; compatible; GPTBot/1.3; +https://openai.com/gptbot)"
74.7.227.39 - - [24/Dec/2025:08:05:52 -0500] "GET /?_g=2826448 HTTP/1.1" 200 215329 "-" "Mozilla/5.0 AppleWebKit/537.36 (KHTML, like Gecko; compatible; GPTBot/1.3; +https://openai.com/gptbot)"
74.7.227.39 - - [24/Dec/2025:08:05:52 -0500] "GET /?_g=3979763 HTTP/1.1" 200 215329 "-" "Mozilla/5.0 AppleWebKit/537.36 (KHTML, like Gecko; compatible; GPTBot/1.3; +https://openai.com/gptbot)"
136.243.228.195 - - [24/Dec/2025:08:05:51 -0500] "GET /?_g=641449 HTTP/1.1" 200 215329 "-" "Mozilla/5.0 (compatible; DataForSeoBot/1.0; +https://dataforseo.com/dataforseo-bot)"
74.7.227.39 - - [24/Dec/2025:08:05:53 -0500] "GET /?_g=1944011 HTTP/1.1" 200 215329 "-" "Mozilla/5.0 AppleWebKit/537.36 (KHTML, like Gecko; compatible; GPTBot/1.3; +https://openai.com/gptbot)"
74.7.227.39 - - [24/Dec/2025:08:05:53 -0500] "GET /?_g=3296399 HTTP/1.1" 200 215329 "-" "Mozilla/5.0 AppleWebKit/537.36 (KHTML, like Gecko; compatible; GPTBot/1.3; +https://openai.com/gptbot)"
74.7.227.39 - - [24/Dec/2025:08:05:54 -0500] "GET /?_g=4048242 HTTP/1.1" 200 215329 "-" "Mozilla/5.0 AppleWebKit/537.36 (KHTML, like Gecko; compatible; GPTBot/1.3; +https://openai.com/gptbot)"
74.7.227.39 - - [24/Dec/2025:08:05:55 -0500] "GET /?_g=2671616 HTTP/1.1" 200 215329 "-" "Mozilla/5.0 AppleWebKit/537.36 (KHTML, like Gecko; compatible; GPTBot/1.3; +https://openai.com/gptbot)"
74.7.227.39 - - [24/Dec/2025:08:05:55 -0500] "GET /?_g=1666224 HTTP/1.1" 200 215329 "-" "Mozilla/5.0 AppleWebKit/537.36 (KHTML, like Gecko; compatible; GPTBot/1.3; +https://openai.com/gptbot)"
74.7.227.39 - - [24/Dec/2025:08:05:56 -0500] "GET /?_g=1871555 HTTP/1.1" 200 215329 "-" "Mozilla/5.0 AppleWebKit/537.36 (KHTML, like Gecko; compatible; GPTBot/1.3; +https://openai.com/gptbot)"
136.243.228.195 - - [24/Dec/2025:08:05:55 -0500] "GET /?_g=1758470 HTTP/1.1" 200 215329 "-" "Mozilla/5.0 (compatible; DataForSeoBot/1.0; +https://dataforseo.com/dataforseo-bot)"
74.7.227.39 - - [24/Dec/2025:08:05:56 -0500] "GET /?_g=3099444 HTTP/1.1" 200 215329 "-" "Mozilla/5.0 AppleWebKit/537.36 (KHTML, like Gecko; compatible; GPTBot/1.3; +https://openai.com/gptbot)"
74.7.227.39 - - [24/Dec/2025:08:05:57 -0500] "GET /?_g=2044111 HTTP/1.1" 200 215329 "-" "Mozilla/5.0 AppleWebKit/537.36 (KHTML, like Gecko; compatible; GPTBot/1.3; +https://openai.com/gptbot)"
74.7.227.39 - - [24/Dec/2025:08:05:57 -0500] "GET /?_g=2899980 HTTP/1.1" 200 215329 "-" "Mozilla/5.0 AppleWebKit/537.36 (KHTML, like Gecko; compatible; GPTBot/1.3; +https://openai.com/gptbot)"
74.7.227.39 - - [24/Dec/2025:08:05:58 -0500] "GET /?_g=2666558 HTTP/1.1" 200 215329 "-" "Mozilla/5.0 AppleWebKit/537.36 (KHTML, like Gecko; compatible; GPTBot/1.3; +https://openai.com/gptbot)"
198.50.127.198 - - [24/Dec/2025:08:05:59 -0500] "POST /wp-cron.php?doing_wp_cron=1766581559.5405800342559814453125 HTTP/1.1" 200 - "-" "WordPress/6.9; https://bahiaparaisosuites.com"
74.7.227.39 - - [24/Dec/2025:08:05:59 -0500] "GET /?_g=3366648 HTTP/1.1" 200 215329 "-" "Mozilla/5.0 AppleWebKit/537.36 (KHTML, like Gecko; compatible; GPTBot/1.3; +https://openai.com/gptbot)"
74.7.227.39 - - [24/Dec/2025:08:05:59 -0500] "GET /?_g=3926663 HTTP/1.1" 200 215329 "-" "Mozilla/5.0 AppleWebKit/537.36 (KHTML, like Gecko; compatible; GPTBot/1.3; +https://openai.com/gptbot)"
74.7.227.39 - - [24/Dec/2025:08:06:00 -0500] "GET /?_g=2999162 HTTP/1.1" 200 215329 "-" "Mozilla/5.0 AppleWebKit/537.36 (KHTML, like Gecko; compatible; GPTBot/1.3; +https://openai.com/gptbot)"
136.243.228.195 - - [24/Dec/2025:08:05:59 -0500] "GET /?_g=3938966 HTTP/1.1" 200 215329 "-" "Mozilla/5.0 (compatible; DataForSeoBot/1.0; +https://dataforseo.com/dataforseo-bot)"
74.7.227.39 - - [24/Dec/2025:08:06:00 -0500] "GET /?_g=1000817 HTTP/1.1" 200 215329 "-" "Mozilla/5.0 AppleWebKit/537.36 (KHTML, like Gecko; compatible; GPTBot/1.3; +https://openai.com/gptbot)"
74.7.227.39 - - [24/Dec/2025:08:06:01 -0500] "GET /?_g=3330445 HTTP/1.1" 200 215329 "-" "Mozilla/5.0 AppleWebKit/537.36 (KHTML, like Gecko; compatible; GPTBot/1.3; +https://openai.com/gptbot)"
74.7.227.39 - - [24/Dec/2025:08:06:01 -0500] "GET /?_g=3338070 HTTP/1.1" 200 215329 "-" "Mozilla/5.0 AppleWebKit/537.36 (KHTML, like Gecko; compatible; GPTBot/1.3; +https://openai.com/gptbot)"
74.7.227.39 - - [24/Dec/2025:08:06:02 -0500] "GET /?_g=3052820 HTTP/1.1" 200 215329 "-" "Mozilla/5.0 AppleWebKit/537.36 (KHTML, like Gecko; compatible; GPTBot/1.3; +https://openai.com/gptbot)"
176.123.4.135 - - [24/Dec/2025:08:06:03 -0500] "POST /wp-login.php HTTP/1.1" 503 18253 "https://bahiaparaisosuites.com/wp-login.php" "Mozilla/5.0 (X11; Linux x86_64) AppleWebKit/537.36 (KHTML, like Gecko) Chrome/119.0.0.0 Safari/537.36"
74.7.227.39 - - [24/Dec/2025:08:06:03 -0500] "GET /?_g=2004130 HTTP/1.1" 200 215329 "-" "Mozilla/5.0 AppleWebKit/537.36 (KHTML, like Gecko; compatible; GPTBot/1.3; +https://openai.com/gptbot)"
198.50.127.198 - - [24/Dec/2025:08:06:03 -0500] "POST /?wordfence_syncAttackData=1766581563.7526 HTTP/1.1" 200 - "-" "WordPress/6.9; https://bahiaparaisosuites.com"
74.7.227.39 - - [24/Dec/2025:08:06:03 -0500] "GET /?_g=1801751 HTTP/1.1" 200 215329 "-" "Mozilla/5.0 AppleWebKit/537.36 (KHTML, like Gecko; compatible; GPTBot/1.3; +https://openai.com/gptbot)"
136.243.228.195 - - [24/Dec/2025:08:06:03 -0500] "GET /?_g=2298604 HTTP/1.1" 200 215329 "-" "Mozilla/5.0 (compatible; DataForSeoBot/1.0; +https://dataforseo.com/dataforseo-bot)"
74.7.227.39 - - [24/Dec/2025:08:06:04 -0500] "GET /?_g=3314500 HTTP/1.1" 200 215329 "-" "Mozilla/5.0 AppleWebKit/537.36 (KHTML, like Gecko; compatible; GPTBot/1.3; +https://openai.com/gptbot)"
74.7.227.39 - - [24/Dec/2025:08:06:05 -0500] "GET /?_g=3960701 HTTP/1.1" 200 215329 "-" "Mozilla/5.0 AppleWebKit/537.36 (KHTML, like Gecko; compatible; GPTBot/1.3; +https://openai.com/gptbot)"
74.7.227.39 - - [24/Dec/2025:08:06:05 -0500] "GET /?_g=2152768 HTTP/1.1" 200 215329 "-" "Mozilla/5.0 AppleWebKit/537.36 (KHTML, like Gecko; compatible; GPTBot/1.3; +https://openai.com/gptbot)"
74.7.227.39 - - [24/Dec/2025:08:06:06 -0500] "GET /?_g=3399684 HTTP/1.1" 200 215329 "-" "Mozilla/5.0 AppleWebKit/537.36 (KHTML, like Gecko; compatible; GPTBot/1.3; +https://openai.com/gptbot)"
74.7.227.39 - - [24/Dec/2025:08:06:06 -0500] "GET /?_g=3748812 HTTP/1.1" 200 215329 "-" "Mozilla/5.0 AppleWebKit/537.36 (KHTML, like Gecko; compatible; GPTBot/1.3; +https://openai.com/gptbot)"
74.7.227.39 - - [24/Dec/2025:08:06:07 -0500] "GET /?_g=3689746 HTTP/1.1" 200 215329 "-" "Mozilla/5.0 AppleWebKit/537.36 (KHTML, like Gecko; compatible; GPTBot/1.3; +https://openai.com/gptbot)"
74.7.227.39 - - [24/Dec/2025:08:06:08 -0500] "GET /?_g=1847709 HTTP/1.1" 200 215329 "-" "Mozilla/5.0 AppleWebKit/537.36 (KHTML, like Gecko; compatible; GPTBot/1.3; +https://openai.com/gptbot)"
198.50.127.198 - - [24/Dec/2025:08:06:09 -0500] "POST /wp-cron.php?doing_wp_cron=1766581569.0268850326538085937500 HTTP/1.1" 200 - "-" "WordPress/6.9; https://bahiaparaisosuites.com"
74.7.227.39 - - [24/Dec/2025:08:06:08 -0500] "GET /?_g=2326049 HTTP/1.1" 200 215329 "-" "Mozilla/5.0 AppleWebKit/537.36 (KHTML, like Gecko; compatible; GPTBot/1.3; +https://openai.com/gptbot)"
136.243.228.195 - - [24/Dec/2025:08:06:07 -0500] "GET /?_g=2725160 HTTP/1.1" 200 215329 "-" "Mozilla/5.0 (compatible; DataForSeoBot/1.0; +https://dataforseo.com/dataforseo-bot)"
74.7.227.39 - - [24/Dec/2025:08:06:09 -0500] "GET /?_g=3479543 HTTP/1.1" 200 215329 "-" "Mozilla/5.0 AppleWebKit/537.36 (KHTML, like Gecko; compatible; GPTBot/1.3; +https://openai.com/gptbot)"
74.7.227.39 - - [24/Dec/2025:08:06:09 -0500] "GET /?_g=3696430 HTTP/1.1" 200 215329 "-" "Mozilla/5.0 AppleWebKit/537.36 (KHTML, like Gecko; compatible; GPTBot/1.3; +https://openai.com/gptbot)"
74.7.227.39 - - [24/Dec/2025:08:06:10 -0500] "GET /?_g=2764571 HTTP/1.1" 200 215329 "-" "Mozilla/5.0 AppleWebKit/537.36 (KHTML, like Gecko; compatible; GPTBot/1.3; +https://openai.com/gptbot)"
74.7.227.39 - - [24/Dec/2025:08:06:10 -0500] "GET /?_g=1108612 HTTP/1.1" 200 215329 "-" "Mozilla/5.0 AppleWebKit/537.36 (KHTML, like Gecko; compatible; GPTBot/1.3; +https://openai.com/gptbot)"
74.7.227.39 - - [24/Dec/2025:08:06:11 -0500] "GET /?_g=1596235 HTTP/1.1" 200 215329 "-" "Mozilla/5.0 AppleWebKit/537.36 (KHTML, like Gecko; compatible; GPTBot/1.3; +https://openai.com/gptbot)"
74.7.227.39 - - [24/Dec/2025:08:06:12 -0500] "GET /?_g=2603041 HTTP/1.1" 200 215329 "-" "Mozilla/5.0 AppleWebKit/537.36 (KHTML, like Gecko; compatible; GPTBot/1.3; +https://openai.com/gptbot)"
74.7.227.39 - - [24/Dec/2025:08:06:12 -0500] "GET /?_g=2695518 HTTP/1.1" 200 215329 "-" "Mozilla/5.0 AppleWebKit/537.36 (KHTML, like Gecko; compatible; GPTBot/1.3; +https://openai.com/gptbot)"
136.243.228.195 - - [24/Dec/2025:08:06:12 -0500] "GET /?_g=1887568 HTTP/1.1" 200 215329 "-" "Mozilla/5.0 (compatible; DataForSeoBot/1.0; +https://dataforseo.com/dataforseo-bot)"
74.7.227.39 - - [24/Dec/2025:08:06:13 -0500] "GET /?_g=2316492 HTTP/1.1" 200 215329 "-" "Mozilla/5.0 AppleWebKit/537.36 (KHTML, like Gecko; compatible; GPTBot/1.3; +https://openai.com/gptbot)"
74.7.227.39 - - [24/Dec/2025:08:06:13 -0500] "GET /?_g=2535618 HTTP/1.1" 200 215329 "-" "Mozilla/5.0 AppleWebKit/537.36 (KHTML, like Gecko; compatible; GPTBot/1.3; +https://openai.com/gptbot)"
74.7.227.39 - - [24/Dec/2025:08:06:14 -0500] "GET /?_g=2240941 HTTP/1.1" 200 215329 "-" "Mozilla/5.0 AppleWebKit/537.36 (KHTML, like Gecko; compatible; GPTBot/1.3; +https://openai.com/gptbot)"
185.191.171.11 - - [24/Dec/2025:08:06:15 -0500] "GET /?_g=1896141 HTTP/1.1" 200 215329 "-" "Mozilla/5.0 (compatible; SemrushBot/7~bl; +http://www.semrush.com/bot.html)"
74.7.227.39 - - [24/Dec/2025:08:06:15 -0500] "GET /?_g=2483534 HTTP/1.1" 200 215329 "-" "Mozilla/5.0 AppleWebKit/537.36 (KHTML, like Gecko; compatible; GPTBot/1.3; +https://openai.com/gptbot)"
74.7.227.39 - - [24/Dec/2025:08:06:15 -0500] "GET /?_g=1843357 HTTP/1.1" 200 215329 "-" "Mozilla/5.0 AppleWebKit/537.36 (KHTML, like Gecko; compatible; GPTBot/1.3; +https://openai.com/gptbot)"
74.7.227.39 - - [24/Dec/2025:08:06:16 -0500] "GET /?_g=3126071 HTTP/1.1" 200 215329 "-" "Mozilla/5.0 AppleWebKit/537.36 (KHTML, like Gecko; compatible; GPTBot/1.3; +https://openai.com/gptbot)"
136.243.228.195 - - [24/Dec/2025:08:06:15 -0500] "GET /?_g=3022076 HTTP/1.1" 200 215329 "-" "Mozilla/5.0 (compatible; DataForSeoBot/1.0; +https://dataforseo.com/dataforseo-bot)"
74.7.227.39 - - [24/Dec/2025:08:06:16 -0500] "GET /?_g=1205513 HTTP/1.1" 200 215329 "-" "Mozilla/5.0 AppleWebKit/537.36 (KHTML, like Gecko; compatible; GPTBot/1.3; +https://openai.com/gptbot)"
176.123.4.135 - - [24/Dec/2025:08:06:17 -0500] "GET /wp-admin/index.php HTTP/1.1" 503 19545 "https://bahiaparaisosuites.com/wp-login.php" "Mozilla/5.0 (Macintosh; Intel Mac OS X 13_6_1) AppleWebKit/605.1.15 (KHTML, like Gecko) Version/17.1 Safari/605.1.15"
57.141.20.17 - - [24/Dec/2025:08:06:17 -0500] "GET /?_g=3706009 HTTP/1.1" 200 215329 "-" "meta-externalagent/1.1 (+https://developers.facebook.com/docs/sharing/webmasters/crawler)"
74.7.227.39 - - [24/Dec/2025:08:06:17 -0500] "GET /?_g=2430347 HTTP/1.1" 200 215329 "-" "Mozilla/5.0 AppleWebKit/537.36 (KHTML, like Gecko; compatible; GPTBot/1.3; +https://openai.com/gptbot)"
198.50.127.198 - - [24/Dec/2025:08:06:18 -0500] "POST /wp-cron.php?doing_wp_cron=1766581578.5373709201812744140625 HTTP/1.1" 200 - "-" "WordPress/6.9; https://bahiaparaisosuites.com"
74.7.227.39 - - [24/Dec/2025:08:06:18 -0500] "GET /?_g=3854015 HTTP/1.1" 200 215329 "-" "Mozilla/5.0 AppleWebKit/537.36 (KHTML, like Gecko; compatible; GPTBot/1.3; +https://openai.com/gptbot)"
198.50.127.198 - - [24/Dec/2025:08:06:19 -0500] "POST /wp-cron.php?doing_wp_cron=1766581579.1108710765838623046875 HTTP/1.1" 200 - "-" "WordPress/6.9; https://bahiaparaisosuites.com"
74.7.227.39 - - [24/Dec/2025:08:06:18 -0500] "GET /?_g=1576325 HTTP/1.1" 200 215329 "-" "Mozilla/5.0 AppleWebKit/537.36 (KHTML, like Gecko; compatible; GPTBot/1.3; +https://openai.com/gptbot)"
74.7.227.39 - - [24/Dec/2025:08:06:19 -0500] "GET /?_g=1257026 HTTP/1.1" 200 215329 "-" "Mozilla/5.0 AppleWebKit/537.36 (KHTML, like Gecko; compatible; GPTBot/1.3; +https://openai.com/gptbot)"
74.7.227.39 - - [24/Dec/2025:08:06:19 -0500] "GET /?_g=3834955 HTTP/1.1" 200 215329 "-" "Mozilla/5.0 AppleWebKit/537.36 (KHTML, like Gecko; compatible; GPTBot/1.3; +https://openai.com/gptbot)"
136.243.228.195 - - [24/Dec/2025:08:06:19 -0500] "GET /?_g=435639 HTTP/1.1" 200 215329 "-" "Mozilla/5.0 (compatible; DataForSeoBot/1.0; +https://dataforseo.com/dataforseo-bot)"
74.7.227.39 - - [24/Dec/2025:08:06:20 -0500] "GET /?_g=3082274 HTTP/1.1" 200 215329 "-" "Mozilla/5.0 AppleWebKit/537.36 (KHTML, like Gecko; compatible; GPTBot/1.3; +https://openai.com/gptbot)"
74.7.227.39 - - [24/Dec/2025:08:06:21 -0500] "GET /?_g=2413084 HTTP/1.1" 200 215329 "-" "Mozilla/5.0 AppleWebKit/537.36 (KHTML, like Gecko; compatible; GPTBot/1.3; +https://openai.com/gptbot)"
74.7.227.39 - - [24/Dec/2025:08:06:21 -0500] "GET /?_g=3203155 HTTP/1.1" 200 215329 "-" "Mozilla/5.0 AppleWebKit/537.36 (KHTML, like Gecko; compatible; GPTBot/1.3; +https://openai.com/gptbot)"
74.7.227.39 - - [24/Dec/2025:08:06:22 -0500] "GET /?_g=2088160 HTTP/1.1" 200 215329 "-" "Mozilla/5.0 AppleWebKit/537.36 (KHTML, like Gecko; compatible; GPTBot/1.3; +https://openai.com/gptbot)"
74.7.227.39 - - [24/Dec/2025:08:06:22 -0500] "GET /?_g=2674201 HTTP/1.1" 200 215329 "-" "Mozilla/5.0 AppleWebKit/537.36 (KHTML, like Gecko; compatible; GPTBot/1.3; +https://openai.com/gptbot)"
74.7.227.39 - - [24/Dec/2025:08:06:23 -0500] "GET /?_g=3385411 HTTP/1.1" 200 215329 "-" "Mozilla/5.0 AppleWebKit/537.36 (KHTML, like Gecko; compatible; GPTBot/1.3; +https://openai.com/gptbot)"
74.7.227.39 - - [24/Dec/2025:08:06:24 -0500] "GET /?_g=2039125 HTTP/1.1" 200 215329 "-" "Mozilla/5.0 AppleWebKit/537.36 (KHTML, like Gecko; compatible; GPTBot/1.3; +https://openai.com/gptbot)"
57.141.20.58 - - [24/Dec/2025:08:06:24 -0500] "GET /?_g=1607211 HTTP/1.1" 200 215329 "-" "meta-externalagent/1.1 (+https://developers.facebook.com/docs/sharing/webmasters/crawler)"
57.141.20.54 - - [24/Dec/2025:08:06:24 -0500] "GET /?_g=759090 HTTP/1.1" 200 215329 "-" "meta-externalagent/1.1 (+https://developers.facebook.com/docs/sharing/webmasters/crawler)"
74.7.227.39 - - [24/Dec/2025:08:06:24 -0500] "GET /?_g=2609670 HTTP/1.1" 200 215329 "-" "Mozilla/5.0 AppleWebKit/537.36 (KHTML, like Gecko; compatible; GPTBot/1.3; +https://openai.com/gptbot)"
136.243.228.195 - - [24/Dec/2025:08:06:24 -0500] "GET /?_g=1466510 HTTP/1.1" 200 215329 "-" "Mozilla/5.0 (compatible; DataForSeoBot/1.0; +https://dataforseo.com/dataforseo-bot)"
74.7.227.39 - - [24/Dec/2025:08:06:25 -0500] "GET /?_g=2050019 HTTP/1.1" 200 215329 "-" "Mozilla/5.0 AppleWebKit/537.36 (KHTML, like Gecko; compatible; GPTBot/1.3; +https://openai.com/gptbot)"
74.7.227.39 - - [24/Dec/2025:08:06:25 -0500] "GET /?_g=1689582 HTTP/1.1" 200 215329 "-" "Mozilla/5.0 AppleWebKit/537.36 (KHTML, like Gecko; compatible; GPTBot/1.3; +https://openai.com/gptbot)"
57.141.20.32 - - [24/Dec/2025:08:06:26 -0500] "GET /?_g=1034501 HTTP/1.1" 200 215329 "-" "meta-externalagent/1.1 (+https://developers.facebook.com/docs/sharing/webmasters/crawler)"
74.7.227.39 - - [24/Dec/2025:08:06:26 -0500] "GET /?_g=2659716 HTTP/1.1" 200 215329 "-" "Mozilla/5.0 AppleWebKit/537.36 (KHTML, like Gecko; compatible; GPTBot/1.3; +https://openai.com/gptbot)"
74.7.227.39 - - [24/Dec/2025:08:06:27 -0500] "GET /?_g=2796653 HTTP/1.1" 200 215329 "-" "Mozilla/5.0 AppleWebKit/537.36 (KHTML, like Gecko; compatible; GPTBot/1.3; +https://openai.com/gptbot)"
74.7.227.39 - - [24/Dec/2025:08:06:27 -0500] "GET /?_g=2736112 HTTP/1.1" 200 215329 "-" "Mozilla/5.0 AppleWebKit/537.36 (KHTML, like Gecko; compatible; GPTBot/1.3; +https://openai.com/gptbot)"
74.7.227.39 - - [24/Dec/2025:08:06:28 -0500] "GET /?_g=2069445 HTTP/1.1" 200 215329 "-" "Mozilla/5.0 AppleWebKit/537.36 (KHTML, like Gecko; compatible; GPTBot/1.3; +https://openai.com/gptbot)"
198.50.127.198 - - [24/Dec/2025:08:06:29 -0500] "POST /wp-cron.php?doing_wp_cron=1766581589.2213990688323974609375 HTTP/1.1" 200 - "-" "WordPress/6.9; https://bahiaparaisosuites.com"
74.7.227.39 - - [24/Dec/2025:08:06:28 -0500] "GET /?_g=3685570 HTTP/1.1" 200 215329 "-" "Mozilla/5.0 AppleWebKit/537.36 (KHTML, like Gecko; compatible; GPTBot/1.3; +https://openai.com/gptbot)"
136.243.228.195 - - [24/Dec/2025:08:06:28 -0500] "GET /?_g=694423 HTTP/1.1" 200 215329 "-" "Mozilla/5.0 (compatible; DataForSeoBot/1.0; +https://dataforseo.com/dataforseo-bot)"
74.7.227.39 - - [24/Dec/2025:08:06:29 -0500] "GET /?_g=3297454 HTTP/1.1" 200 215329 "-" "Mozilla/5.0 AppleWebKit/537.36 (KHTML, like Gecko; compatible; GPTBot/1.3; +https://openai.com/gptbot)"
74.7.227.39 - - [24/Dec/2025:08:06:30 -0500] "GET /?_g=3051471 HTTP/1.1" 200 215329 "-" "Mozilla/5.0 AppleWebKit/537.36 (KHTML, like Gecko; compatible; GPTBot/1.3; +https://openai.com/gptbot)"
74.7.227.39 - - [24/Dec/2025:08:06:30 -0500] "GET /?_g=4019733 HTTP/1.1" 200 215329 "-" "Mozilla/5.0 AppleWebKit/537.36 (KHTML, like Gecko; compatible; GPTBot/1.3; +https://openai.com/gptbot)"
74.7.227.39 - - [24/Dec/2025:08:06:31 -0500] "GET /?_g=2258501 HTTP/1.1" 200 215329 "-" "Mozilla/5.0 AppleWebKit/537.36 (KHTML, like Gecko; compatible; GPTBot/1.3; +https://openai.com/gptbot)"
74.7.227.39 - - [24/Dec/2025:08:06:31 -0500] "GET /?_g=2593219 HTTP/1.1" 200 215329 "-" "Mozilla/5.0 AppleWebKit/537.36 (KHTML, like Gecko; compatible; GPTBot/1.3; +https://openai.com/gptbot)"
176.123.4.135 - - [24/Dec/2025:08:06:32 -0500] "GET /wp-admin/profile.php HTTP/1.1" 503 19545 "https://bahiaparaisosuites.com/wp-login.php" "Mozilla/5.0 (Macintosh; Intel Mac OS X 13_6_1) AppleWebKit/605.1.15 (KHTML, like Gecko) Version/17.1 Safari/605.1.15"
136.243.228.195 - - [24/Dec/2025:08:06:31 -0500] "GET /?_g=1249383 HTTP/1.1" 200 215329 "-" "Mozilla/5.0 (compatible; DataForSeoBot/1.0; +https://dataforseo.com/dataforseo-bot)"
74.7.227.39 - - [24/Dec/2025:08:06:32 -0500] "GET /?_g=1440338 HTTP/1.1" 200 215329 "-" "Mozilla/5.0 AppleWebKit/537.36 (KHTML, like Gecko; compatible; GPTBot/1.3; +https://openai.com/gptbot)"
198.50.127.198 - - [24/Dec/2025:08:06:33 -0500] "POST /wp-cron.php?doing_wp_cron=1766581593.2216949462890625000000 HTTP/1.1" 200 - "-" "WordPress/6.9; https://bahiaparaisosuites.com"
74.7.227.39 - - [24/Dec/2025:08:06:32 -0500] "GET /?_g=1002039 HTTP/1.1" 200 215329 "-" "Mozilla/5.0 AppleWebKit/537.36 (KHTML, like Gecko; compatible; GPTBot/1.3; +https://openai.com/gptbot)"
74.7.227.39 - - [24/Dec/2025:08:06:33 -0500] "GET /?_g=2836848 HTTP/1.1" 200 215329 "-" "Mozilla/5.0 AppleWebKit/537.36 (KHTML, like Gecko; compatible; GPTBot/1.3; +https://openai.com/gptbot)"
74.7.227.39 - - [24/Dec/2025:08:06:33 -0500] "GET /?_g=1357044 HTTP/1.1" 200 215329 "-" "Mozilla/5.0 AppleWebKit/537.36 (KHTML, like Gecko; compatible; GPTBot/1.3; +https://openai.com/gptbot)"
74.7.227.39 - - [24/Dec/2025:08:06:34 -0500] "GET /?_g=3975707 HTTP/1.1" 200 215329 "-" "Mozilla/5.0 AppleWebKit/537.36 (KHTML, like Gecko; compatible; GPTBot/1.3; +https://openai.com/gptbot)"
74.7.227.39 - - [24/Dec/2025:08:06:35 -0500] "GET /?_g=1502570 HTTP/1.1" 200 215329 "-" "Mozilla/5.0 AppleWebKit/537.36 (KHTML, like Gecko; compatible; GPTBot/1.3; +https://openai.com/gptbot)"
185.191.171.12 - - [24/Dec/2025:08:06:35 -0500] "GET /?_g=960616 HTTP/1.1" 200 215329 "-" "Mozilla/5.0 (compatible; SemrushBot/7~bl; +http://www.semrush.com/bot.html)"
74.7.227.39 - - [24/Dec/2025:08:06:35 -0500] "GET /?_g=3679330 HTTP/1.1" 200 215329 "-" "Mozilla/5.0 AppleWebKit/537.36 (KHTML, like Gecko; compatible; GPTBot/1.3; +https://openai.com/gptbot)"
74.7.227.39 - - [24/Dec/2025:08:06:36 -0500] "GET /?_g=1025390 HTTP/1.1" 200 215329 "-" "Mozilla/5.0 AppleWebKit/537.36 (KHTML, like Gecko; compatible; GPTBot/1.3; +https://openai.com/gptbot)"
136.243.228.195 - - [24/Dec/2025:08:06:35 -0500] "GET /?_g=2321309 HTTP/1.1" 200 215329 "-" "Mozilla/5.0 (compatible; DataForSeoBot/1.0; +https://dataforseo.com/dataforseo-bot)"
74.7.227.39 - - [24/Dec/2025:08:06:36 -0500] "GET /?_g=2842329 HTTP/1.1" 200 215329 "-" "Mozilla/5.0 AppleWebKit/537.36 (KHTML, like Gecko; compatible; GPTBot/1.3; +https://openai.com/gptbot)"
74.7.227.39 - - [24/Dec/2025:08:06:37 -0500] "GET /?_g=2670655 HTTP/1.1" 200 215329 "-" "Mozilla/5.0 AppleWebKit/537.36 (KHTML, like Gecko; compatible; GPTBot/1.3; +https://openai.com/gptbot)"
74.7.227.39 - - [24/Dec/2025:08:06:37 -0500] "GET /?_g=3099105 HTTP/1.1" 200 215329 "-" "Mozilla/5.0 AppleWebKit/537.36 (KHTML, like Gecko; compatible; GPTBot/1.3; +https://openai.com/gptbot)"
74.7.227.39 - - [24/Dec/2025:08:06:38 -0500] "GET /?_g=1182017 HTTP/1.1" 200 215329 "-" "Mozilla/5.0 AppleWebKit/537.36 (KHTML, like Gecko; compatible; GPTBot/1.3; +https://openai.com/gptbot)"
198.50.127.198 - - [24/Dec/2025:08:06:39 -0500] "POST /wp-cron.php?doing_wp_cron=1766581599.4968400001525878906250 HTTP/1.1" 200 - "-" "WordPress/6.9; https://bahiaparaisosuites.com"
74.7.227.39 - - [24/Dec/2025:08:06:39 -0500] "GET /?_g=1032068 HTTP/1.1" 200 215329 "-" "Mozilla/5.0 AppleWebKit/537.36 (KHTML, like Gecko; compatible; GPTBot/1.3; +https://openai.com/gptbot)"
52.167.144.172 - - [24/Dec/2025:08:06:39 -0500] "GET /index.php//?_g=335016 HTTP/1.1" 200 181759 "-" "Mozilla/5.0 AppleWebKit/537.36 (KHTML, like Gecko; compatible; bingbot/2.0; +http://www.bing.com/bingbot.htm) Chrome/116.0.1938.76 Safari/537.36"
74.7.227.39 - - [24/Dec/2025:08:06:39 -0500] "GET /?_g=1003646 HTTP/1.1" 200 215329 "-" "Mozilla/5.0 AppleWebKit/537.36 (KHTML, like Gecko; compatible; GPTBot/1.3; +https://openai.com/gptbot)"
74.7.227.39 - - [24/Dec/2025:08:06:40 -0500] "GET /?_g=1932388 HTTP/1.1" 200 215329 "-" "Mozilla/5.0 AppleWebKit/537.36 (KHTML, like Gecko; compatible; GPTBot/1.3; +https://openai.com/gptbot)"
57.141.20.47 - - [24/Dec/2025:08:06:40 -0500] "GET /?_g=2595834 HTTP/1.1" 200 215329 "-" "meta-externalagent/1.1 (+https://developers.facebook.com/docs/sharing/webmasters/crawler)"
136.243.228.195 - - [24/Dec/2025:08:06:39 -0500] "GET /?_g=2083360 HTTP/1.1" 200 215329 "-" "Mozilla/5.0 (compatible; DataForSeoBot/1.0; +https://dataforseo.com/dataforseo-bot)"
74.7.227.39 - - [24/Dec/2025:08:06:40 -0500] "GET /?_g=1152687 HTTP/1.1" 200 215329 "-" "Mozilla/5.0 AppleWebKit/537.36 (KHTML, like Gecko; compatible; GPTBot/1.3; +https://openai.com/gptbot)"
74.7.227.39 - - [24/Dec/2025:08:06:41 -0500] "GET /?_g=2031091 HTTP/1.1" 200 215329 "-" "Mozilla/5.0 AppleWebKit/537.36 (KHTML, like Gecko; compatible; GPTBot/1.3; +https://openai.com/gptbot)"
74.7.227.39 - - [24/Dec/2025:08:06:42 -0500] "GET /?_g=2210799 HTTP/1.1" 200 215329 "-" "Mozilla/5.0 AppleWebKit/537.36 (KHTML, like Gecko; compatible; GPTBot/1.3; +https://openai.com/gptbot)"
74.7.227.39 - - [24/Dec/2025:08:06:42 -0500] "GET /?_g=1290570 HTTP/1.1" 200 215329 "-" "Mozilla/5.0 AppleWebKit/537.36 (KHTML, like Gecko; compatible; GPTBot/1.3; +https://openai.com/gptbot)"
74.7.227.39 - - [24/Dec/2025:08:06:43 -0500] "GET /?_g=4035482 HTTP/1.1" 200 215329 "-" "Mozilla/5.0 AppleWebKit/537.36 (KHTML, like Gecko; compatible; GPTBot/1.3; +https://openai.com/gptbot)"
57.141.20.36 - - [24/Dec/2025:08:06:43 -0500] "GET /?_g=1215984 HTTP/1.1" 200 215329 "-" "meta-externalagent/1.1 (+https://developers.facebook.com/docs/sharing/webmasters/crawler)"
74.7.227.39 - - [24/Dec/2025:08:06:43 -0500] "GET /?_g=2980339 HTTP/1.1" 200 215329 "-" "Mozilla/5.0 AppleWebKit/537.36 (KHTML, like Gecko; compatible; GPTBot/1.3; +https://openai.com/gptbot)"
74.7.227.39 - - [24/Dec/2025:08:06:44 -0500] "GET /?_g=1574927 HTTP/1.1" 200 215329 "-" "Mozilla/5.0 AppleWebKit/537.36 (KHTML, like Gecko; compatible; GPTBot/1.3; +https://openai.com/gptbot)"
74.7.227.39 - - [24/Dec/2025:08:06:45 -0500] "GET /?_g=2737418 HTTP/1.1" 200 215329 "-" "Mozilla/5.0 AppleWebKit/537.36 (KHTML, like Gecko; compatible; GPTBot/1.3; +https://openai.com/gptbot)"
136.243.228.195 - - [24/Dec/2025:08:06:44 -0500] "GET /?_g=3448731 HTTP/1.1" 200 215329 "-" "Mozilla/5.0 (compatible; DataForSeoBot/1.0; +https://dataforseo.com/dataforseo-bot)"
57.141.20.4 - - [24/Dec/2025:08:06:45 -0500] "GET /?_g=3645126 HTTP/1.1" 200 215329 "-" "meta-externalagent/1.1 (+https://developers.facebook.com/docs/sharing/webmasters/crawler)"
176.123.4.135 - - [24/Dec/2025:08:06:45 -0500] "GET /wp-admin/edit.php HTTP/1.1" 503 19545 "https://bahiaparaisosuites.com/wp-login.php" "Mozilla/5.0 (Macintosh; Intel Mac OS X 13_6_1) AppleWebKit/605.1.15 (KHTML, like Gecko) Version/17.1 Safari/605.1.15"
74.7.227.39 - - [24/Dec/2025:08:06:45 -0500] "GET /?_g=3391059 HTTP/1.1" 200 215329 "-" "Mozilla/5.0 AppleWebKit/537.36 (KHTML, like Gecko; compatible; GPTBot/1.3; +https://openai.com/gptbot)"
74.7.227.39 - - [24/Dec/2025:08:06:46 -0500] "GET /?_g=4015995 HTTP/1.1" 200 215329 "-" "Mozilla/5.0 AppleWebKit/537.36 (KHTML, like Gecko; compatible; GPTBot/1.3; +https://openai.com/gptbot)"
74.7.227.39 - - [24/Dec/2025:08:06:46 -0500] "GET /?_g=1655431 HTTP/1.1" 200 215329 "-" "Mozilla/5.0 AppleWebKit/537.36 (KHTML, like Gecko; compatible; GPTBot/1.3; +https://openai.com/gptbot)"
74.7.227.39 - - [24/Dec/2025:08:06:47 -0500] "GET /?_g=3563450 HTTP/1.1" 200 215329 "-" "Mozilla/5.0 AppleWebKit/537.36 (KHTML, like Gecko; compatible; GPTBot/1.3; +https://openai.com/gptbot)"
74.7.227.39 - - [24/Dec/2025:08:06:48 -0500] "GET /?_g=1540910 HTTP/1.1" 200 215329 "-" "Mozilla/5.0 AppleWebKit/537.36 (KHTML, like Gecko; compatible; GPTBot/1.3; +https://openai.com/gptbot)"
136.243.228.195 - - [24/Dec/2025:08:06:47 -0500] "GET /?_g=236027 HTTP/1.1" 200 215329 "-" "Mozilla/5.0 (compatible; DataForSeoBot/1.0; +https://dataforseo.com/dataforseo-bot)"
198.50.127.198 - - [24/Dec/2025:08:06:49 -0500] "POST /wp-cron.php?doing_wp_cron=1766581609.2374320030212402343750 HTTP/1.1" 200 - "-" "WordPress/6.9; https://bahiaparaisosuites.com"
74.7.227.39 - - [24/Dec/2025:08:06:48 -0500] "GET /?_g=3091324 HTTP/1.1" 200 215329 "-" "Mozilla/5.0 AppleWebKit/537.36 (KHTML, like Gecko; compatible; GPTBot/1.3; +https://openai.com/gptbot)"
74.7.227.39 - - [24/Dec/2025:08:06:49 -0500] "GET /?_g=3363489 HTTP/1.1" 200 215329 "-" "Mozilla/5.0 AppleWebKit/537.36 (KHTML, like Gecko; compatible; GPTBot/1.3; +https://openai.com/gptbot)"
57.141.20.56 - - [24/Dec/2025:08:06:50 -0500] "GET /?_g=236569 HTTP/1.1" 200 215329 "-" "meta-externalagent/1.1 (+https://developers.facebook.com/docs/sharing/webmasters/crawler)"
74.7.227.39 - - [24/Dec/2025:08:06:50 -0500] "GET /?_g=2357938 HTTP/1.1" 200 215329 "-" "Mozilla/5.0 AppleWebKit/537.36 (KHTML, like Gecko; compatible; GPTBot/1.3; +https://openai.com/gptbot)"
85.208.96.198 - - [24/Dec/2025:08:06:50 -0500] "GET /?_g=852316 HTTP/1.1" 200 215329 "-" "Mozilla/5.0 (compatible; SemrushBot/7~bl; +http://www.semrush.com/bot.html)"
74.7.227.39 - - [24/Dec/2025:08:06:50 -0500] "GET /?_g=3013274 HTTP/1.1" 200 215329 "-" "Mozilla/5.0 AppleWebKit/537.36 (KHTML, like Gecko; compatible; GPTBot/1.3; +https://openai.com/gptbot)"
74.7.227.39 - - [24/Dec/2025:08:06:51 -0500] "GET /?_g=1239513 HTTP/1.1" 200 215329 "-" "Mozilla/5.0 AppleWebKit/537.36 (KHTML, like Gecko; compatible; GPTBot/1.3; +https://openai.com/gptbot)"
74.7.227.39 - - [24/Dec/2025:08:06:51 -0500] "GET /?_g=2298685 HTTP/1.1" 200 215329 "-" "Mozilla/5.0 AppleWebKit/537.36 (KHTML, like Gecko; compatible; GPTBot/1.3; +https://openai.com/gptbot)"
74.7.227.39 - - [24/Dec/2025:08:06:52 -0500] "GET /?_g=1217093 HTTP/1.1" 200 215329 "-" "Mozilla/5.0 AppleWebKit/537.36 (KHTML, like Gecko; compatible; GPTBot/1.3; +https://openai.com/gptbot)"
136.243.228.195 - - [24/Dec/2025:08:06:51 -0500] "GET /?_g=884040 HTTP/1.1" 200 215329 "-" "Mozilla/5.0 (compatible; DataForSeoBot/1.0; +https://dataforseo.com/dataforseo-bot)"
74.7.227.39 - - [24/Dec/2025:08:06:53 -0500] "GET /?_g=3060191 HTTP/1.1" 200 215329 "-" "Mozilla/5.0 AppleWebKit/537.36 (KHTML, like Gecko; compatible; GPTBot/1.3; +https://openai.com/gptbot)"
74.7.227.39 - - [24/Dec/2025:08:06:53 -0500] "GET /?_g=2905615 HTTP/1.1" 200 215329 "-" "Mozilla/5.0 AppleWebKit/537.36 (KHTML, like Gecko; compatible; GPTBot/1.3; +https://openai.com/gptbot)"
74.7.227.39 - - [24/Dec/2025:08:06:54 -0500] "GET /?_g=1412476 HTTP/1.1" 200 215329 "-" "Mozilla/5.0 AppleWebKit/537.36 (KHTML, like Gecko; compatible; GPTBot/1.3; +https://openai.com/gptbot)"
74.7.227.39 - - [24/Dec/2025:08:06:54 -0500] "GET /?_g=3179921 HTTP/1.1" 200 215329 "-" "Mozilla/5.0 AppleWebKit/537.36 (KHTML, like Gecko; compatible; GPTBot/1.3; +https://openai.com/gptbot)"
74.7.227.39 - - [24/Dec/2025:08:06:55 -0500] "GET /?_g=1177349 HTTP/1.1" 200 215329 "-" "Mozilla/5.0 AppleWebKit/537.36 (KHTML, like Gecko; compatible; GPTBot/1.3; +https://openai.com/gptbot)"
74.7.227.39 - - [24/Dec/2025:08:06:56 -0500] "GET /?_g=1055079 HTTP/1.1" 200 215329 "-" "Mozilla/5.0 AppleWebKit/537.36 (KHTML, like Gecko; compatible; GPTBot/1.3; +https://openai.com/gptbot)"
136.243.228.195 - - [24/Dec/2025:08:06:55 -0500] "GET /?_g=2000745 HTTP/1.1" 200 215329 "-" "Mozilla/5.0 (compatible; DataForSeoBot/1.0; +https://dataforseo.com/dataforseo-bot)"
74.7.227.39 - - [24/Dec/2025:08:06:56 -0500] "GET /?_g=1604241 HTTP/1.1" 200 215329 "-" "Mozilla/5.0 AppleWebKit/537.36 (KHTML, like Gecko; compatible; GPTBot/1.3; +https://openai.com/gptbot)"
74.7.227.39 - - [24/Dec/2025:08:06:57 -0500] "GET /?_g=4080171 HTTP/1.1" 200 215329 "-" "Mozilla/5.0 AppleWebKit/537.36 (KHTML, like Gecko; compatible; GPTBot/1.3; +https://openai.com/gptbot)"
74.7.227.39 - - [24/Dec/2025:08:06:57 -0500] "GET /?_g=2676165 HTTP/1.1" 200 215329 "-" "Mozilla/5.0 AppleWebKit/537.36 (KHTML, like Gecko; compatible; GPTBot/1.3; +https://openai.com/gptbot)"
74.7.227.39 - - [24/Dec/2025:08:06:58 -0500] "GET /?_g=2093155 HTTP/1.1" 200 215329 "-" "Mozilla/5.0 AppleWebKit/537.36 (KHTML, like Gecko; compatible; GPTBot/1.3; +https://openai.com/gptbot)"
198.50.127.198 - - [24/Dec/2025:08:06:59 -0500] "POST /wp-cron.php?doing_wp_cron=1766581619.5227808952331542968750 HTTP/1.1" 200 - "-" "WordPress/6.9; https://bahiaparaisosuites.com"
74.7.227.39 - - [24/Dec/2025:08:06:59 -0500] "GET /?_g=2469883 HTTP/1.1" 200 215329 "-" "Mozilla/5.0 AppleWebKit/537.36 (KHTML, like Gecko; compatible; GPTBot/1.3; +https://openai.com/gptbot)"
176.123.4.135 - - [24/Dec/2025:08:06:59 -0500] "GET /wp-admin/plugins.php HTTP/1.1" 503 19545 "https://bahiaparaisosuites.com/wp-login.php" "Mozilla/5.0 (Macintosh; Intel Mac OS X 13_6_1) AppleWebKit/605.1.15 (KHTML, like Gecko) Version/17.1 Safari/605.1.15"
74.7.227.39 - - [24/Dec/2025:08:06:59 -0500] "GET /?_g=2845628 HTTP/1.1" 200 215329 "-" "Mozilla/5.0 AppleWebKit/537.36 (KHTML, like Gecko; compatible; GPTBot/1.3; +https://openai.com/gptbot)"
136.243.228.195 - - [24/Dec/2025:08:06:59 -0500] "GET /?_g=2100093 HTTP/1.1" 200 215329 "-" "Mozilla/5.0 (compatible; DataForSeoBot/1.0; +https://dataforseo.com/dataforseo-bot)"
74.7.227.39 - - [24/Dec/2025:08:07:00 -0500] "GET /?_g=2698184 HTTP/1.1" 200 215329 "-" "Mozilla/5.0 AppleWebKit/537.36 (KHTML, like Gecko; compatible; GPTBot/1.3; +https://openai.com/gptbot)"
74.7.227.39 - - [24/Dec/2025:08:07:01 -0500] "GET /?_g=2844081 HTTP/1.1" 200 215329 "-" "Mozilla/5.0 AppleWebKit/537.36 (KHTML, like Gecko; compatible; GPTBot/1.3; +https://openai.com/gptbot)"
74.7.227.39 - - [24/Dec/2025:08:07:01 -0500] "GET /?_g=1172646 HTTP/1.1" 200 215329 "-" "Mozilla/5.0 AppleWebKit/537.36 (KHTML, like Gecko; compatible; GPTBot/1.3; +https://openai.com/gptbot)"
74.7.227.39 - - [24/Dec/2025:08:07:02 -0500] "GET /?_g=3096228 HTTP/1.1" 200 215329 "-" "Mozilla/5.0 AppleWebKit/537.36 (KHTML, like Gecko; compatible; GPTBot/1.3; +https://openai.com/gptbot)"
74.7.227.39 - - [24/Dec/2025:08:07:02 -0500] "GET /?_g=2574155 HTTP/1.1" 200 215329 "-" "Mozilla/5.0 AppleWebKit/537.36 (KHTML, like Gecko; compatible; GPTBot/1.3; +https://openai.com/gptbot)"
74.7.227.39 - - [24/Dec/2025:08:07:03 -0500] "GET /?_g=3711563 HTTP/1.1" 200 215329 "-" "Mozilla/5.0 AppleWebKit/537.36 (KHTML, like Gecko; compatible; GPTBot/1.3; +https://openai.com/gptbot)"
74.7.227.39 - - [24/Dec/2025:08:07:04 -0500] "GET /?_g=3830178 HTTP/1.1" 200 215329 "-" "Mozilla/5.0 AppleWebKit/537.36 (KHTML, like Gecko; compatible; GPTBot/1.3; +https://openai.com/gptbot)"
136.243.228.195 - - [24/Dec/2025:08:07:03 -0500] "GET /?_g=2584421 HTTP/1.1" 200 215329 "-" "Mozilla/5.0 (compatible; DataForSeoBot/1.0; +https://dataforseo.com/dataforseo-bot)"
74.7.227.39 - - [24/Dec/2025:08:07:04 -0500] "GET /?_g=3205583 HTTP/1.1" 200 215329 "-" "Mozilla/5.0 AppleWebKit/537.36 (KHTML, like Gecko; compatible; GPTBot/1.3; +https://openai.com/gptbot)"
74.7.227.39 - - [24/Dec/2025:08:07:05 -0500] "GET /?_g=3374255 HTTP/1.1" 200 215329 "-" "Mozilla/5.0 AppleWebKit/537.36 (KHTML, like Gecko; compatible; GPTBot/1.3; +https://openai.com/gptbot)"
74.7.227.39 - - [24/Dec/2025:08:07:06 -0500] "GET /?_g=2738599 HTTP/1.1" 200 215329 "-" "Mozilla/5.0 AppleWebKit/537.36 (KHTML, like Gecko; compatible; GPTBot/1.3; +https://openai.com/gptbot)"
74.7.227.39 - - [24/Dec/2025:08:07:06 -0500] "GET /?_g=2085414 HTTP/1.1" 200 215329 "-" "Mozilla/5.0 AppleWebKit/537.36 (KHTML, like Gecko; compatible; GPTBot/1.3; +https://openai.com/gptbot)"
74.7.227.39 - - [24/Dec/2025:08:07:07 -0500] "GET /?_g=2734941 HTTP/1.1" 200 215329 "-" "Mozilla/5.0 AppleWebKit/537.36 (KHTML, like Gecko; compatible; GPTBot/1.3; +https://openai.com/gptbot)"
74.7.227.39 - - [24/Dec/2025:08:07:07 -0500] "GET /?_g=1240047 HTTP/1.1" 200 215329 "-" "Mozilla/5.0 AppleWebKit/537.36 (KHTML, like Gecko; compatible; GPTBot/1.3; +https://openai.com/gptbot)"
136.243.228.195 - - [24/Dec/2025:08:07:07 -0500] "GET /?_g=3096548 HTTP/1.1" 200 215329 "-" "Mozilla/5.0 (compatible; DataForSeoBot/1.0; +https://dataforseo.com/dataforseo-bot)"
198.50.127.198 - - [24/Dec/2025:08:07:09 -0500] "POST /wp-cron.php?doing_wp_cron=1766581629.0090010166168212890625 HTTP/1.1" 200 - "-" "WordPress/6.9; https://bahiaparaisosuites.com"
74.7.227.39 - - [24/Dec/2025:08:07:08 -0500] "GET /?_g=3137605 HTTP/1.1" 200 215329 "-" "Mozilla/5.0 AppleWebKit/537.36 (KHTML, like Gecko; compatible; GPTBot/1.3; +https://openai.com/gptbot)"
74.7.227.39 - - [24/Dec/2025:08:07:09 -0500] "GET /?_g=3167724 HTTP/1.1" 200 215329 "-" "Mozilla/5.0 AppleWebKit/537.36 (KHTML, like Gecko; compatible; GPTBot/1.3; +https://openai.com/gptbot)"
74.7.227.39 - - [24/Dec/2025:08:07:09 -0500] "GET /?_g=3871675 HTTP/1.1" 200 215329 "-" "Mozilla/5.0 AppleWebKit/537.36 (KHTML, like Gecko; compatible; GPTBot/1.3; +https://openai.com/gptbot)"
74.7.227.39 - - [24/Dec/2025:08:07:10 -0500] "GET /?_g=3082566 HTTP/1.1" 200 215329 "-" "Mozilla/5.0 AppleWebKit/537.36 (KHTML, like Gecko; compatible; GPTBot/1.3; +https://openai.com/gptbot)"
74.7.227.39 - - [24/Dec/2025:08:07:11 -0500] "GET /?_g=2458914 HTTP/1.1" 200 215329 "-" "Mozilla/5.0 AppleWebKit/537.36 (KHTML, like Gecko; compatible; GPTBot/1.3; +https://openai.com/gptbot)"
74.7.227.39 - - [24/Dec/2025:08:07:11 -0500] "GET /?_g=1872526 HTTP/1.1" 200 215329 "-" "Mozilla/5.0 AppleWebKit/537.36 (KHTML, like Gecko; compatible; GPTBot/1.3; +https://openai.com/gptbot)"
74.7.227.39 - - [24/Dec/2025:08:07:12 -0500] "GET /?_g=1562484 HTTP/1.1" 200 215329 "-" "Mozilla/5.0 AppleWebKit/537.36 (KHTML, like Gecko; compatible; GPTBot/1.3; +https://openai.com/gptbot)"
74.7.227.39 - - [24/Dec/2025:08:07:13 -0500] "GET /?_g=1431054 HTTP/1.1" 200 215329 "-" "Mozilla/5.0 AppleWebKit/537.36 (KHTML, like Gecko; compatible; GPTBot/1.3; +https://openai.com/gptbot)"
136.243.228.195 - - [24/Dec/2025:08:07:12 -0500] "GET /?_g=3127156 HTTP/1.1" 200 215329 "-" "Mozilla/5.0 (compatible; DataForSeoBot/1.0; +https://dataforseo.com/dataforseo-bot)"
74.7.227.39 - - [24/Dec/2025:08:07:13 -0500] "GET /?_g=3452973 HTTP/1.1" 200 215329 "-" "Mozilla/5.0 AppleWebKit/537.36 (KHTML, like Gecko; compatible; GPTBot/1.3; +https://openai.com/gptbot)"
176.123.4.135 - - [24/Dec/2025:08:07:14 -0500] "POST /wp-login.php HTTP/1.1" 503 18253 "https://bahiaparaisosuites.com/wp-login.php" "Mozilla/5.0 (Macintosh; Intel Mac OS X 13_6_1) AppleWebKit/537.36 (KHTML, like Gecko) Chrome/119.0.0.0 Safari/537.36"
198.50.127.198 - - [24/Dec/2025:08:07:14 -0500] "POST /?wordfence_syncAttackData=1766581634.3698 HTTP/1.1" 200 - "-" "WordPress/6.9; https://bahiaparaisosuites.com"
74.7.227.39 - - [24/Dec/2025:08:07:14 -0500] "GET /?_g=1545996 HTTP/1.1" 200 215329 "-" "Mozilla/5.0 AppleWebKit/537.36 (KHTML, like Gecko; compatible; GPTBot/1.3; +https://openai.com/gptbot)"
74.7.227.39 - - [24/Dec/2025:08:07:15 -0500] "GET /?_g=1245518 HTTP/1.1" 200 215329 "-" "Mozilla/5.0 AppleWebKit/537.36 (KHTML, like Gecko; compatible; GPTBot/1.3; +https://openai.com/gptbot)"
74.7.227.39 - - [24/Dec/2025:08:07:15 -0500] "GET /?_g=4007560 HTTP/1.1" 200 215329 "-" "Mozilla/5.0 AppleWebKit/537.36 (KHTML, like Gecko; compatible; GPTBot/1.3; +https://openai.com/gptbot)"
74.7.227.39 - - [24/Dec/2025:08:07:16 -0500] "GET /?_g=3840313 HTTP/1.1" 200 215329 "-" "Mozilla/5.0 AppleWebKit/537.36 (KHTML, like Gecko; compatible; GPTBot/1.3; +https://openai.com/gptbot)"
185.191.171.15 - - [24/Dec/2025:08:07:16 -0500] "GET /?_g=2545504 HTTP/1.1" 200 215329 "-" "Mozilla/5.0 (compatible; SemrushBot/7~bl; +http://www.semrush.com/bot.html)"
136.243.228.195 - - [24/Dec/2025:08:07:16 -0500] "GET /?_g=2686705 HTTP/1.1" 200 215329 "-" "Mozilla/5.0 (compatible; DataForSeoBot/1.0; +https://dataforseo.com/dataforseo-bot)"
74.7.227.39 - - [24/Dec/2025:08:07:17 -0500] "GET /?_g=4032638 HTTP/1.1" 200 215329 "-" "Mozilla/5.0 AppleWebKit/537.36 (KHTML, like Gecko; compatible; GPTBot/1.3; +https://openai.com/gptbot)"
198.50.127.198 - - [24/Dec/2025:08:07:18 -0500] "POST /wp-cron.php?doing_wp_cron=1766581638.0717670917510986328125 HTTP/1.1" 200 - "-" "WordPress/6.9; https://bahiaparaisosuites.com"
74.7.227.39 - - [24/Dec/2025:08:07:17 -0500] "GET /?_g=3035731 HTTP/1.1" 200 215329 "-" "Mozilla/5.0 AppleWebKit/537.36 (KHTML, like Gecko; compatible; GPTBot/1.3; +https://openai.com/gptbot)"
74.7.227.39 - - [24/Dec/2025:08:07:18 -0500] "GET /?_g=2609003 HTTP/1.1" 200 215329 "-" "Mozilla/5.0 AppleWebKit/537.36 (KHTML, like Gecko; compatible; GPTBot/1.3; +https://openai.com/gptbot)"
57.141.20.8 - - [24/Dec/2025:08:07:18 -0500] "GET /?_g=765206 HTTP/1.1" 200 215329 "-" "meta-externalagent/1.1 (+https://developers.facebook.com/docs/sharing/webmasters/crawler)"
198.50.127.198 - - [24/Dec/2025:08:07:19 -0500] "POST /wp-cron.php?doing_wp_cron=1766581639.3055009841918945312500 HTTP/1.1" 200 - "-" "WordPress/6.9; https://bahiaparaisosuites.com"
74.7.227.39 - - [24/Dec/2025:08:07:18 -0500] "GET /?_g=2740394 HTTP/1.1" 200 215329 "-" "Mozilla/5.0 AppleWebKit/537.36 (KHTML, like Gecko; compatible; GPTBot/1.3; +https://openai.com/gptbot)"
74.7.227.39 - - [24/Dec/2025:08:07:19 -0500] "GET /?_g=2035991 HTTP/1.1" 200 215329 "-" "Mozilla/5.0 AppleWebKit/537.36 (KHTML, like Gecko; compatible; GPTBot/1.3; +https://openai.com/gptbot)"
74.7.227.39 - - [24/Dec/2025:08:07:20 -0500] "GET /?_g=3219763 HTTP/1.1" 200 215329 "-" "Mozilla/5.0 AppleWebKit/537.36 (KHTML, like Gecko; compatible; GPTBot/1.3; +https://openai.com/gptbot)"
136.243.228.195 - - [24/Dec/2025:08:07:19 -0500] "GET /?_g=3487813 HTTP/1.1" 200 215329 "-" "Mozilla/5.0 (compatible; DataForSeoBot/1.0; +https://dataforseo.com/dataforseo-bot)"
74.7.227.39 - - [24/Dec/2025:08:07:20 -0500] "GET /?_g=1194886 HTTP/1.1" 200 215329 "-" "Mozilla/5.0 AppleWebKit/537.36 (KHTML, like Gecko; compatible; GPTBot/1.3; +https://openai.com/gptbot)"
74.7.227.39 - - [24/Dec/2025:08:07:21 -0500] "GET /?_g=1235546 HTTP/1.1" 200 215329 "-" "Mozilla/5.0 AppleWebKit/537.36 (KHTML, like Gecko; compatible; GPTBot/1.3; +https://openai.com/gptbot)"
74.7.227.39 - - [24/Dec/2025:08:07:22 -0500] "GET /?_g=1729831 HTTP/1.1" 200 215329 "-" "Mozilla/5.0 AppleWebKit/537.36 (KHTML, like Gecko; compatible; GPTBot/1.3; +https://openai.com/gptbot)"
74.7.227.39 - - [24/Dec/2025:08:07:22 -0500] "GET /?_g=1852483 HTTP/1.1" 200 215329 "-" "Mozilla/5.0 AppleWebKit/537.36 (KHTML, like Gecko; compatible; GPTBot/1.3; +https://openai.com/gptbot)"
74.7.227.39 - - [24/Dec/2025:08:07:23 -0500] "GET /?_g=3842589 HTTP/1.1" 200 215329 "-" "Mozilla/5.0 AppleWebKit/537.36 (KHTML, like Gecko; compatible; GPTBot/1.3; +https://openai.com/gptbot)"
185.191.171.6 - - [24/Dec/2025:08:07:23 -0500] "GET /?_g=3823775 HTTP/1.1" 200 215329 "-" "Mozilla/5.0 (compatible; SemrushBot/7~bl; +http://www.semrush.com/bot.html)"
74.7.227.39 - - [24/Dec/2025:08:07:23 -0500] "GET /?_g=2091878 HTTP/1.1" 200 215329 "-" "Mozilla/5.0 AppleWebKit/537.36 (KHTML, like Gecko; compatible; GPTBot/1.3; +https://openai.com/gptbot)"
74.7.227.39 - - [24/Dec/2025:08:07:24 -0500] "GET /?_g=3944372 HTTP/1.1" 200 215329 "-" "Mozilla/5.0 AppleWebKit/537.36 (KHTML, like Gecko; compatible; GPTBot/1.3; +https://openai.com/gptbot)"
136.243.228.195 - - [24/Dec/2025:08:07:23 -0500] "GET /?_g=3382507 HTTP/1.1" 200 215329 "-" "Mozilla/5.0 (compatible; DataForSeoBot/1.0; +https://dataforseo.com/dataforseo-bot)"
74.7.227.39 - - [24/Dec/2025:08:07:25 -0500] "GET /?_g=2606511 HTTP/1.1" 200 215329 "-" "Mozilla/5.0 AppleWebKit/537.36 (KHTML, like Gecko; compatible; GPTBot/1.3; +https://openai.com/gptbot)"
74.7.227.39 - - [24/Dec/2025:08:07:25 -0500] "GET /?_g=3369497 HTTP/1.1" 200 215329 "-" "Mozilla/5.0 AppleWebKit/537.36 (KHTML, like Gecko; compatible; GPTBot/1.3; +https://openai.com/gptbot)"
185.191.171.10 - - [24/Dec/2025:08:07:25 -0500] "GET /?_g=2792748 HTTP/1.1" 200 215329 "-" "Mozilla/5.0 (compatible; SemrushBot/7~bl; +http://www.semrush.com/bot.html)"
74.7.227.39 - - [24/Dec/2025:08:07:26 -0500] "GET /?_g=3214387 HTTP/1.1" 200 215329 "-" "Mozilla/5.0 AppleWebKit/537.36 (KHTML, like Gecko; compatible; GPTBot/1.3; +https://openai.com/gptbot)"
74.7.227.39 - - [24/Dec/2025:08:07:27 -0500] "GET /?_g=2580811 HTTP/1.1" 200 215329 "-" "Mozilla/5.0 AppleWebKit/537.36 (KHTML, like Gecko; compatible; GPTBot/1.3; +https://openai.com/gptbot)"
74.7.227.39 - - [24/Dec/2025:08:07:27 -0500] "GET /?_g=3486456 HTTP/1.1" 200 215329 "-" "Mozilla/5.0 AppleWebKit/537.36 (KHTML, like Gecko; compatible; GPTBot/1.3; +https://openai.com/gptbot)"
74.7.227.39 - - [24/Dec/2025:08:07:28 -0500] "GET /?_g=2518983 HTTP/1.1" 200 215329 "-" "Mozilla/5.0 AppleWebKit/537.36 (KHTML, like Gecko; compatible; GPTBot/1.3; +https://openai.com/gptbot)"
136.243.228.195 - - [24/Dec/2025:08:07:27 -0500] "GET /?_g=3023999 HTTP/1.1" 200 215329 "-" "Mozilla/5.0 (compatible; DataForSeoBot/1.0; +https://dataforseo.com/dataforseo-bot)"
198.50.127.198 - - [24/Dec/2025:08:07:29 -0500] "POST /wp-cron.php?doing_wp_cron=1766581649.2859129905700683593750 HTTP/1.1" 200 - "-" "WordPress/6.9; https://bahiaparaisosuites.com"
74.7.227.39 - - [24/Dec/2025:08:07:28 -0500] "GET /?_g=1922062 HTTP/1.1" 200 215329 "-" "Mozilla/5.0 AppleWebKit/537.36 (KHTML, like Gecko; compatible; GPTBot/1.3; +https://openai.com/gptbot)"
176.123.4.135 - - [24/Dec/2025:08:07:29 -0500] "GET /wp-admin/index.php HTTP/1.1" 503 19545 "https://bahiaparaisosuites.com/wp-login.php" "Mozilla/5.0 (X11; Linux x86_64) AppleWebKit/537.36 (KHTML, like Gecko) Chrome/119.0.0.0 Safari/537.36"
74.7.227.39 - - [24/Dec/2025:08:07:29 -0500] "GET /?_g=2593033 HTTP/1.1" 200 215329 "-" "Mozilla/5.0 AppleWebKit/537.36 (KHTML, like Gecko; compatible; GPTBot/1.3; +https://openai.com/gptbot)"
74.7.227.39 - - [24/Dec/2025:08:07:30 -0500] "GET /?_g=1544382 HTTP/1.1" 200 215329 "-" "Mozilla/5.0 AppleWebKit/537.36 (KHTML, like Gecko; compatible; GPTBot/1.3; +https://openai.com/gptbot)"
74.7.227.39 - - [24/Dec/2025:08:07:30 -0500] "GET /?_g=2929645 HTTP/1.1" 200 215329 "-" "Mozilla/5.0 AppleWebKit/537.36 (KHTML, like Gecko; compatible; GPTBot/1.3; +https://openai.com/gptbot)"
