136.243.228.195 - - [24/Dec/2025:08:01:24 -0500] "GET /?_g=457638 HTTP/1.1" 200 215329 "-" "Mozilla/5.0 (compatible; DataForSeoBot/1.0; +https://dataforseo.com/dataforseo-bot)"
176.123.4.135 - - [24/Dec/2025:08:01:27 -0500] "GET /wp-admin/plugins.php HTTP/1.1" 503 19545 "https://bahiaparaisosuites.com/wp-login.php" "Mozilla/5.0 (Macintosh; Intel Mac OS X 10_15_7) AppleWebKit/605.1.15 (KHTML, like Gecko) Version/17.1 Safari/605.1.15"
136.243.228.195 - - [24/Dec/2025:08:01:27 -0500] "GET /?_g=2950892 HTTP/1.1" 200 215329 "-" "Mozilla/5.0 (compatible; DataForSeoBot/1.0; +https://dataforseo.com/dataforseo-bot)"
57.141.20.11 - - [24/Dec/2025:08:01:30 -0500] "GET /?_g=1516672 HTTP/1.1" 200 215329 "-" "meta-externalagent/1.1 (+https://developers.facebook.com/docs/sharing/webmasters/crawler)"
136.243.228.195 - - [24/Dec/2025:08:01:31 -0500] "GET /?_g=3146337 HTTP/1.1" 200 215329 "-" "Mozilla/5.0 (compatible; DataForSeoBot/1.0; +https://dataforseo.com/dataforseo-bot)"
198.50.127.198 - - [24/Dec/2025:08:01:35 -0500] "POST /wp-cron.php?doing_wp_cron=1766581295.5583488941192626953125 HTTP/1.1" 200 - "-" "WordPress/6.9; https://bahiaparaisosuites.com"
185.191.171.6 - - [24/Dec/2025:08:01:35 -0500] "GET /?_g=3888686 HTTP/1.1" 200 215329 "-" "Mozilla/5.0 (compatible; SemrushBot/7~bl; +http://www.semrush.com/bot.html)"
136.243.228.195 - - [24/Dec/2025:08:01:36 -0500] "GET /?_g=1753797 HTTP/1.1" 200 215329 "-" "Mozilla/5.0 (compatible; DataForSeoBot/1.0; +https://dataforseo.com/dataforseo-bot)"
198.50.127.198 - - [24/Dec/2025:08:01:39 -0500] "POST /wp-cron.php?doing_wp_cron=1766581299.2359681129455566406250 HTTP/1.1" 200 - "-" "WordPress/6.9; https://bahiaparaisosuites.com"
185.191.171.6 - - [24/Dec/2025:08:01:38 -0500] "GET /?_g=1508259 HTTP/1.1" 200 215329 "-" "Mozilla/5.0 (compatible; SemrushBot/7~bl; +http://www.semrush.com/bot.html)"
176.123.4.135 - - [24/Dec/2025:08:01:40 -0500] "POST /wp-login.php HTTP/1.1" 503 18253 "https://bahiaparaisosuites.com/wp-login.php" "Mozilla/5.0 (Macintosh; Intel Mac OS X 13_6_1) AppleWebKit/537.36 (KHTML, like Gecko) Chrome/120.0.0.0 Safari/537.36"
136.243.228.195 - - [24/Dec/2025:08:01:39 -0500] "GET /?_g=1143225 HTTP/1.1" 200 215329 "-" "Mozilla/5.0 (compatible; DataForSeoBot/1.0; +https://dataforseo.com/dataforseo-bot)"
198.50.127.198 - - [24/Dec/2025:08:01:43 -0500] "POST /?wordfence_syncAttackData=1766581303.66 HTTP/1.1" 200 - "-" "WordPress/6.9; https://bahiaparaisosuites.com"
136.243.228.195 - - [24/Dec/2025:08:01:43 -0500] "GET /?_g=46284 HTTP/1.1" 200 215329 "-" "Mozilla/5.0 (compatible; DataForSeoBot/1.0; +https://dataforseo.com/dataforseo-bot)"
136.243.228.195 - - [24/Dec/2025:08:01:47 -0500] "GET /?_g=2478485 HTTP/1.1" 200 215329 "-" "Mozilla/5.0 (compatible; DataForSeoBot/1.0; +https://dataforseo.com/dataforseo-bot)"
198.50.127.198 - - [24/Dec/2025:08:01:50 -0500] "POST /wp-cron.php?doing_wp_cron=1766581310.4953320026397705078125 HTTP/1.1" 200 - "-" "WordPress/6.9; https://bahiaparaisosuites.com"
57.141.20.54 - - [24/Dec/2025:08:01:50 -0500] "GET /?_g=141164 HTTP/1.1" 200 215329 "-" "meta-externalagent/1.1 (+https://developers.facebook.com/docs/sharing/webmasters/crawler)"
136.243.228.195 - - [24/Dec/2025:08:01:52 -0500] "GET /?_g=706840 HTTP/1.1" 200 215329 "-" "Mozilla/5.0 (compatible; DataForSeoBot/1.0; +https://dataforseo.com/dataforseo-bot)"
176.123.4.135 - - [24/Dec/2025:08:01:54 -0500] "GET /wp-admin/index.php HTTP/1.1" 503 19545 "https://bahiaparaisosuites.com/wp-login.php" "Mozilla/5.0 (X11; Ubuntu; Linux x86_64) AppleWebKit/537.36 (KHTML, like Gecko) Chrome/118.0.0.0 Safari/537.36"
57.141.20.39 - - [24/Dec/2025:08:01:55 -0500] "GET /?_g=3696897 HTTP/1.1" 200 215329 "-" "meta-externalagent/1.1 (+https://developers.facebook.com/docs/sharing/webmasters/crawler)"
136.243.228.195 - - [24/Dec/2025:08:01:55 -0500] "GET /?_g=1307970 HTTP/1.1" 200 215329 "-" "Mozilla/5.0 (compatible; DataForSeoBot/1.0; +https://dataforseo.com/dataforseo-bot)"
198.50.127.198 - - [24/Dec/2025:08:02:00 -0500] "POST /wp-cron.php?doing_wp_cron=1766581320.5494880676269531250000 HTTP/1.1" 200 - "-" "WordPress/6.9; https://bahiaparaisosuites.com"
136.243.228.195 - - [24/Dec/2025:08:02:00 -0500] "GET /?_g=767501 HTTP/1.1" 200 215329 "-" "Mozilla/5.0 (compatible; DataForSeoBot/1.0; +https://dataforseo.com/dataforseo-bot)"
185.191.171.18 - - [24/Dec/2025:08:02:02 -0500] "GET /?_g=314279 HTTP/1.1" 200 215329 "-" "Mozilla/5.0 (compatible; SemrushBot/7~bl; +http://www.semrush.com/bot.html)"
136.243.228.195 - - [24/Dec/2025:08:02:03 -0500] "GET /?_g=3541593 HTTP/1.1" 200 215329 "-" "Mozilla/5.0 (compatible; DataForSeoBot/1.0; +https://dataforseo.com/dataforseo-bot)"
57.141.20.46 - - [24/Dec/2025:08:02:06 -0500] "GET /?_g=1368471 HTTP/1.1" 200 215329 "-" "meta-externalagent/1.1 (+https://developers.facebook.com/docs/sharing/webmasters/crawler)"
136.243.228.195 - - [24/Dec/2025:08:02:07 -0500] "GET /?_g=3926662 HTTP/1.1" 200 215329 "-" "Mozilla/5.0 (compatible; DataForSeoBot/1.0; +https://dataforseo.com/dataforseo-bot)"
176.123.4.135 - - [24/Dec/2025:08:02:09 -0500] "GET /wp-admin/profile.php HTTP/1.1" 503 19545 "https://bahiaparaisosuites.com/wp-login.php" "Mozilla/5.0 (X11; Ubuntu; Linux x86_64) AppleWebKit/537.36 (KHTML, like Gecko) Chrome/118.0.0.0 Safari/537.36"
198.50.127.198 - - [24/Dec/2025:08:02:11 -0500] "POST /wp-cron.php?doing_wp_cron=1766581331.8867390155792236328125 HTTP/1.1" 200 - "-" "WordPress/6.9; https://bahiaparaisosuites.com"
136.243.228.195 - - [24/Dec/2025:08:02:11 -0500] "GET /?_g=1494664 HTTP/1.1" 200 215329 "-" "Mozilla/5.0 (compatible; DataForSeoBot/1.0; +https://dataforseo.com/dataforseo-bot)"
198.50.127.198 - - [24/Dec/2025:08:02:16 -0500] "POST /wp-cron.php?doing_wp_cron=1766581336.1865549087524414062500 HTTP/1.1" 200 - "-" "WordPress/6.9; https://bahiaparaisosuites.com"
136.243.228.195 - - [24/Dec/2025:08:02:15 -0500] "GET /?_g=2211044 HTTP/1.1" 200 215329 "-" "Mozilla/5.0 (compatible; DataForSeoBot/1.0; +https://dataforseo.com/dataforseo-bot)"
198.50.127.198 - - [24/Dec/2025:08:02:20 -0500] "POST /wp-cron.php?doing_wp_cron=1766581340.5937359333038330078125 HTTP/1.1" 200 - "-" "WordPress/6.9; https://bahiaparaisosuites.com"
136.243.228.195 - - [24/Dec/2025:08:02:20 -0500] "GET /?_g=3637323 HTTP/1.1" 200 215329 "-" "Mozilla/5.0 (compatible; DataForSeoBot/1.0; +https://dataforseo.com/dataforseo-bot)"
185.191.171.12 - - [24/Dec/2025:08:02:22 -0500] "GET /?_g=773415 HTTP/1.1" 200 215329 "-" "Mozilla/5.0 (compatible; SemrushBot/7~bl; +http://www.semrush.com/bot.html)"
198.50.127.198 - - [24/Dec/2025:08:02:24 -0500] "HEAD /wp-content/uploads/font-awesome/v6.6.0/css/svg-with-js.css HTTP/1.1" 200 - "-" "WordPress/6.9; https://bahiaparaisosuites.com"
176.123.4.135 - - [24/Dec/2025:08:02:23 -0500] "GET /wp-admin/edit.php HTTP/1.1" 302 - "https://bahiaparaisosuites.com/wp-login.php" "Mozilla/5.0 (X11; Ubuntu; Linux x86_64) AppleWebKit/537.36 (KHTML, like Gecko) Chrome/118.0.0.0 Safari/537.36"
176.123.4.135 - - [24/Dec/2025:08:02:24 -0500] "GET /wp-login.php?redirect_to=https%3A%2F%2Fbahiaparaisosuites.com%2Fwp-admin%2Fedit.php&reauth=1 HTTP/1.1" 200 11024 "https://bahiaparaisosuites.com/wp-login.php" "Mozilla/5.0 (X11; Ubuntu; Linux x86_64) AppleWebKit/537.36 (KHTML, like Gecko) Chrome/118.0.0.0 Safari/537.36"
176.123.4.135 - - [24/Dec/2025:08:02:24 -0500] "POST /wp-login.php HTTP/1.1" 503 19547 "https://bahiaparaisosuites.com/wp-login.php" "Mozilla/5.0 (Macintosh; Intel Mac OS X 13_6_1; rv:118.0) Gecko/20100101 Firefox/118.0"
136.243.228.195 - - [24/Dec/2025:08:02:23 -0500] "GET /?_g=649570 HTTP/1.1" 200 215329 "-" "Mozilla/5.0 (compatible; DataForSeoBot/1.0; +https://dataforseo.com/dataforseo-bot)"
57.141.20.27 - - [24/Dec/2025:08:02:28 -0500] "GET /?_g=1451351 HTTP/1.1" 200 215329 "-" "meta-externalagent/1.1 (+https://developers.facebook.com/docs/sharing/webmasters/crawler)"
136.243.228.195 - - [24/Dec/2025:08:02:27 -0500] "GET /?_g=2456798 HTTP/1.1" 200 215329 "-" "Mozilla/5.0 (compatible; DataForSeoBot/1.0; +https://dataforseo.com/dataforseo-bot)"
198.50.127.198 - - [24/Dec/2025:08:02:32 -0500] "POST /wp-cron.php?doing_wp_cron=1766581352.4131839275360107421875 HTTP/1.1" 200 - "-" "WordPress/6.9; https://bahiaparaisosuites.com"
57.141.20.59 - - [24/Dec/2025:08:02:32 -0500] "GET /?_g=3906682 HTTP/1.1" 200 215329 "-" "meta-externalagent/1.1 (+https://developers.facebook.com/docs/sharing/webmasters/crawler)"
136.243.228.195 - - [24/Dec/2025:08:02:31 -0500] "GET /?_g=1679543 HTTP/1.1" 200 215329 "-" "Mozilla/5.0 (compatible; DataForSeoBot/1.0; +https://dataforseo.com/dataforseo-bot)"
57.141.20.40 - - [24/Dec/2025:08:02:33 -0500] "GET /?_g=2558920 HTTP/1.1" 200 215329 "-" "meta-externalagent/1.1 (+https://developers.facebook.com/docs/sharing/webmasters/crawler)"
185.191.171.16 - - [24/Dec/2025:08:02:33 -0500] "GET /?_g=354899 HTTP/1.1" 200 215329 "-" "Mozilla/5.0 (compatible; SemrushBot/7~bl; +http://www.semrush.com/bot.html)"
57.141.20.25 - - [24/Dec/2025:08:02:34 -0500] "GET /?_g=43047 HTTP/1.1" 200 215329 "-" "meta-externalagent/1.1 (+https://developers.facebook.com/docs/sharing/webmasters/crawler)"
136.243.228.195 - - [24/Dec/2025:08:02:35 -0500] "GET /?_g=2812189 HTTP/1.1" 200 215329 "-" "Mozilla/5.0 (compatible; DataForSeoBot/1.0; +https://dataforseo.com/dataforseo-bot)"
198.50.127.198 - - [24/Dec/2025:08:02:40 -0500] "POST /wp-cron.php?doing_wp_cron=1766581360.1221361160278320312500 HTTP/1.1" 200 - "-" "WordPress/6.9; https://bahiaparaisosuites.com"
185.191.171.13 - - [24/Dec/2025:08:02:39 -0500] "GET /?_g=2013885 HTTP/1.1" 200 215329 "-" "Mozilla/5.0 (compatible; SemrushBot/7~bl; +http://www.semrush.com/bot.html)"
198.50.127.198 - - [24/Dec/2025:08:02:40 -0500] "POST /wp-cron.php?doing_wp_cron=1766581360.4416038990020751953125 HTTP/1.1" 200 - "-" "WordPress/6.9; https://bahiaparaisosuites.com"
176.123.4.135 - - [24/Dec/2025:08:02:40 -0500] "GET /wp-admin/index.php HTTP/1.1" 503 19545 "https://bahiaparaisosuites.com/wp-login.php" "Mozilla/5.0 (X11; Ubuntu; Linux x86_64) AppleWebKit/537.36 (KHTML, like Gecko) Chrome/121.0.0.0 Safari/537.36"
136.243.228.195 - - [24/Dec/2025:08:02:40 -0500] "GET /?_g=2552914 HTTP/1.1" 200 215329 "-" "Mozilla/5.0 (compatible; DataForSeoBot/1.0; +https://dataforseo.com/dataforseo-bot)"
136.243.228.195 - - [24/Dec/2025:08:02:43 -0500] "GET /?_g=2676593 HTTP/1.1" 200 215329 "-" "Mozilla/5.0 (compatible; DataForSeoBot/1.0; +https://dataforseo.com/dataforseo-bot)"
57.141.20.35 - - [24/Dec/2025:08:02:45 -0500] "GET /?_g=203115 HTTP/1.1" 200 215329 "-" "meta-externalagent/1.1 (+https://developers.facebook.com/docs/sharing/webmasters/crawler)"
136.243.228.195 - - [24/Dec/2025:08:02:48 -0500] "GET /?_g=3454204 HTTP/1.1" 200 215329 "-" "Mozilla/5.0 (compatible; DataForSeoBot/1.0; +https://dataforseo.com/dataforseo-bot)"
57.141.20.20 - - [24/Dec/2025:08:02:49 -0500] "GET /?_g=3693818 HTTP/1.1" 200 215329 "-" "meta-externalagent/1.1 (+https://developers.facebook.com/docs/sharing/webmasters/crawler)"
57.141.20.24 - - [24/Dec/2025:08:02:50 -0500] "GET /?_g=2002025 HTTP/1.1" 200 215329 "-" "meta-externalagent/1.1 (+https://developers.facebook.com/docs/sharing/webmasters/crawler)"
136.243.228.195 - - [24/Dec/2025:08:02:52 -0500] "GET /?_g=2120238 HTTP/1.1" 200 215329 "-" "Mozilla/5.0 (compatible; DataForSeoBot/1.0; +https://dataforseo.com/dataforseo-bot)"
176.123.4.135 - - [24/Dec/2025:08:02:55 -0500] "GET /wp-admin/profile.php HTTP/1.1" 503 19545 "https://bahiaparaisosuites.com/wp-login.php" "Mozilla/5.0 (X11; Ubuntu; Linux x86_64) AppleWebKit/537.36 (KHTML, like Gecko) Chrome/121.0.0.0 Safari/537.36"
136.243.228.195 - - [24/Dec/2025:08:02:55 -0500] "GET /?_g=3681618 HTTP/1.1" 200 215329 "-" "Mozilla/5.0 (compatible; DataForSeoBot/1.0; +https://dataforseo.com/dataforseo-bot)"
57.141.20.13 - - [24/Dec/2025:08:03:00 -0500] "GET /?_g=1717110 HTTP/1.1" 200 215329 "-" "meta-externalagent/1.1 (+https://developers.facebook.com/docs/sharing/webmasters/crawler)"
136.243.228.195 - - [24/Dec/2025:08:02:59 -0500] "GET /?_g=1964335 HTTP/1.1" 200 215329 "-" "Mozilla/5.0 (compatible; DataForSeoBot/1.0; +https://dataforseo.com/dataforseo-bot)"
66.249.64.44 - - [24/Dec/2025:08:03:02 -0500] "GET /?_g=2308188 HTTP/1.1" 200 180166 "-" "Mozilla/5.0 (Linux; Android 6.0.1; Nexus 5X Build/MMB29P) AppleWebKit/537.36 (KHTML, like Gecko) Chrome/141.0.7390.122 Mobile Safari/537.36 (compatible; Googlebot/2.1; +http://www.google.com/bot.html)"
136.243.228.195 - - [24/Dec/2025:08:03:03 -0500] "GET /?_g=1783259 HTTP/1.1" 200 215329 "-" "Mozilla/5.0 (compatible; DataForSeoBot/1.0; +https://dataforseo.com/dataforseo-bot)"
207.46.13.86 - - [24/Dec/2025:08:03:04 -0500] "GET /index.php/shop/pg/1SiteUse//?_g=1033074 HTTP/1.1" 200 196661 "-" "Mozilla/5.0 AppleWebKit/537.36 (KHTML, like Gecko; compatible; bingbot/2.0; +http://www.bing.com/bingbot.htm) Chrome/116.0.1938.76 Safari/537.36"
136.243.228.195 - - [24/Dec/2025:08:03:07 -0500] "GET /?_g=1942617 HTTP/1.1" 200 215329 "-" "Mozilla/5.0 (compatible; DataForSeoBot/1.0; +https://dataforseo.com/dataforseo-bot)"
176.123.4.135 - - [24/Dec/2025:08:03:09 -0500] "GET /wp-admin/edit.php HTTP/1.1" 503 19545 "https://bahiaparaisosuites.com/wp-login.php" "Mozilla/5.0 (X11; Ubuntu; Linux x86_64) AppleWebKit/537.36 (KHTML, like Gecko) Chrome/121.0.0.0 Safari/537.36"
62.164.177.243 - - [24/Dec/2025:08:03:11 -0500] "GET /xmlrpc.php HTTP/1.1" 404 52278 "http://bahiaparaisosuites.com/xmlrpc.php" "Mozilla/5.0 (Macintosh; Intel Mac OS X 10_15_7) AppleWebKit/605.1.15 (KHTML, like Gecko) Version/17.5 Safari/605.1.15"
136.243.228.195 - - [24/Dec/2025:08:03:11 -0500] "GET /?_g=3776762 HTTP/1.1" 200 215329 "-" "Mozilla/5.0 (compatible; DataForSeoBot/1.0; +https://dataforseo.com/dataforseo-bot)"
185.191.171.10 - - [24/Dec/2025:08:03:13 -0500] "GET /?_g=1700681 HTTP/1.1" 200 215329 "-" "Mozilla/5.0 (compatible; SemrushBot/7~bl; +http://www.semrush.com/bot.html)"
136.243.228.195 - - [24/Dec/2025:08:03:15 -0500] "GET /?_g=3380133 HTTP/1.1" 200 215329 "-" "Mozilla/5.0 (compatible; DataForSeoBot/1.0; +https://dataforseo.com/dataforseo-bot)"
57.141.20.0 - - [24/Dec/2025:08:03:19 -0500] "GET /?_g=2107714 HTTP/1.1" 200 215329 "-" "meta-externalagent/1.1 (+https://developers.facebook.com/docs/sharing/webmasters/crawler)"
136.243.228.195 - - [24/Dec/2025:08:03:20 -0500] "GET /?_g=1102557 HTTP/1.1" 200 215329 "-" "Mozilla/5.0 (compatible; DataForSeoBot/1.0; +https://dataforseo.com/dataforseo-bot)"
57.141.20.20 - - [24/Dec/2025:08:03:21 -0500] "GET /?_g=2183453 HTTP/1.1" 200 215329 "-" "meta-externalagent/1.1 (+https://developers.facebook.com/docs/sharing/webmasters/crawler)"
176.123.4.135 - - [24/Dec/2025:08:03:23 -0500] "GET /wp-admin/plugins.php HTTP/1.1" 503 19545 "https://bahiaparaisosuites.com/wp-login.php" "Mozilla/5.0 (X11; Ubuntu; Linux x86_64) AppleWebKit/537.36 (KHTML, like Gecko) Chrome/121.0.0.0 Safari/537.36"
136.243.228.195 - - [24/Dec/2025:08:03:23 -0500] "GET /?_g=2623832 HTTP/1.1" 200 215329 "-" "Mozilla/5.0 (compatible; DataForSeoBot/1.0; +https://dataforseo.com/dataforseo-bot)"
185.191.171.5 - - [24/Dec/2025:08:03:28 -0500] "GET /?_g=3586740 HTTP/1.1" 200 215329 "-" "Mozilla/5.0 (compatible; SemrushBot/7~bl; +http://www.semrush.com/bot.html)"
136.243.228.195 - - [24/Dec/2025:08:03:27 -0500] "GET /?_g=3938055 HTTP/1.1" 200 215329 "-" "Mozilla/5.0 (compatible; DataForSeoBot/1.0; +https://dataforseo.com/dataforseo-bot)"
185.191.171.14 - - [24/Dec/2025:08:03:29 -0500] "GET /?_g=978845 HTTP/1.1" 200 215329 "-" "Mozilla/5.0 (compatible; SemrushBot/7~bl; +http://www.semrush.com/bot.html)"
57.141.20.35 - - [24/Dec/2025:08:03:29 -0500] "GET /?_g=3064641 HTTP/1.1" 200 215329 "-" "meta-externalagent/1.1 (+https://developers.facebook.com/docs/sharing/webmasters/crawler)"
106.73.211.32 - - [24/Dec/2025:08:03:31 -0500] "GET /?_g=2598560 HTTP/1.1" 200 528 "https://www.google.com/url?q=https://www.bahiaparaisosuites.com/%3F_g%3D2598560&sa=U&ved=2ahUKEwixzMjGpNaRAxVpn68BHQJICo8QFnoECF0QAQ&usg=AOvVaw1GrjqiFhdvEk47d0_Nb9Dr" "Mozilla/5.0 (iPhone; CPU iPhone OS 26_0_0 like Mac OS X) AppleWebKit/605.1.15 (KHTML, like Gecko) GSA/399.2.845414227 Mobile/15E148 Safari/604.1"
57.141.20.3 - - [24/Dec/2025:08:03:32 -0500] "GET /?_g=542218 HTTP/1.1" 200 215329 "-" "meta-externalagent/1.1 (+https://developers.facebook.com/docs/sharing/webmasters/crawler)"
136.243.228.195 - - [24/Dec/2025:08:03:31 -0500] "GET /?_g=2663442 HTTP/1.1" 200 215329 "-" "Mozilla/5.0 (compatible; DataForSeoBot/1.0; +https://dataforseo.com/dataforseo-bot)"
136.243.228.195 - - [24/Dec/2025:08:03:35 -0500] "GET /?_g=738531 HTTP/1.1" 200 215329 "-" "Mozilla/5.0 (compatible; DataForSeoBot/1.0; +https://dataforseo.com/dataforseo-bot)"
176.123.4.135 - - [24/Dec/2025:08:03:38 -0500] "POST /wp-login.php HTTP/1.1" 503 18253 "https://bahiaparaisosuites.com/wp-login.php" "Mozilla/5.0 (Macintosh; Intel Mac OS X 13_6_1) AppleWebKit/537.36 (KHTML, like Gecko) Chrome/118.0.0.0 Safari/537.36"
198.50.127.198 - - [24/Dec/2025:08:03:39 -0500] "POST /?wordfence_syncAttackData=1766581419.24 HTTP/1.1" 200 - "-" "WordPress/6.9; https://bahiaparaisosuites.com"
185.191.171.2 - - [24/Dec/2025:08:03:39 -0500] "GET /?_g=1535729 HTTP/1.1" 200 215329 "-" "Mozilla/5.0 (compatible; SemrushBot/7~bl; +http://www.semrush.com/bot.html)"
136.243.228.195 - - [24/Dec/2025:08:03:39 -0500] "GET /?_g=4034858 HTTP/1.1" 200 215329 "-" "Mozilla/5.0 (compatible; DataForSeoBot/1.0; +https://dataforseo.com/dataforseo-bot)"
198.50.127.198 - - [24/Dec/2025:08:03:42 -0500] "POST /wp-cron.php?doing_wp_cron=1766581422.7782459259033203125000 HTTP/1.1" 200 - "-" "WordPress/6.9; https://bahiaparaisosuites.com"
185.191.171.1 - - [24/Dec/2025:08:03:42 -0500] "GET /?_g=2092962 HTTP/1.1" 200 215329 "-" "Mozilla/5.0 (compatible; SemrushBot/7~bl; +http://www.semrush.com/bot.html)"
57.141.20.6 - - [24/Dec/2025:08:03:43 -0500] "GET /?_g=3608874 HTTP/1.1" 200 215329 "-" "meta-externalagent/1.1 (+https://developers.facebook.com/docs/sharing/webmasters/crawler)"
136.243.228.195 - - [24/Dec/2025:08:03:43 -0500] "GET /?_g=2580423 HTTP/1.1" 200 215329 "-" "Mozilla/5.0 (compatible; DataForSeoBot/1.0; +https://dataforseo.com/dataforseo-bot)"
198.50.127.198 - - [24/Dec/2025:08:03:47 -0500] "POST /wp-cron.php?doing_wp_cron=1766581427.4403259754180908203125 HTTP/1.1" 200 - "-" "WordPress/6.9; https://bahiaparaisosuites.com"
185.191.171.19 - - [24/Dec/2025:08:03:47 -0500] "GET /?_g=2822356 HTTP/1.1" 200 215329 "-" "Mozilla/5.0 (compatible; SemrushBot/7~bl; +http://www.semrush.com/bot.html)"
136.243.228.195 - - [24/Dec/2025:08:03:47 -0500] "GET /?_g=113463 HTTP/1.1" 200 215329 "-" "Mozilla/5.0 (compatible; DataForSeoBot/1.0; +https://dataforseo.com/dataforseo-bot)"
198.50.127.198 - - [24/Dec/2025:08:03:52 -0500] "POST /wp-cron.php?doing_wp_cron=1766581432.1168069839477539062500 HTTP/1.1" 200 - "-" "WordPress/6.9; https://bahiaparaisosuites.com"
136.243.228.195 - - [24/Dec/2025:08:03:51 -0500] "GET /?_g=2726664 HTTP/1.1" 200 215329 "-" "Mozilla/5.0 (compatible; DataForSeoBot/1.0; +https://dataforseo.com/dataforseo-bot)"
176.123.4.135 - - [24/Dec/2025:08:03:53 -0500] "GET /wp-admin/index.php HTTP/1.1" 503 19545 "https://bahiaparaisosuites.com/wp-login.php" "Mozilla/5.0 (Macintosh; Intel Mac OS X 13_6_1) AppleWebKit/537.36 (KHTML, like Gecko) Chrome/119.0.0.0 Safari/537.36"
136.243.228.195 - - [24/Dec/2025:08:03:56 -0500] "GET /?_g=2840138 HTTP/1.1" 200 215329 "-" "Mozilla/5.0 (compatible; DataForSeoBot/1.0; +https://dataforseo.com/dataforseo-bot)"
198.50.127.198 - - [24/Dec/2025:08:03:59 -0500] "POST /wp-cron.php?doing_wp_cron=1766581439.7356820106506347656250 HTTP/1.1" 200 - "-" "WordPress/6.9; https://bahiaparaisosuites.com"
85.208.96.202 - - [24/Dec/2025:08:03:59 -0500] "GET /?_g=3574598 HTTP/1.1" 200 215329 "-" "Mozilla/5.0 (compatible; SemrushBot/7~bl; +http://www.semrush.com/bot.html)"
136.243.228.195 - - [24/Dec/2025:08:03:59 -0500] "GET /?_g=1133789 HTTP/1.1" 200 215329 "-" "Mozilla/5.0 (compatible; DataForSeoBot/1.0; +https://dataforseo.com/dataforseo-bot)"
136.243.228.195 - - [24/Dec/2025:08:04:03 -0500] "GET /?_g=3191000 HTTP/1.1" 200 215329 "-" "Mozilla/5.0 (compatible; DataForSeoBot/1.0; +https://dataforseo.com/dataforseo-bot)"
85.208.96.202 - - [24/Dec/2025:08:04:04 -0500] "GET /?_g=1489657 HTTP/1.1" 200 215329 "-" "Mozilla/5.0 (compatible; SemrushBot/7~bl; +http://www.semrush.com/bot.html)"
136.243.228.195 - - [24/Dec/2025:08:04:07 -0500] "GET /?_g=3164034 HTTP/1.1" 200 215329 "-" "Mozilla/5.0 (compatible; DataForSeoBot/1.0; +https://dataforseo.com/dataforseo-bot)"
176.123.4.135 - - [24/Dec/2025:08:04:09 -0500] "GET /wp-admin/profile.php HTTP/1.1" 503 19545 "https://bahiaparaisosuites.com/wp-login.php" "Mozilla/5.0 (Macintosh; Intel Mac OS X 13_6_1) AppleWebKit/537.36 (KHTML, like Gecko) Chrome/119.0.0.0 Safari/537.36"
198.50.127.198 - - [24/Dec/2025:08:04:09 -0500] "POST /wp-cron.php?doing_wp_cron=1766581449.3010389804840087890625 HTTP/1.1" 200 - "-" "WordPress/6.9; https://bahiaparaisosuites.com"
107.23.107.220 - - [24/Dec/2025:08:04:09 -0500] "GET /feed/ HTTP/1.1" 200 1373 "https://www.google.com/" "Mozilla/5.0 (Windows NT 10.0; Win64; x64; rv:75.0) Gecko/20100101 Firefox/75.0"
57.141.20.14 - - [24/Dec/2025:08:04:10 -0500] "GET /?_g=3829876 HTTP/1.1" 200 215329 "-" "meta-externalagent/1.1 (+https://developers.facebook.com/docs/sharing/webmasters/crawler)"
136.243.228.195 - - [24/Dec/2025:08:04:11 -0500] "GET /?_g=1706697 HTTP/1.1" 200 215329 "-" "Mozilla/5.0 (compatible; DataForSeoBot/1.0; +https://dataforseo.com/dataforseo-bot)"
185.191.171.12 - - [24/Dec/2025:08:04:12 -0500] "GET /?_g=4060977 HTTP/1.1" 200 215329 "-" "Mozilla/5.0 (compatible; SemrushBot/7~bl; +http://www.semrush.com/bot.html)"
57.141.20.41 - - [24/Dec/2025:08:04:13 -0500] "GET /?_g=3935152 HTTP/1.1" 200 215329 "-" "meta-externalagent/1.1 (+https://developers.facebook.com/docs/sharing/webmasters/crawler)"
136.243.228.195 - - [24/Dec/2025:08:04:15 -0500] "GET /?_g=1540636 HTTP/1.1" 200 215329 "-" "Mozilla/5.0 (compatible; DataForSeoBot/1.0; +https://dataforseo.com/dataforseo-bot)"
198.50.127.198 - - [24/Dec/2025:08:04:20 -0500] "POST /wp-cron.php?doing_wp_cron=1766581460.4889390468597412109375 HTTP/1.1" 200 - "-" "WordPress/6.9; https://bahiaparaisosuites.com"
136.243.228.195 - - [24/Dec/2025:08:04:20 -0500] "GET /?_g=3479833 HTTP/1.1" 200 215329 "-" "Mozilla/5.0 (compatible; DataForSeoBot/1.0; +https://dataforseo.com/dataforseo-bot)"
57.141.20.57 - - [24/Dec/2025:08:04:22 -0500] "GET /?_g=3014208 HTTP/1.1" 200 215329 "-" "meta-externalagent/1.1 (+https://developers.facebook.com/docs/sharing/webmasters/crawler)"
176.123.4.135 - - [24/Dec/2025:08:04:23 -0500] "GET /wp-admin/edit.php HTTP/1.1" 503 19545 "https://bahiaparaisosuites.com/wp-login.php" "Mozilla/5.0 (Macintosh; Intel Mac OS X 13_6_1) AppleWebKit/537.36 (KHTML, like Gecko) Chrome/119.0.0.0 Safari/537.36"
198.50.127.198 - - [24/Dec/2025:08:04:24 -0500] "POST /wp-cron.php?doing_wp_cron=1766581464.0866789817810058593750 HTTP/1.1" 200 - "-" "WordPress/6.9; https://bahiaparaisosuites.com"
136.243.228.195 - - [24/Dec/2025:08:04:23 -0500] "GET /?_g=529378 HTTP/1.1" 200 215329 "-" "Mozilla/5.0 (compatible; DataForSeoBot/1.0; +https://dataforseo.com/dataforseo-bot)"
74.7.227.39 - - [24/Dec/2025:08:04:24 -0500] "GET /sitemap-18.xml HTTP/1.1" 200 148063 "-" "Mozilla/5.0 AppleWebKit/537.36 (KHTML, like Gecko; compatible; GPTBot/1.3; +https://openai.com/gptbot)"
74.7.227.39 - - [24/Dec/2025:08:04:27 -0500] "GET /?_g=2716330 HTTP/1.1" 200 215329 "-" "Mozilla/5.0 AppleWebKit/537.36 (KHTML, like Gecko; compatible; GPTBot/1.3; +https://openai.com/gptbot)"
185.191.171.7 - - [24/Dec/2025:08:04:27 -0500] "GET /?_g=359041 HTTP/1.1" 200 215329 "-" "Mozilla/5.0 (compatible; SemrushBot/7~bl; +http://www.semrush.com/bot.html)"
136.243.228.195 - - [24/Dec/2025:08:04:28 -0500] "GET /?_g=1972549 HTTP/1.1" 200 215329 "-" "Mozilla/5.0 (compatible; DataForSeoBot/1.0; +https://dataforseo.com/dataforseo-bot)"
198.50.127.198 - - [24/Dec/2025:08:04:30 -0500] "POST /wp-cron.php?doing_wp_cron=1766581470.9043788909912109375000 HTTP/1.1" 200 - "-" "WordPress/6.9; https://bahiaparaisosuites.com"
74.7.227.39 - - [24/Dec/2025:08:04:30 -0500] "GET /?_g=1669697 HTTP/1.1" 200 215329 "-" "Mozilla/5.0 AppleWebKit/537.36 (KHTML, like Gecko; compatible; GPTBot/1.3; +https://openai.com/gptbot)"
136.243.228.195 - - [24/Dec/2025:08:04:31 -0500] "GET /?_g=4046702 HTTP/1.1" 200 215329 "-" "Mozilla/5.0 (compatible; DataForSeoBot/1.0; +https://dataforseo.com/dataforseo-bot)"
74.7.227.39 - - [24/Dec/2025:08:04:33 -0500] "GET /?_g=3818338 HTTP/1.1" 200 215329 "-" "Mozilla/5.0 AppleWebKit/537.36 (KHTML, like Gecko; compatible; GPTBot/1.3; +https://openai.com/gptbot)"
57.141.20.11 - - [24/Dec/2025:08:04:34 -0500] "GET /?_g=2661456 HTTP/1.1" 200 215329 "-" "meta-externalagent/1.1 (+https://developers.facebook.com/docs/sharing/webmasters/crawler)"
74.7.227.39 - - [24/Dec/2025:08:04:35 -0500] "GET /?_g=1831295 HTTP/1.1" 200 215329 "-" "Mozilla/5.0 AppleWebKit/537.36 (KHTML, like Gecko; compatible; GPTBot/1.3; +https://openai.com/gptbot)"
136.243.228.195 - - [24/Dec/2025:08:04:35 -0500] "GET /?_g=1091669 HTTP/1.1" 200 215329 "-" "Mozilla/5.0 (compatible; DataForSeoBot/1.0; +https://dataforseo.com/dataforseo-bot)"
74.7.227.39 - - [24/Dec/2025:08:04:37 -0500] "GET /?_g=1848880 HTTP/1.1" 200 215329 "-" "Mozilla/5.0 AppleWebKit/537.36 (KHTML, like Gecko; compatible; GPTBot/1.3; +https://openai.com/gptbot)"
57.141.20.8 - - [24/Dec/2025:08:04:37 -0500] "GET /?_g=1302948 HTTP/1.1" 200 215329 "-" "meta-externalagent/1.1 (+https://developers.facebook.com/docs/sharing/webmasters/crawler)"
176.123.4.135 - - [24/Dec/2025:08:04:38 -0500] "GET /wp-admin/plugins.php HTTP/1.1" 503 19545 "https://bahiaparaisosuites.com/wp-login.php" "Mozilla/5.0 (Macintosh; Intel Mac OS X 13_6_1) AppleWebKit/537.36 (KHTML, like Gecko) Chrome/119.0.0.0 Safari/537.36"
85.208.96.197 - - [24/Dec/2025:08:04:38 -0500] "GET /?_g=3680292 HTTP/1.1" 200 215329 "-" "Mozilla/5.0 (compatible; SemrushBot/7~bl; +http://www.semrush.com/bot.html)"
52.167.144.172 - - [24/Dec/2025:08:04:38 -0500] "GET /index.php//?_g=1175666 HTTP/1.1" 200 178574 "-" "Mozilla/5.0 AppleWebKit/537.36 (KHTML, like Gecko; compatible; bingbot/2.0; +http://www.bing.com/bingbot.htm) Chrome/116.0.1938.76 Safari/537.36"
198.50.127.198 - - [24/Dec/2025:08:04:39 -0500] "POST /wp-cron.php?doing_wp_cron=1766581479.6621820926666259765625 HTTP/1.1" 200 - "-" "WordPress/6.9; https://bahiaparaisosuites.com"
74.7.227.39 - - [24/Dec/2025:08:04:39 -0500] "GET /?_g=3183312 HTTP/1.1" 200 215329 "-" "Mozilla/5.0 AppleWebKit/537.36 (KHTML, like Gecko; compatible; GPTBot/1.3; +https://openai.com/gptbot)"
136.243.228.195 - - [24/Dec/2025:08:04:39 -0500] "GET /?_g=4082215 HTTP/1.1" 200 215329 "-" "Mozilla/5.0 (compatible; DataForSeoBot/1.0; +https://dataforseo.com/dataforseo-bot)"
74.7.227.39 - - [24/Dec/2025:08:04:40 -0500] "GET /?_g=348255 HTTP/1.1" 200 215329 "-" "Mozilla/5.0 AppleWebKit/537.36 (KHTML, like Gecko; compatible; GPTBot/1.3; +https://openai.com/gptbot)"
74.7.227.39 - - [24/Dec/2025:08:04:42 -0500] "GET /?_g=141521 HTTP/1.1" 200 215329 "-" "Mozilla/5.0 AppleWebKit/537.36 (KHTML, like Gecko; compatible; GPTBot/1.3; +https://openai.com/gptbot)"
74.7.227.39 - - [24/Dec/2025:08:04:43 -0500] "GET /?_g=4048833 HTTP/1.1" 200 215329 "-" "Mozilla/5.0 AppleWebKit/537.36 (KHTML, like Gecko; compatible; GPTBot/1.3; +https://openai.com/gptbot)"
136.243.228.195 - - [24/Dec/2025:08:04:43 -0500] "GET /?_g=1627931 HTTP/1.1" 200 215329 "-" "Mozilla/5.0 (compatible; DataForSeoBot/1.0; +https://dataforseo.com/dataforseo-bot)"
74.7.227.39 - - [24/Dec/2025:08:04:45 -0500] "GET /?_g=2234441 HTTP/1.1" 200 215329 "-" "Mozilla/5.0 AppleWebKit/537.36 (KHTML, like Gecko; compatible; GPTBot/1.3; +https://openai.com/gptbot)"
74.7.227.39 - - [24/Dec/2025:08:04:46 -0500] "GET /?_g=1663934 HTTP/1.1" 200 215329 "-" "Mozilla/5.0 AppleWebKit/537.36 (KHTML, like Gecko; compatible; GPTBot/1.3; +https://openai.com/gptbot)"
85.208.96.197 - - [24/Dec/2025:08:04:46 -0500] "GET /?_g=389038 HTTP/1.1" 200 215329 "-" "Mozilla/5.0 (compatible; SemrushBot/7~bl; +http://www.semrush.com/bot.html)"
74.7.227.39 - - [24/Dec/2025:08:04:47 -0500] "GET /?_g=1710562 HTTP/1.1" 200 215329 "-" "Mozilla/5.0 AppleWebKit/537.36 (KHTML, like Gecko; compatible; GPTBot/1.3; +https://openai.com/gptbot)"
74.7.227.39 - - [24/Dec/2025:08:04:48 -0500] "GET /?_g=3852378 HTTP/1.1" 200 215329 "-" "Mozilla/5.0 AppleWebKit/537.36 (KHTML, like Gecko; compatible; GPTBot/1.3; +https://openai.com/gptbot)"
136.243.228.195 - - [24/Dec/2025:08:04:47 -0500] "GET /?_g=1209123 HTTP/1.1" 200 215329 "-" "Mozilla/5.0 (compatible; DataForSeoBot/1.0; +https://dataforseo.com/dataforseo-bot)"
198.50.127.198 - - [24/Dec/2025:08:04:49 -0500] "POST /wp-cron.php?doing_wp_cron=1766581489.2132771015167236328125 HTTP/1.1" 200 - "-" "WordPress/6.9; https://bahiaparaisosuites.com"
74.7.227.39 - - [24/Dec/2025:08:04:48 -0500] "GET /?_g=3311170 HTTP/1.1" 200 215329 "-" "Mozilla/5.0 AppleWebKit/537.36 (KHTML, like Gecko; compatible; GPTBot/1.3; +https://openai.com/gptbot)"
57.141.20.8 - - [24/Dec/2025:08:04:49 -0500] "GET /?_g=689921 HTTP/1.1" 200 215329 "-" "meta-externalagent/1.1 (+https://developers.facebook.com/docs/sharing/webmasters/crawler)"
74.7.227.39 - - [24/Dec/2025:08:04:49 -0500] "GET /?_g=65845 HTTP/1.1" 200 215329 "-" "Mozilla/5.0 AppleWebKit/537.36 (KHTML, like Gecko; compatible; GPTBot/1.3; +https://openai.com/gptbot)"
74.7.227.39 - - [24/Dec/2025:08:04:50 -0500] "GET /?_g=176154 HTTP/1.1" 200 215329 "-" "Mozilla/5.0 AppleWebKit/537.36 (KHTML, like Gecko; compatible; GPTBot/1.3; +https://openai.com/gptbot)"
57.141.20.25 - - [24/Dec/2025:08:04:50 -0500] "GET /?_g=3528234 HTTP/1.1" 200 215329 "-" "meta-externalagent/1.1 (+https://developers.facebook.com/docs/sharing/webmasters/crawler)"
74.7.227.39 - - [24/Dec/2025:08:04:50 -0500] "GET /?_g=1444 HTTP/1.1" 200 215329 "-" "Mozilla/5.0 AppleWebKit/537.36 (KHTML, like Gecko; compatible; GPTBot/1.3; +https://openai.com/gptbot)"
57.141.20.56 - - [24/Dec/2025:08:04:51 -0500] "GET /?_g=1520481 HTTP/1.1" 200 215329 "-" "meta-externalagent/1.1 (+https://developers.facebook.com/docs/sharing/webmasters/crawler)"
74.7.227.39 - - [24/Dec/2025:08:04:51 -0500] "GET /?_g=3773 HTTP/1.1" 200 215329 "-" "Mozilla/5.0 AppleWebKit/537.36 (KHTML, like Gecko; compatible; GPTBot/1.3; +https://openai.com/gptbot)"
176.123.4.135 - - [24/Dec/2025:08:04:52 -0500] "POST /wp-login.php HTTP/1.1" 503 18253 "https://bahiaparaisosuites.com/wp-login.php" "Mozilla/5.0 (Windows NT 11.0; Win64; x64; rv:121.0) Gecko/20100101 Firefox/121.0"
74.7.227.39 - - [24/Dec/2025:08:04:52 -0500] "GET /?_g=94703 HTTP/1.1" 200 215329 "-" "Mozilla/5.0 AppleWebKit/537.36 (KHTML, like Gecko; compatible; GPTBot/1.3; +https://openai.com/gptbot)"
136.243.228.195 - - [24/Dec/2025:08:04:51 -0500] "GET /?_g=4022646 HTTP/1.1" 200 215329 "-" "Mozilla/5.0 (compatible; DataForSeoBot/1.0; +https://dataforseo.com/dataforseo-bot)"
198.50.127.198 - - [24/Dec/2025:08:04:52 -0500] "POST /?wordfence_syncAttackData=1766581492.6832 HTTP/1.1" 200 - "-" "WordPress/6.9; https://bahiaparaisosuites.com"
185.191.171.3 - - [24/Dec/2025:08:04:52 -0500] "GET /?_g=3021518 HTTP/1.1" 200 215329 "-" "Mozilla/5.0 (compatible; SemrushBot/7~bl; +http://www.semrush.com/bot.html)"
74.7.227.39 - - [24/Dec/2025:08:04:52 -0500] "GET /?_g=3363655 HTTP/1.1" 200 215329 "-" "Mozilla/5.0 AppleWebKit/537.36 (KHTML, like Gecko; compatible; GPTBot/1.3; +https://openai.com/gptbot)"
74.7.227.39 - - [24/Dec/2025:08:04:53 -0500] "GET /?_g=2272912 HTTP/1.1" 200 215329 "-" "Mozilla/5.0 AppleWebKit/537.36 (KHTML, like Gecko; compatible; GPTBot/1.3; +https://openai.com/gptbot)"
74.7.227.39 - - [24/Dec/2025:08:04:54 -0500] "GET /?_g=1212281 HTTP/1.1" 200 215329 "-" "Mozilla/5.0 AppleWebKit/537.36 (KHTML, like Gecko; compatible; GPTBot/1.3; +https://openai.com/gptbot)"
74.7.227.39 - - [24/Dec/2025:08:04:54 -0500] "GET /?_g=2002525 HTTP/1.1" 200 215329 "-" "Mozilla/5.0 AppleWebKit/537.36 (KHTML, like Gecko; compatible; GPTBot/1.3; +https://openai.com/gptbot)"
74.7.227.39 - - [24/Dec/2025:08:04:55 -0500] "GET /?_g=1412119 HTTP/1.1" 200 215329 "-" "Mozilla/5.0 AppleWebKit/537.36 (KHTML, like Gecko; compatible; GPTBot/1.3; +https://openai.com/gptbot)"
74.7.227.39 - - [24/Dec/2025:08:04:55 -0500] "GET /?_g=3799773 HTTP/1.1" 200 215329 "-" "Mozilla/5.0 AppleWebKit/537.36 (KHTML, like Gecko; compatible; GPTBot/1.3; +https://openai.com/gptbot)"
74.7.227.39 - - [24/Dec/2025:08:04:56 -0500] "GET /?_g=2312331 HTTP/1.1" 200 215329 "-" "Mozilla/5.0 AppleWebKit/537.36 (KHTML, like Gecko; compatible; GPTBot/1.3; +https://openai.com/gptbot)"
136.243.228.195 - - [24/Dec/2025:08:04:55 -0500] "GET /?_g=966259 HTTP/1.1" 200 215329 "-" "Mozilla/5.0 (compatible; DataForSeoBot/1.0; +https://dataforseo.com/dataforseo-bot)"
74.7.227.39 - - [24/Dec/2025:08:04:57 -0500] "GET /?_g=2902322 HTTP/1.1" 200 215329 "-" "Mozilla/5.0 AppleWebKit/537.36 (KHTML, like Gecko; compatible; GPTBot/1.3; +https://openai.com/gptbot)"
74.7.227.39 - - [24/Dec/2025:08:04:57 -0500] "GET /?_g=1102311 HTTP/1.1" 200 215329 "-" "Mozilla/5.0 AppleWebKit/537.36 (KHTML, like Gecko; compatible; GPTBot/1.3; +https://openai.com/gptbot)"
74.7.227.39 - - [24/Dec/2025:08:04:58 -0500] "GET /?_g=3833923 HTTP/1.1" 200 215329 "-" "Mozilla/5.0 AppleWebKit/537.36 (KHTML, like Gecko; compatible; GPTBot/1.3; +https://openai.com/gptbot)"
198.50.127.198 - - [24/Dec/2025:08:04:59 -0500] "POST /wp-cron.php?doing_wp_cron=1766581499.3712151050567626953125 HTTP/1.1" 200 - "-" "WordPress/6.9; https://bahiaparaisosuites.com"
74.7.227.39 - - [24/Dec/2025:08:04:58 -0500] "GET /?_g=2771775 HTTP/1.1" 200 215329 "-" "Mozilla/5.0 AppleWebKit/537.36 (KHTML, like Gecko; compatible; GPTBot/1.3; +https://openai.com/gptbot)"
74.7.227.39 - - [24/Dec/2025:08:04:59 -0500] "GET /?_g=4046400 HTTP/1.1" 200 215329 "-" "Mozilla/5.0 AppleWebKit/537.36 (KHTML, like Gecko; compatible; GPTBot/1.3; +https://openai.com/gptbot)"
74.7.227.39 - - [24/Dec/2025:08:05:00 -0500] "GET /?_g=1542514 HTTP/1.1" 200 215329 "-" "Mozilla/5.0 AppleWebKit/537.36 (KHTML, like Gecko; compatible; GPTBot/1.3; +https://openai.com/gptbot)"
74.7.227.39 - - [24/Dec/2025:08:05:00 -0500] "GET /?_g=2797220 HTTP/1.1" 200 215329 "-" "Mozilla/5.0 AppleWebKit/537.36 (KHTML, like Gecko; compatible; GPTBot/1.3; +https://openai.com/gptbot)"
136.243.228.195 - - [24/Dec/2025:08:05:00 -0500] "GET /?_g=2798454 HTTP/1.1" 200 215329 "-" "Mozilla/5.0 (compatible; DataForSeoBot/1.0; +https://dataforseo.com/dataforseo-bot)"
74.7.227.39 - - [24/Dec/2025:08:05:01 -0500] "GET /?_g=2804042 HTTP/1.1" 200 215329 "-" "Mozilla/5.0 AppleWebKit/537.36 (KHTML, like Gecko; compatible; GPTBot/1.3; +https://openai.com/gptbot)"
74.7.227.39 - - [24/Dec/2025:08:05:01 -0500] "GET /?_g=3434066 HTTP/1.1" 200 215329 "-" "Mozilla/5.0 AppleWebKit/537.36 (KHTML, like Gecko; compatible; GPTBot/1.3; +https://openai.com/gptbot)"
57.141.20.4 - - [24/Dec/2025:08:05:02 -0500] "GET /?_g=3469116 HTTP/1.1" 200 215329 "-" "meta-externalagent/1.1 (+https://developers.facebook.com/docs/sharing/webmasters/crawler)"
74.7.227.39 - - [24/Dec/2025:08:05:02 -0500] "GET /?_g=1399396 HTTP/1.1" 200 215329 "-" "Mozilla/5.0 AppleWebKit/537.36 (KHTML, like Gecko; compatible; GPTBot/1.3; +https://openai.com/gptbot)"
74.7.227.39 - - [24/Dec/2025:08:05:03 -0500] "GET /?_g=1122620 HTTP/1.1" 200 215329 "-" "Mozilla/5.0 AppleWebKit/537.36 (KHTML, like Gecko; compatible; GPTBot/1.3; +https://openai.com/gptbot)"
74.7.227.39 - - [24/Dec/2025:08:05:03 -0500] "GET /?_g=3073766 HTTP/1.1" 200 215329 "-" "Mozilla/5.0 AppleWebKit/537.36 (KHTML, like Gecko; compatible; GPTBot/1.3; +https://openai.com/gptbot)"
74.7.227.39 - - [24/Dec/2025:08:05:04 -0500] "GET /?_g=3953589 HTTP/1.1" 200 215329 "-" "Mozilla/5.0 AppleWebKit/537.36 (KHTML, like Gecko; compatible; GPTBot/1.3; +https://openai.com/gptbot)"
136.243.228.195 - - [24/Dec/2025:08:05:03 -0500] "GET /?_g=2228947 HTTP/1.1" 200 215329 "-" "Mozilla/5.0 (compatible; DataForSeoBot/1.0; +https://dataforseo.com/dataforseo-bot)"
74.7.227.39 - - [24/Dec/2025:08:05:04 -0500] "GET /?_g=3195399 HTTP/1.1" 200 215329 "-" "Mozilla/5.0 AppleWebKit/537.36 (KHTML, like Gecko; compatible; GPTBot/1.3; +https://openai.com/gptbot)"
57.141.20.47 - - [24/Dec/2025:08:05:05 -0500] "GET /?_g=1191772 HTTP/1.1" 200 215329 "-" "meta-externalagent/1.1 (+https://developers.facebook.com/docs/sharing/webmasters/crawler)"
74.7.227.39 - - [24/Dec/2025:08:05:05 -0500] "GET /?_g=3387434 HTTP/1.1" 200 215329 "-" "Mozilla/5.0 AppleWebKit/537.36 (KHTML, like Gecko; compatible; GPTBot/1.3; +https://openai.com/gptbot)"
176.123.4.135 - - [24/Dec/2025:08:05:06 -0500] "GET /wp-admin/index.php HTTP/1.1" 503 19545 "https://bahiaparaisosuites.com/wp-login.php" "Mozilla/5.0 (X11; Linux x86_64) AppleWebKit/537.36 (KHTML, like Gecko) Chrome/118.0.0.0 Safari/537.36"
74.7.227.39 - - [24/Dec/2025:08:05:06 -0500] "GET /?_g=3622629 HTTP/1.1" 200 215329 "-" "Mozilla/5.0 AppleWebKit/537.36 (KHTML, like Gecko; compatible; GPTBot/1.3; +https://openai.com/gptbot)"
74.7.227.39 - - [24/Dec/2025:08:05:06 -0500] "GET /?_g=3646438 HTTP/1.1" 200 215329 "-" "Mozilla/5.0 AppleWebKit/537.36 (KHTML, like Gecko; compatible; GPTBot/1.3; +https://openai.com/gptbot)"
74.7.227.39 - - [24/Dec/2025:08:05:07 -0500] "GET /?_g=3665377 HTTP/1.1" 200 215329 "-" "Mozilla/5.0 AppleWebKit/537.36 (KHTML, like Gecko; compatible; GPTBot/1.3; +https://openai.com/gptbot)"
74.7.227.39 - - [24/Dec/2025:08:05:08 -0500] "GET /?_g=3345305 HTTP/1.1" 200 215329 "-" "Mozilla/5.0 AppleWebKit/537.36 (KHTML, like Gecko; compatible; GPTBot/1.3; +https://openai.com/gptbot)"
85.208.96.212 - - [24/Dec/2025:08:05:08 -0500] "GET /?_g=847759 HTTP/1.1" 200 215329 "-" "Mozilla/5.0 (compatible; SemrushBot/7~bl; +http://www.semrush.com/bot.html)"
136.243.228.195 - - [24/Dec/2025:08:05:07 -0500] "GET /?_g=885252 HTTP/1.1" 200 215329 "-" "Mozilla/5.0 (compatible; DataForSeoBot/1.0; +https://dataforseo.com/dataforseo-bot)"
198.50.127.198 - - [24/Dec/2025:08:05:09 -0500] "POST /wp-cron.php?doing_wp_cron=1766581509.1391439437866210937500 HTTP/1.1" 200 - "-" "WordPress/6.9; https://bahiaparaisosuites.com"
74.7.227.39 - - [24/Dec/2025:08:05:08 -0500] "GET /?_g=3973131 HTTP/1.1" 200 215329 "-" "Mozilla/5.0 AppleWebKit/537.36 (KHTML, like Gecko; compatible; GPTBot/1.3; +https://openai.com/gptbot)"
74.7.227.39 - - [24/Dec/2025:08:05:09 -0500] "GET /?_g=2432328 HTTP/1.1" 200 215329 "-" "Mozilla/5.0 AppleWebKit/537.36 (KHTML, like Gecko; compatible; GPTBot/1.3; +https://openai.com/gptbot)"
74.7.227.39 - - [24/Dec/2025:08:05:09 -0500] "GET /?_g=2791127 HTTP/1.1" 200 215329 "-" "Mozilla/5.0 AppleWebKit/537.36 (KHTML, like Gecko; compatible; GPTBot/1.3; +https://openai.com/gptbot)"
74.7.227.39 - - [24/Dec/2025:08:05:10 -0500] "GET /?_g=1404540 HTTP/1.1" 200 215329 "-" "Mozilla/5.0 AppleWebKit/537.36 (KHTML, like Gecko; compatible; GPTBot/1.3; +https://openai.com/gptbot)"
74.7.227.39 - - [24/Dec/2025:08:05:11 -0500] "GET /?_g=2011525 HTTP/1.1" 200 215329 "-" "Mozilla/5.0 AppleWebKit/537.36 (KHTML, like Gecko; compatible; GPTBot/1.3; +https://openai.com/gptbot)"
74.7.227.39 - - [24/Dec/2025:08:05:11 -0500] "GET /?_g=3736775 HTTP/1.1" 200 215329 "-" "Mozilla/5.0 AppleWebKit/537.36 (KHTML, like Gecko; compatible; GPTBot/1.3; +https://openai.com/gptbot)"
74.7.227.39 - - [24/Dec/2025:08:05:12 -0500] "GET /?_g=1996466 HTTP/1.1" 200 215329 "-" "Mozilla/5.0 AppleWebKit/537.36 (KHTML, like Gecko; compatible; GPTBot/1.3; +https://openai.com/gptbot)"
136.243.228.195 - - [24/Dec/2025:08:05:11 -0500] "GET /?_g=3687415 HTTP/1.1" 200 215329 "-" "Mozilla/5.0 (compatible; DataForSeoBot/1.0; +https://dataforseo.com/dataforseo-bot)"
74.7.227.39 - - [24/Dec/2025:08:05:12 -0500] "GET /?_g=1177262 HTTP/1.1" 200 215329 "-" "Mozilla/5.0 AppleWebKit/537.36 (KHTML, like Gecko; compatible; GPTBot/1.3; +https://openai.com/gptbot)"
74.7.227.39 - - [24/Dec/2025:08:05:13 -0500] "GET /?_g=3595579 HTTP/1.1" 200 215329 "-" "Mozilla/5.0 AppleWebKit/537.36 (KHTML, like Gecko; compatible; GPTBot/1.3; +https://openai.com/gptbot)"
74.7.227.39 - - [24/Dec/2025:08:05:14 -0500] "GET /?_g=1443643 HTTP/1.1" 200 215329 "-" "Mozilla/5.0 AppleWebKit/537.36 (KHTML, like Gecko; compatible; GPTBot/1.3; +https://openai.com/gptbot)"
57.141.20.11 - - [24/Dec/2025:08:05:14 -0500] "GET /?_g=866601 HTTP/1.1" 200 215329 "-" "meta-externalagent/1.1 (+https://developers.facebook.com/docs/sharing/webmasters/crawler)"
74.7.227.39 - - [24/Dec/2025:08:05:14 -0500] "GET /?_g=3665383 HTTP/1.1" 200 215329 "-" "Mozilla/5.0 AppleWebKit/537.36 (KHTML, like Gecko; compatible; GPTBot/1.3; +https://openai.com/gptbot)"
74.7.227.39 - - [24/Dec/2025:08:05:15 -0500] "GET /?_g=2336635 HTTP/1.1" 200 215329 "-" "Mozilla/5.0 AppleWebKit/537.36 (KHTML, like Gecko; compatible; GPTBot/1.3; +https://openai.com/gptbot)"
74.7.227.39 - - [24/Dec/2025:08:05:16 -0500] "GET /?_g=1199495 HTTP/1.1" 200 215329 "-" "Mozilla/5.0 AppleWebKit/537.36 (KHTML, like Gecko; compatible; GPTBot/1.3; +https://openai.com/gptbot)"
136.243.228.195 - - [24/Dec/2025:08:05:15 -0500] "GET /?_g=1325766 HTTP/1.1" 200 215329 "-" "Mozilla/5.0 (compatible; DataForSeoBot/1.0; +https://dataforseo.com/dataforseo-bot)"
74.7.227.39 - - [24/Dec/2025:08:05:16 -0500] "GET /?_g=1256121 HTTP/1.1" 200 215329 "-" "Mozilla/5.0 AppleWebKit/537.36 (KHTML, like Gecko; compatible; GPTBot/1.3; +https://openai.com/gptbot)"
74.7.227.39 - - [24/Dec/2025:08:05:17 -0500] "GET /?_g=2071770 HTTP/1.1" 200 215329 "-" "Mozilla/5.0 AppleWebKit/537.36 (KHTML, like Gecko; compatible; GPTBot/1.3; +https://openai.com/gptbot)"
198.50.127.198 - - [24/Dec/2025:08:05:18 -0500] "POST /wp-cron.php?doing_wp_cron=1766581518.3030219078063964843750 HTTP/1.1" 200 - "-" "WordPress/6.9; https://bahiaparaisosuites.com"
74.7.227.39 - - [24/Dec/2025:08:05:17 -0500] "GET /?_g=2925597 HTTP/1.1" 200 215329 "-" "Mozilla/5.0 AppleWebKit/537.36 (KHTML, like Gecko; compatible; GPTBot/1.3; +https://openai.com/gptbot)"
74.7.227.39 - - [24/Dec/2025:08:05:18 -0500] "GET /?_g=2002447 HTTP/1.1" 200 215329 "-" "Mozilla/5.0 AppleWebKit/537.36 (KHTML, like Gecko; compatible; GPTBot/1.3; +https://openai.com/gptbot)"
198.50.127.198 - - [24/Dec/2025:08:05:19 -0500] "POST /wp-cron.php?doing_wp_cron=1766581519.4823880195617675781250 HTTP/1.1" 200 - "-" "WordPress/6.9; https://bahiaparaisosuites.com"
74.7.227.39 - - [24/Dec/2025:08:05:19 -0500] "GET /?_g=2054400 HTTP/1.1" 200 215329 "-" "Mozilla/5.0 AppleWebKit/537.36 (KHTML, like Gecko; compatible; GPTBot/1.3; +https://openai.com/gptbot)"
74.7.227.39 - - [24/Dec/2025:08:05:19 -0500] "GET /?_g=1040490 HTTP/1.1" 200 215329 "-" "Mozilla/5.0 AppleWebKit/537.36 (KHTML, like Gecko; compatible; GPTBot/1.3; +https://openai.com/gptbot)"
176.123.4.135 - - [24/Dec/2025:08:05:20 -0500] "GET /wp-admin/profile.php HTTP/1.1" 503 19545 "https://bahiaparaisosuites.com/wp-login.php" "Mozilla/5.0 (X11; Linux x86_64) AppleWebKit/537.36 (KHTML, like Gecko) Chrome/118.0.0.0 Safari/537.36"
74.7.227.39 - - [24/Dec/2025:08:05:20 -0500] "GET /?_g=3739327 HTTP/1.1" 200 215329 "-" "Mozilla/5.0 AppleWebKit/537.36 (KHTML, like Gecko; compatible; GPTBot/1.3; +https://openai.com/gptbot)"
136.243.228.195 - - [24/Dec/2025:08:05:19 -0500] "GET /?_g=726781 HTTP/1.1" 200 215329 "-" "Mozilla/5.0 (compatible; DataForSeoBot/1.0; +https://dataforseo.com/dataforseo-bot)"
74.7.227.39 - - [24/Dec/2025:08:05:20 -0500] "GET /?_g=2436644 HTTP/1.1" 200 215329 "-" "Mozilla/5.0 AppleWebKit/537.36 (KHTML, like Gecko; compatible; GPTBot/1.3; +https://openai.com/gptbot)"
74.7.227.39 - - [24/Dec/2025:08:05:21 -0500] "GET /?_g=3644131 HTTP/1.1" 200 215329 "-" "Mozilla/5.0 AppleWebKit/537.36 (KHTML, like Gecko; compatible; GPTBot/1.3; +https://openai.com/gptbot)"
198.50.127.198 - - [24/Dec/2025:08:05:22 -0500] "POST /wp-cron.php?doing_wp_cron=1766581522.5951659679412841796875 HTTP/1.1" 200 - "-" "WordPress/6.9; https://bahiaparaisosuites.com"
74.7.227.39 - - [24/Dec/2025:08:05:22 -0500] "GET /?_g=3318391 HTTP/1.1" 200 215329 "-" "Mozilla/5.0 AppleWebKit/537.36 (KHTML, like Gecko; compatible; GPTBot/1.3; +https://openai.com/gptbot)"
66.249.64.233 - - [24/Dec/2025:08:05:22 -0500] "GET /?_g=1225356 HTTP/1.1" 200 213741 "-" "Mozilla/5.0 (compatible; Googlebot/2.1; +http://www.google.com/bot.html)"
74.7.227.39 - - [24/Dec/2025:08:05:22 -0500] "GET /?_g=2402120 HTTP/1.1" 200 215329 "-" "Mozilla/5.0 AppleWebKit/537.36 (KHTML, like Gecko; compatible; GPTBot/1.3; +https://openai.com/gptbot)"
74.7.227.39 - - [24/Dec/2025:08:05:23 -0500] "GET /?_g=2862778 HTTP/1.1" 200 215329 "-" "Mozilla/5.0 AppleWebKit/537.36 (KHTML, like Gecko; compatible; GPTBot/1.3; +https://openai.com/gptbot)"
74.7.227.39 - - [24/Dec/2025:08:05:24 -0500] "GET /?_g=4049101 HTTP/1.1" 200 215329 "-" "Mozilla/5.0 AppleWebKit/537.36 (KHTML, like Gecko; compatible; GPTBot/1.3; +https://openai.com/gptbot)"
74.7.227.39 - - [24/Dec/2025:08:05:24 -0500] "GET /?_g=2642006 HTTP/1.1" 200 215329 "-" "Mozilla/5.0 AppleWebKit/537.36 (KHTML, like Gecko; compatible; GPTBot/1.3; +https://openai.com/gptbot)"
136.243.228.195 - - [24/Dec/2025:08:05:23 -0500] "GET /?_g=2297459 HTTP/1.1" 200 215329 "-" "Mozilla/5.0 (compatible; DataForSeoBot/1.0; +https://dataforseo.com/dataforseo-bot)"
74.7.227.39 - - [24/Dec/2025:08:05:25 -0500] "GET /?_g=3423742 HTTP/1.1" 200 215329 "-" "Mozilla/5.0 AppleWebKit/537.36 (KHTML, like Gecko; compatible; GPTBot/1.3; +https://openai.com/gptbot)"
74.7.227.39 - - [24/Dec/2025:08:05:25 -0500] "GET /?_g=1378711 HTTP/1.1" 200 215329 "-" "Mozilla/5.0 AppleWebKit/537.36 (KHTML, like Gecko; compatible; GPTBot/1.3; +https://openai.com/gptbot)"
74.7.227.39 - - [24/Dec/2025:08:05:26 -0500] "GET /?_g=1057010 HTTP/1.1" 200 215329 "-" "Mozilla/5.0 AppleWebKit/537.36 (KHTML, like Gecko; compatible; GPTBot/1.3; +https://openai.com/gptbot)"
74.7.227.39 - - [24/Dec/2025:08:05:26 -0500] "GET /?_g=2985228 HTTP/1.1" 200 215329 "-" "Mozilla/5.0 AppleWebKit/537.36 (KHTML, like Gecko; compatible; GPTBot/1.3; +https://openai.com/gptbot)"
74.7.227.39 - - [24/Dec/2025:08:05:27 -0500] "GET /?_g=3956963 HTTP/1.1" 200 215329 "-" "Mozilla/5.0 AppleWebKit/537.36 (KHTML, like Gecko; compatible; GPTBot/1.3; +https://openai.com/gptbot)"
74.7.227.39 - - [24/Dec/2025:08:05:28 -0500] "GET /?_g=2142554 HTTP/1.1" 200 215329 "-" "Mozilla/5.0 AppleWebKit/537.36 (KHTML, like Gecko; compatible; GPTBot/1.3; +https://openai.com/gptbot)"
136.243.228.195 - - [24/Dec/2025:08:05:27 -0500] "GET /?_g=1914578 HTTP/1.1" 200 215329 "-" "Mozilla/5.0 (compatible; DataForSeoBot/1.0; +https://dataforseo.com/dataforseo-bot)"
198.50.127.198 - - [24/Dec/2025:08:05:29 -0500] "POST /wp-cron.php?doing_wp_cron=1766581529.1047580242156982421875 HTTP/1.1" 200 - "-" "WordPress/6.9; https://bahiaparaisosuites.com"
74.7.227.39 - - [24/Dec/2025:08:05:28 -0500] "GET /?_g=1141223 HTTP/1.1" 200 215329 "-" "Mozilla/5.0 AppleWebKit/537.36 (KHTML, like Gecko; compatible; GPTBot/1.3; +https://openai.com/gptbot)"
74.7.227.39 - - [24/Dec/2025:08:05:29 -0500] "GET /?_g=2567226 HTTP/1.1" 200 215329 "-" "Mozilla/5.0 AppleWebKit/537.36 (KHTML, like Gecko; compatible; GPTBot/1.3; +https://openai.com/gptbot)"
74.7.227.39 - - [24/Dec/2025:08:05:29 -0500] "GET /?_g=2383877 HTTP/1.1" 200 215329 "-" "Mozilla/5.0 AppleWebKit/537.36 (KHTML, like Gecko; compatible; GPTBot/1.3; +https://openai.com/gptbot)"
74.7.227.39 - - [24/Dec/2025:08:05:30 -0500] "GET /?_g=2380302 HTTP/1.1" 200 215329 "-" "Mozilla/5.0 AppleWebKit/537.36 (KHTML, like Gecko; compatible; GPTBot/1.3; +https://openai.com/gptbot)"
74.7.227.39 - - [24/Dec/2025:08:05:31 -0500] "GET /?_g=3809080 HTTP/1.1" 200 215329 "-" "Mozilla/5.0 AppleWebKit/537.36 (KHTML, like Gecko; compatible; GPTBot/1.3; +https://openai.com/gptbot)"
74.7.227.39 - - [24/Dec/2025:08:05:31 -0500] "GET /?_g=1771518 HTTP/1.1" 200 215329 "-" "Mozilla/5.0 AppleWebKit/537.36 (KHTML, like Gecko; compatible; GPTBot/1.3; +https://openai.com/gptbot)"
74.7.227.39 - - [24/Dec/2025:08:05:32 -0500] "GET /?_g=1707150 HTTP/1.1" 200 215329 "-" "Mozilla/5.0 AppleWebKit/537.36 (KHTML, like Gecko; compatible; GPTBot/1.3; +https://openai.com/gptbot)"
136.243.228.195 - - [24/Dec/2025:08:05:31 -0500] "GET /?_g=769373 HTTP/1.1" 200 215329 "-" "Mozilla/5.0 (compatible; DataForSeoBot/1.0; +https://dataforseo.com/dataforseo-bot)"
74.7.227.39 - - [24/Dec/2025:08:05:32 -0500] "GET /?_g=2267926 HTTP/1.1" 200 215329 "-" "Mozilla/5.0 AppleWebKit/537.36 (KHTML, like Gecko; compatible; GPTBot/1.3; +https://openai.com/gptbot)"
74.7.227.39 - - [24/Dec/2025:08:05:33 -0500] "GET /?_g=2582866 HTTP/1.1" 200 215329 "-" "Mozilla/5.0 AppleWebKit/537.36 (KHTML, like Gecko; compatible; GPTBot/1.3; +https://openai.com/gptbot)"
74.7.227.39 - - [24/Dec/2025:08:05:34 -0500] "GET /?_g=2132338 HTTP/1.1" 200 215329 "-" "Mozilla/5.0 AppleWebKit/537.36 (KHTML, like Gecko; compatible; GPTBot/1.3; +https://openai.com/gptbot)"
176.123.4.135 - - [24/Dec/2025:08:05:34 -0500] "GET /wp-admin/edit.php HTTP/1.1" 503 19545 "https://bahiaparaisosuites.com/wp-login.php" "Mozilla/5.0 (X11; Linux x86_64) AppleWebKit/537.36 (KHTML, like Gecko) Chrome/118.0.0.0 Safari/537.36"
74.7.227.39 - - [24/Dec/2025:08:05:34 -0500] "GET /?_g=2442060 HTTP/1.1" 200 215329 "-" "Mozilla/5.0 AppleWebKit/537.36 (KHTML, like Gecko; compatible; GPTBot/1.3; +https://openai.com/gptbot)"
74.7.227.39 - - [24/Dec/2025:08:05:35 -0500] "GET /?_g=1422041 HTTP/1.1" 200 215329 "-" "Mozilla/5.0 AppleWebKit/537.36 (KHTML, like Gecko; compatible; GPTBot/1.3; +https://openai.com/gptbot)"
74.7.227.39 - - [24/Dec/2025:08:05:35 -0500] "GET /?_g=3011361 HTTP/1.1" 200 215329 "-" "Mozilla/5.0 AppleWebKit/537.36 (KHTML, like Gecko; compatible; GPTBot/1.3; +https://openai.com/gptbot)"
136.243.228.195 - - [24/Dec/2025:08:05:35 -0500] "GET /?_g=3868701 HTTP/1.1" 200 215329 "-" "Mozilla/5.0 (compatible; DataForSeoBot/1.0; +https://dataforseo.com/dataforseo-bot)"
74.7.227.39 - - [24/Dec/2025:08:05:36 -0500] "GET /?_g=3399259 HTTP/1.1" 200 215329 "-" "Mozilla/5.0 AppleWebKit/537.36 (KHTML, like Gecko; compatible; GPTBot/1.3; +https://openai.com/gptbot)"
