136.243.228.195 - - [24/Dec/2025:07:40:26 -0500] "GET /?_g=1424222 HTTP/1.1" 200 215329 "-" "Mozilla/5.0 (compatible; DataForSeoBot/1.0; +https://dataforseo.com/dataforseo-bot)"
207.46.13.107 - - [24/Dec/2025:07:40:29 -0500] "GET /index.php//?_g=1625756 HTTP/1.1" 200 186846 "-" "Mozilla/5.0 AppleWebKit/537.36 (KHTML, like Gecko; compatible; bingbot/2.0; +http://www.bing.com/bingbot.htm) Chrome/116.0.1938.76 Safari/537.36"
198.50.127.198 - - [24/Dec/2025:07:40:31 -0500] "POST /wp-cron.php?doing_wp_cron=1766580031.0998940467834472656250 HTTP/1.1" 200 - "-" "WordPress/6.9; https://bahiaparaisosuites.com"
136.243.228.195 - - [24/Dec/2025:07:40:30 -0500] "GET /?_g=2888893 HTTP/1.1" 200 215329 "-" "Mozilla/5.0 (compatible; DataForSeoBot/1.0; +https://dataforseo.com/dataforseo-bot)"
136.243.228.195 - - [24/Dec/2025:07:40:34 -0500] "GET /?_g=3939398 HTTP/1.1" 200 215329 "-" "Mozilla/5.0 (compatible; DataForSeoBot/1.0; +https://dataforseo.com/dataforseo-bot)"
198.50.127.198 - - [24/Dec/2025:07:40:39 -0500] "POST /wp-cron.php?doing_wp_cron=1766580039.3763129711151123046875 HTTP/1.1" 200 - "-" "WordPress/6.9; https://bahiaparaisosuites.com"
136.243.228.195 - - [24/Dec/2025:07:40:38 -0500] "GET /?_g=813094 HTTP/1.1" 200 215329 "-" "Mozilla/5.0 (compatible; DataForSeoBot/1.0; +https://dataforseo.com/dataforseo-bot)"
57.141.20.12 - - [24/Dec/2025:07:40:41 -0500] "GET /?_g=3472728 HTTP/1.1" 200 215329 "-" "meta-externalagent/1.1 (+https://developers.facebook.com/docs/sharing/webmasters/crawler)"
136.243.228.195 - - [24/Dec/2025:07:40:42 -0500] "GET /?_g=1744327 HTTP/1.1" 200 215329 "-" "Mozilla/5.0 (compatible; DataForSeoBot/1.0; +https://dataforseo.com/dataforseo-bot)"
40.77.167.73 - - [24/Dec/2025:07:40:44 -0500] "GET /?_g=3214411 HTTP/1.1" 200 182021 "-" "Mozilla/5.0 AppleWebKit/537.36 (KHTML, like Gecko; compatible; bingbot/2.0; +http://www.bing.com/bingbot.htm) Chrome/116.0.1938.76 Safari/537.36"
57.141.20.0 - - [24/Dec/2025:07:40:47 -0500] "GET /?_g=1362931 HTTP/1.1" 200 215329 "-" "meta-externalagent/1.1 (+https://developers.facebook.com/docs/sharing/webmasters/crawler)"
136.243.228.195 - - [24/Dec/2025:07:40:46 -0500] "GET /?_g=2458737 HTTP/1.1" 200 215329 "-" "Mozilla/5.0 (compatible; DataForSeoBot/1.0; +https://dataforseo.com/dataforseo-bot)"
207.46.13.107 - - [24/Dec/2025:07:40:49 -0500] "GET /index.php/shop/pg/1SiteUse//?_g=1678189 HTTP/1.1" 200 196109 "-" "Mozilla/5.0 AppleWebKit/537.36 (KHTML, like Gecko; compatible; bingbot/2.0; +http://www.bing.com/bingbot.htm) Chrome/116.0.1938.76 Safari/537.36"
198.50.127.198 - - [24/Dec/2025:07:40:51 -0500] "POST /wp-cron.php?doing_wp_cron=1766580051.5684959888458251953125 HTTP/1.1" 200 - "-" "WordPress/6.9; https://bahiaparaisosuites.com"
136.243.228.195 - - [24/Dec/2025:07:40:51 -0500] "GET /?_g=139059 HTTP/1.1" 200 215329 "-" "Mozilla/5.0 (compatible; DataForSeoBot/1.0; +https://dataforseo.com/dataforseo-bot)"
85.208.96.211 - - [24/Dec/2025:07:40:52 -0500] "GET /?_g=2982100 HTTP/1.1" 200 215329 "-" "Mozilla/5.0 (compatible; SemrushBot/7~bl; +http://www.semrush.com/bot.html)"
74.91.29.90 - - [24/Dec/2025:07:40:54 -0500] "GET /sxallsitemap.xml HTTP/1.1" 200 11 "-" "Mozilla/5.0 (Windows NT 10.0; Win64; x64) AppleWebKit/537.36 (KHTML, like Gecko) Chrome/142.0.0.0 Safari/537.36"
136.243.228.195 - - [24/Dec/2025:07:40:54 -0500] "GET /?_g=1351981 HTTP/1.1" 200 215329 "-" "Mozilla/5.0 (compatible; DataForSeoBot/1.0; +https://dataforseo.com/dataforseo-bot)"
136.243.228.195 - - [24/Dec/2025:07:40:58 -0500] "GET /?_g=2310654 HTTP/1.1" 200 215329 "-" "Mozilla/5.0 (compatible; DataForSeoBot/1.0; +https://dataforseo.com/dataforseo-bot)"
198.50.127.198 - - [24/Dec/2025:07:41:02 -0500] "POST /wp-cron.php?doing_wp_cron=1766580062.8870959281921386718750 HTTP/1.1" 200 - "-" "WordPress/6.9; https://bahiaparaisosuites.com"
185.191.171.12 - - [24/Dec/2025:07:41:03 -0500] "GET /?_g=3323954 HTTP/1.1" 200 215329 "-" "Mozilla/5.0 (compatible; SemrushBot/7~bl; +http://www.semrush.com/bot.html)"
136.243.228.195 - - [24/Dec/2025:07:41:02 -0500] "GET /?_g=423422 HTTP/1.1" 200 215329 "-" "Mozilla/5.0 (compatible; DataForSeoBot/1.0; +https://dataforseo.com/dataforseo-bot)"
136.243.228.195 - - [24/Dec/2025:07:41:07 -0500] "GET /?_g=972014 HTTP/1.1" 200 215329 "-" "Mozilla/5.0 (compatible; DataForSeoBot/1.0; +https://dataforseo.com/dataforseo-bot)"
198.50.127.198 - - [24/Dec/2025:07:41:11 -0500] "POST /wp-cron.php?doing_wp_cron=1766580071.2861549854278564453125 HTTP/1.1" 200 - "-" "WordPress/6.9; https://bahiaparaisosuites.com"
185.191.171.1 - - [24/Dec/2025:07:41:10 -0500] "GET /?_g=1589945 HTTP/1.1" 200 215329 "-" "Mozilla/5.0 (compatible; SemrushBot/7~bl; +http://www.semrush.com/bot.html)"
136.243.228.195 - - [24/Dec/2025:07:41:10 -0500] "GET /?_g=303166 HTTP/1.1" 200 215329 "-" "Mozilla/5.0 (compatible; DataForSeoBot/1.0; +https://dataforseo.com/dataforseo-bot)"
136.243.228.195 - - [24/Dec/2025:07:41:14 -0500] "GET /?_g=3526577 HTTP/1.1" 200 215329 "-" "Mozilla/5.0 (compatible; DataForSeoBot/1.0; +https://dataforseo.com/dataforseo-bot)"
198.50.127.198 - - [24/Dec/2025:07:41:18 -0500] "POST /wp-cron.php?doing_wp_cron=1766580078.7731270790100097656250 HTTP/1.1" 200 - "-" "WordPress/6.9; https://bahiaparaisosuites.com"
136.243.228.195 - - [24/Dec/2025:07:41:18 -0500] "GET /?_g=3687075 HTTP/1.1" 200 215329 "-" "Mozilla/5.0 (compatible; DataForSeoBot/1.0; +https://dataforseo.com/dataforseo-bot)"
57.141.20.45 - - [24/Dec/2025:07:41:19 -0500] "GET /?_g=357641 HTTP/1.1" 200 215329 "-" "meta-externalagent/1.1 (+https://developers.facebook.com/docs/sharing/webmasters/crawler)"
185.191.171.1 - - [24/Dec/2025:07:41:21 -0500] "GET /?_g=1797963 HTTP/1.1" 200 215329 "-" "Mozilla/5.0 (compatible; SemrushBot/7~bl; +http://www.semrush.com/bot.html)"
136.243.228.195 - - [24/Dec/2025:07:41:22 -0500] "GET /?_g=1444757 HTTP/1.1" 200 215329 "-" "Mozilla/5.0 (compatible; DataForSeoBot/1.0; +https://dataforseo.com/dataforseo-bot)"
57.141.20.56 - - [24/Dec/2025:07:41:27 -0500] "GET /?_g=3593366 HTTP/1.1" 200 215329 "-" "meta-externalagent/1.1 (+https://developers.facebook.com/docs/sharing/webmasters/crawler)"
57.141.20.54 - - [24/Dec/2025:07:41:27 -0500] "GET /?_g=1685018 HTTP/1.1" 200 215329 "-" "meta-externalagent/1.1 (+https://developers.facebook.com/docs/sharing/webmasters/crawler)"
136.243.228.195 - - [24/Dec/2025:07:41:26 -0500] "GET /?_g=2475216 HTTP/1.1" 200 215329 "-" "Mozilla/5.0 (compatible; DataForSeoBot/1.0; +https://dataforseo.com/dataforseo-bot)"
198.50.127.198 - - [24/Dec/2025:07:41:31 -0500] "POST /wp-cron.php?doing_wp_cron=1766580091.2937350273132324218750 HTTP/1.1" 200 - "-" "WordPress/6.9; https://bahiaparaisosuites.com"
136.243.228.195 - - [24/Dec/2025:07:41:30 -0500] "GET /?_g=142431 HTTP/1.1" 200 215329 "-" "Mozilla/5.0 (compatible; DataForSeoBot/1.0; +https://dataforseo.com/dataforseo-bot)"
57.141.20.1 - - [24/Dec/2025:07:41:34 -0500] "GET /?_g=36193 HTTP/1.1" 200 215329 "-" "meta-externalagent/1.1 (+https://developers.facebook.com/docs/sharing/webmasters/crawler)"
136.243.228.195 - - [24/Dec/2025:07:41:35 -0500] "GET /?_g=1563156 HTTP/1.1" 200 215329 "-" "Mozilla/5.0 (compatible; DataForSeoBot/1.0; +https://dataforseo.com/dataforseo-bot)"
57.141.20.43 - - [24/Dec/2025:07:41:37 -0500] "GET /?_g=1246014 HTTP/1.1" 200 215329 "-" "meta-externalagent/1.1 (+https://developers.facebook.com/docs/sharing/webmasters/crawler)"
198.50.127.198 - - [24/Dec/2025:07:41:39 -0500] "POST /wp-cron.php?doing_wp_cron=1766580099.2116370201110839843750 HTTP/1.1" 200 - "-" "WordPress/6.9; https://bahiaparaisosuites.com"
57.141.20.23 - - [24/Dec/2025:07:41:38 -0500] "GET /?_g=2559877 HTTP/1.1" 200 215329 "-" "meta-externalagent/1.1 (+https://developers.facebook.com/docs/sharing/webmasters/crawler)"
136.243.228.195 - - [24/Dec/2025:07:41:38 -0500] "GET /?_g=1600757 HTTP/1.1" 200 215329 "-" "Mozilla/5.0 (compatible; DataForSeoBot/1.0; +https://dataforseo.com/dataforseo-bot)"
136.243.228.195 - - [24/Dec/2025:07:41:42 -0500] "GET /?_g=2178584 HTTP/1.1" 200 215329 "-" "Mozilla/5.0 (compatible; DataForSeoBot/1.0; +https://dataforseo.com/dataforseo-bot)"
57.141.20.43 - - [24/Dec/2025:07:41:43 -0500] "GET /?_g=925030 HTTP/1.1" 200 215329 "-" "meta-externalagent/1.1 (+https://developers.facebook.com/docs/sharing/webmasters/crawler)"
136.243.228.195 - - [24/Dec/2025:07:41:46 -0500] "GET /?_g=1815693 HTTP/1.1" 200 215329 "-" "Mozilla/5.0 (compatible; DataForSeoBot/1.0; +https://dataforseo.com/dataforseo-bot)"
198.50.127.198 - - [24/Dec/2025:07:41:51 -0500] "POST /wp-cron.php?doing_wp_cron=1766580111.2808570861816406250000 HTTP/1.1" 200 - "-" "WordPress/6.9; https://bahiaparaisosuites.com"
136.243.228.195 - - [24/Dec/2025:07:41:50 -0500] "GET /?_g=928936 HTTP/1.1" 200 215329 "-" "Mozilla/5.0 (compatible; DataForSeoBot/1.0; +https://dataforseo.com/dataforseo-bot)"
136.243.228.195 - - [24/Dec/2025:07:41:54 -0500] "GET /?_g=482725 HTTP/1.1" 200 215329 "-" "Mozilla/5.0 (compatible; DataForSeoBot/1.0; +https://dataforseo.com/dataforseo-bot)"
198.50.127.198 - - [24/Dec/2025:07:41:59 -0500] "POST /wp-cron.php?doing_wp_cron=1766580119.1336081027984619140625 HTTP/1.1" 200 - "-" "WordPress/6.9; https://bahiaparaisosuites.com"
57.141.20.35 - - [24/Dec/2025:07:41:58 -0500] "GET /?_g=2900038 HTTP/1.1" 200 215329 "-" "meta-externalagent/1.1 (+https://developers.facebook.com/docs/sharing/webmasters/crawler)"
219.122.176.17 - - [24/Dec/2025:07:41:59 -0500] "GET /?_g=485195 HTTP/1.1" 200 447 "https://www.google.com/" "Mozilla/5.0 (Linux; Android 10; K) AppleWebKit/537.36 (KHTML, like Gecko) Chrome/143.0.0.0 Mobile Safari/537.36"
198.50.127.198 - - [24/Dec/2025:07:41:59 -0500] "POST /wp-cron.php?doing_wp_cron=1766580119.4528939723968505859375 HTTP/1.1" 200 - "-" "WordPress/6.9; https://bahiaparaisosuites.com"
85.208.96.200 - - [24/Dec/2025:07:41:59 -0500] "GET /?_g=170335 HTTP/1.1" 200 215329 "-" "Mozilla/5.0 (compatible; SemrushBot/7~bl; +http://www.semrush.com/bot.html)"
136.243.228.195 - - [24/Dec/2025:07:41:58 -0500] "GET /?_g=2643365 HTTP/1.1" 200 215329 "-" "Mozilla/5.0 (compatible; DataForSeoBot/1.0; +https://dataforseo.com/dataforseo-bot)"
136.243.228.195 - - [24/Dec/2025:07:42:03 -0500] "GET /?_g=2015298 HTTP/1.1" 200 215329 "-" "Mozilla/5.0 (compatible; DataForSeoBot/1.0; +https://dataforseo.com/dataforseo-bot)"
136.243.228.195 - - [24/Dec/2025:07:42:06 -0500] "GET /?_g=997296 HTTP/1.1" 200 215329 "-" "Mozilla/5.0 (compatible; DataForSeoBot/1.0; +https://dataforseo.com/dataforseo-bot)"
57.141.20.41 - - [24/Dec/2025:07:42:07 -0500] "GET /?_g=675082 HTTP/1.1" 200 215329 "-" "meta-externalagent/1.1 (+https://developers.facebook.com/docs/sharing/webmasters/crawler)"
136.243.228.195 - - [24/Dec/2025:07:42:10 -0500] "GET /?_g=2467641 HTTP/1.1" 200 215329 "-" "Mozilla/5.0 (compatible; DataForSeoBot/1.0; +https://dataforseo.com/dataforseo-bot)"
57.141.20.36 - - [24/Dec/2025:07:42:12 -0500] "GET /?_g=1077178 HTTP/1.1" 200 215329 "-" "meta-externalagent/1.1 (+https://developers.facebook.com/docs/sharing/webmasters/crawler)"
85.208.96.200 - - [24/Dec/2025:07:42:14 -0500] "GET /?_g=561286 HTTP/1.1" 200 215329 "-" "Mozilla/5.0 (compatible; SemrushBot/7~bl; +http://www.semrush.com/bot.html)"
136.243.228.195 - - [24/Dec/2025:07:42:14 -0500] "GET /?_g=1336506 HTTP/1.1" 200 215329 "-" "Mozilla/5.0 (compatible; DataForSeoBot/1.0; +https://dataforseo.com/dataforseo-bot)"
136.243.228.195 - - [24/Dec/2025:07:42:18 -0500] "GET /?_g=1040979 HTTP/1.1" 200 215329 "-" "Mozilla/5.0 (compatible; DataForSeoBot/1.0; +https://dataforseo.com/dataforseo-bot)"
136.243.228.195 - - [24/Dec/2025:07:42:22 -0500] "GET /?_g=2708496 HTTP/1.1" 200 215329 "-" "Mozilla/5.0 (compatible; DataForSeoBot/1.0; +https://dataforseo.com/dataforseo-bot)"
85.208.96.201 - - [24/Dec/2025:07:42:23 -0500] "GET /?_g=1055317 HTTP/1.1" 200 215329 "-" "Mozilla/5.0 (compatible; SemrushBot/7~bl; +http://www.semrush.com/bot.html)"
136.243.228.195 - - [24/Dec/2025:07:42:26 -0500] "GET /?_g=265496 HTTP/1.1" 200 215329 "-" "Mozilla/5.0 (compatible; DataForSeoBot/1.0; +https://dataforseo.com/dataforseo-bot)"
57.141.20.42 - - [24/Dec/2025:07:42:27 -0500] "GET /?_g=3764035 HTTP/1.1" 200 215329 "-" "meta-externalagent/1.1 (+https://developers.facebook.com/docs/sharing/webmasters/crawler)"
136.243.228.195 - - [24/Dec/2025:07:42:30 -0500] "GET /?_g=2377092 HTTP/1.1" 200 215329 "-" "Mozilla/5.0 (compatible; DataForSeoBot/1.0; +https://dataforseo.com/dataforseo-bot)"
136.243.228.195 - - [24/Dec/2025:07:42:34 -0500] "GET /?_g=3736104 HTTP/1.1" 200 215329 "-" "Mozilla/5.0 (compatible; DataForSeoBot/1.0; +https://dataforseo.com/dataforseo-bot)"
57.141.20.43 - - [24/Dec/2025:07:42:37 -0500] "GET /?_g=1394691 HTTP/1.1" 200 215329 "-" "meta-externalagent/1.1 (+https://developers.facebook.com/docs/sharing/webmasters/crawler)"
85.208.96.207 - - [24/Dec/2025:07:42:38 -0500] "GET /?_g=3810073 HTTP/1.1" 200 215329 "-" "Mozilla/5.0 (compatible; SemrushBot/7~bl; +http://www.semrush.com/bot.html)"
136.243.228.195 - - [24/Dec/2025:07:42:38 -0500] "GET /?_g=2617769 HTTP/1.1" 200 215329 "-" "Mozilla/5.0 (compatible; DataForSeoBot/1.0; +https://dataforseo.com/dataforseo-bot)"
185.191.171.1 - - [24/Dec/2025:07:42:42 -0500] "GET /?_g=1825988 HTTP/1.1" 200 215329 "-" "Mozilla/5.0 (compatible; SemrushBot/7~bl; +http://www.semrush.com/bot.html)"
136.243.228.195 - - [24/Dec/2025:07:42:42 -0500] "GET /?_g=1761838 HTTP/1.1" 200 215329 "-" "Mozilla/5.0 (compatible; DataForSeoBot/1.0; +https://dataforseo.com/dataforseo-bot)"
66.249.64.233 - - [24/Dec/2025:07:42:46 -0500] "GET /?_g=1755397 HTTP/1.1" 200 175929 "-" "Mozilla/5.0 (Linux; Android 6.0.1; Nexus 5X Build/MMB29P) AppleWebKit/537.36 (KHTML, like Gecko) Chrome/141.0.7390.122 Mobile Safari/537.36 (compatible; Googlebot/2.1; +http://www.google.com/bot.html)"
136.243.228.195 - - [24/Dec/2025:07:42:46 -0500] "GET /?_g=869927 HTTP/1.1" 200 215329 "-" "Mozilla/5.0 (compatible; DataForSeoBot/1.0; +https://dataforseo.com/dataforseo-bot)"
57.141.20.35 - - [24/Dec/2025:07:42:48 -0500] "GET /?_g=2909107 HTTP/1.1" 200 215329 "-" "meta-externalagent/1.1 (+https://developers.facebook.com/docs/sharing/webmasters/crawler)"
57.141.20.59 - - [24/Dec/2025:07:42:50 -0500] "GET /?_g=3964656 HTTP/1.1" 200 215329 "-" "meta-externalagent/1.1 (+https://developers.facebook.com/docs/sharing/webmasters/crawler)"
136.243.228.195 - - [24/Dec/2025:07:42:50 -0500] "GET /?_g=2522877 HTTP/1.1" 200 215329 "-" "Mozilla/5.0 (compatible; DataForSeoBot/1.0; +https://dataforseo.com/dataforseo-bot)"
57.141.20.43 - - [24/Dec/2025:07:42:53 -0500] "GET /?_g=3968369 HTTP/1.1" 200 215329 "-" "meta-externalagent/1.1 (+https://developers.facebook.com/docs/sharing/webmasters/crawler)"
136.243.228.195 - - [24/Dec/2025:07:42:54 -0500] "GET /?_g=194210 HTTP/1.1" 200 215329 "-" "Mozilla/5.0 (compatible; DataForSeoBot/1.0; +https://dataforseo.com/dataforseo-bot)"
185.191.171.5 - - [24/Dec/2025:07:42:55 -0500] "GET /?_g=1913434 HTTP/1.1" 200 215329 "-" "Mozilla/5.0 (compatible; SemrushBot/7~bl; +http://www.semrush.com/bot.html)"
85.208.96.197 - - [24/Dec/2025:07:42:58 -0500] "GET /?_g=3403442 HTTP/1.1" 200 215329 "-" "Mozilla/5.0 (compatible; SemrushBot/7~bl; +http://www.semrush.com/bot.html)"
136.243.228.195 - - [24/Dec/2025:07:42:58 -0500] "GET /?_g=3664899 HTTP/1.1" 200 215329 "-" "Mozilla/5.0 (compatible; DataForSeoBot/1.0; +https://dataforseo.com/dataforseo-bot)"
198.50.127.198 - - [24/Dec/2025:07:43:03 -0500] "POST /wp-cron.php?doing_wp_cron=1766580183.3093500137329101562500 HTTP/1.1" 200 - "-" "WordPress/6.9; https://bahiaparaisosuites.com"
85.208.96.197 - - [24/Dec/2025:07:43:02 -0500] "GET /?_g=2248145 HTTP/1.1" 200 215329 "-" "Mozilla/5.0 (compatible; SemrushBot/7~bl; +http://www.semrush.com/bot.html)"
198.50.127.198 - - [24/Dec/2025:07:43:03 -0500] "POST /wp-cron.php?doing_wp_cron=1766580183.4753000736236572265625 HTTP/1.1" 200 - "-" "WordPress/6.9; https://bahiaparaisosuites.com"
136.243.228.195 - - [24/Dec/2025:07:43:02 -0500] "GET /?_g=1512516 HTTP/1.1" 200 215329 "-" "Mozilla/5.0 (compatible; DataForSeoBot/1.0; +https://dataforseo.com/dataforseo-bot)"
136.243.228.195 - - [24/Dec/2025:07:43:06 -0500] "GET /?_g=963686 HTTP/1.1" 200 215329 "-" "Mozilla/5.0 (compatible; DataForSeoBot/1.0; +https://dataforseo.com/dataforseo-bot)"
198.50.127.198 - - [24/Dec/2025:07:43:11 -0500] "POST /wp-cron.php?doing_wp_cron=1766580191.3048288822174072265625 HTTP/1.1" 200 - "-" "WordPress/6.9; https://bahiaparaisosuites.com"
136.243.228.195 - - [24/Dec/2025:07:43:10 -0500] "GET /?_g=1849822 HTTP/1.1" 200 215329 "-" "Mozilla/5.0 (compatible; DataForSeoBot/1.0; +https://dataforseo.com/dataforseo-bot)"
57.141.20.4 - - [24/Dec/2025:07:43:12 -0500] "GET /?_g=1614414 HTTP/1.1" 200 215329 "-" "meta-externalagent/1.1 (+https://developers.facebook.com/docs/sharing/webmasters/crawler)"
136.243.228.195 - - [24/Dec/2025:07:43:15 -0500] "GET /?_g=4016888 HTTP/1.1" 200 215329 "-" "Mozilla/5.0 (compatible; DataForSeoBot/1.0; +https://dataforseo.com/dataforseo-bot)"
198.50.127.198 - - [24/Dec/2025:07:43:18 -0500] "POST /wp-cron.php?doing_wp_cron=1766580198.8967499732971191406250 HTTP/1.1" 200 - "-" "WordPress/6.9; https://bahiaparaisosuites.com"
85.208.96.196 - - [24/Dec/2025:07:43:18 -0500] "GET /?_g=2932017 HTTP/1.1" 200 215329 "-" "Mozilla/5.0 (compatible; SemrushBot/7~bl; +http://www.semrush.com/bot.html)"
136.243.228.195 - - [24/Dec/2025:07:43:18 -0500] "GET /?_g=1741223 HTTP/1.1" 200 215329 "-" "Mozilla/5.0 (compatible; DataForSeoBot/1.0; +https://dataforseo.com/dataforseo-bot)"
57.141.20.28 - - [24/Dec/2025:07:43:19 -0500] "GET /?_g=3111746 HTTP/1.1" 200 215329 "-" "meta-externalagent/1.1 (+https://developers.facebook.com/docs/sharing/webmasters/crawler)"
185.191.171.4 - - [24/Dec/2025:07:43:21 -0500] "GET /?_g=2993982 HTTP/1.1" 200 215329 "-" "Mozilla/5.0 (compatible; SemrushBot/7~bl; +http://www.semrush.com/bot.html)"
136.243.228.195 - - [24/Dec/2025:07:43:22 -0500] "GET /?_g=2798588 HTTP/1.1" 200 215329 "-" "Mozilla/5.0 (compatible; DataForSeoBot/1.0; +https://dataforseo.com/dataforseo-bot)"
85.208.96.209 - - [24/Dec/2025:07:43:25 -0500] "GET /?_g=118747 HTTP/1.1" 200 215329 "-" "Mozilla/5.0 (compatible; SemrushBot/7~bl; +http://www.semrush.com/bot.html)"
185.191.171.10 - - [24/Dec/2025:07:43:27 -0500] "GET /?_g=3287974 HTTP/1.1" 200 215329 "-" "Mozilla/5.0 (compatible; SemrushBot/7~bl; +http://www.semrush.com/bot.html)"
136.243.228.195 - - [24/Dec/2025:07:43:26 -0500] "GET /?_g=1694309 HTTP/1.1" 200 215329 "-" "Mozilla/5.0 (compatible; DataForSeoBot/1.0; +https://dataforseo.com/dataforseo-bot)"
57.141.20.43 - - [24/Dec/2025:07:43:28 -0500] "GET /?_g=3204086 HTTP/1.1" 200 215329 "-" "meta-externalagent/1.1 (+https://developers.facebook.com/docs/sharing/webmasters/crawler)"
198.50.127.198 - - [24/Dec/2025:07:43:30 -0500] "POST /wp-cron.php?doing_wp_cron=1766580210.9740989208221435546875 HTTP/1.1" 200 - "-" "WordPress/6.9; https://bahiaparaisosuites.com"
136.243.228.195 - - [24/Dec/2025:07:43:30 -0500] "GET /?_g=2352039 HTTP/1.1" 200 215329 "-" "Mozilla/5.0 (compatible; DataForSeoBot/1.0; +https://dataforseo.com/dataforseo-bot)"
136.243.228.195 - - [24/Dec/2025:07:43:34 -0500] "GET /?_g=2518797 HTTP/1.1" 200 215329 "-" "Mozilla/5.0 (compatible; DataForSeoBot/1.0; +https://dataforseo.com/dataforseo-bot)"
66.249.64.234 - - [24/Dec/2025:07:43:37 -0500] "GET /?_g=1226312 HTTP/1.1" 200 189697 "-" "Mozilla/5.0 (Linux; Android 6.0.1; Nexus 5X Build/MMB29P) AppleWebKit/537.36 (KHTML, like Gecko) Chrome/141.0.7390.122 Mobile Safari/537.36 (compatible; Googlebot/2.1; +http://www.google.com/bot.html)"
136.243.228.195 - - [24/Dec/2025:07:43:38 -0500] "GET /?_g=3573904 HTTP/1.1" 200 215329 "-" "Mozilla/5.0 (compatible; DataForSeoBot/1.0; +https://dataforseo.com/dataforseo-bot)"
198.50.127.198 - - [24/Dec/2025:07:43:42 -0500] "POST /wp-cron.php?doing_wp_cron=1766580222.8051240444183349609375 HTTP/1.1" 200 - "-" "WordPress/6.9; https://bahiaparaisosuites.com"
136.243.228.195 - - [24/Dec/2025:07:43:42 -0500] "GET /?_g=1975677 HTTP/1.1" 200 215329 "-" "Mozilla/5.0 (compatible; DataForSeoBot/1.0; +https://dataforseo.com/dataforseo-bot)"
198.50.127.198 - - [24/Dec/2025:07:43:47 -0500] "POST /wp-cron.php?doing_wp_cron=1766580227.3226709365844726562500 HTTP/1.1" 200 - "-" "WordPress/6.9; https://bahiaparaisosuites.com"
136.243.228.195 - - [24/Dec/2025:07:43:46 -0500] "GET /?_g=3064265 HTTP/1.1" 200 215329 "-" "Mozilla/5.0 (compatible; DataForSeoBot/1.0; +https://dataforseo.com/dataforseo-bot)"
198.50.127.198 - - [24/Dec/2025:07:43:51 -0500] "POST /wp-cron.php?doing_wp_cron=1766580231.2277510166168212890625 HTTP/1.1" 200 - "-" "WordPress/6.9; https://bahiaparaisosuites.com"
136.243.228.195 - - [24/Dec/2025:07:43:50 -0500] "GET /?_g=2812297 HTTP/1.1" 200 215329 "-" "Mozilla/5.0 (compatible; DataForSeoBot/1.0; +https://dataforseo.com/dataforseo-bot)"
57.141.20.35 - - [24/Dec/2025:07:43:53 -0500] "GET /?_g=2451015 HTTP/1.1" 200 215329 "-" "meta-externalagent/1.1 (+https://developers.facebook.com/docs/sharing/webmasters/crawler)"
136.243.228.195 - - [24/Dec/2025:07:43:54 -0500] "GET /?_g=3857448 HTTP/1.1" 200 215329 "-" "Mozilla/5.0 (compatible; DataForSeoBot/1.0; +https://dataforseo.com/dataforseo-bot)"
198.50.127.198 - - [24/Dec/2025:07:43:59 -0500] "POST /wp-cron.php?doing_wp_cron=1766580239.2748720645904541015625 HTTP/1.1" 200 - "-" "WordPress/6.9; https://bahiaparaisosuites.com"
185.191.171.16 - - [24/Dec/2025:07:43:58 -0500] "GET /?_g=1886626 HTTP/1.1" 200 215329 "-" "Mozilla/5.0 (compatible; SemrushBot/7~bl; +http://www.semrush.com/bot.html)"
136.243.228.195 - - [24/Dec/2025:07:43:58 -0500] "GET /?_g=4014139 HTTP/1.1" 200 215329 "-" "Mozilla/5.0 (compatible; DataForSeoBot/1.0; +https://dataforseo.com/dataforseo-bot)"
136.243.228.195 - - [24/Dec/2025:07:44:02 -0500] "GET /?_g=2906985 HTTP/1.1" 200 215329 "-" "Mozilla/5.0 (compatible; DataForSeoBot/1.0; +https://dataforseo.com/dataforseo-bot)"
57.141.20.14 - - [24/Dec/2025:07:44:03 -0500] "GET /?_g=2734477 HTTP/1.1" 200 215329 "-" "meta-externalagent/1.1 (+https://developers.facebook.com/docs/sharing/webmasters/crawler)"
57.141.20.52 - - [24/Dec/2025:07:44:03 -0500] "GET /?_g=3045584 HTTP/1.1" 200 215329 "-" "meta-externalagent/1.1 (+https://developers.facebook.com/docs/sharing/webmasters/crawler)"
136.243.228.195 - - [24/Dec/2025:07:44:06 -0500] "GET /?_g=1090975 HTTP/1.1" 200 215329 "-" "Mozilla/5.0 (compatible; DataForSeoBot/1.0; +https://dataforseo.com/dataforseo-bot)"
198.50.127.198 - - [24/Dec/2025:07:44:09 -0500] "POST /wp-cron.php?doing_wp_cron=1766580249.8165740966796875000000 HTTP/1.1" 200 - "-" "WordPress/6.9; https://bahiaparaisosuites.com"
57.141.20.43 - - [24/Dec/2025:07:44:09 -0500] "GET /?_g=872710 HTTP/1.1" 200 215329 "-" "meta-externalagent/1.1 (+https://developers.facebook.com/docs/sharing/webmasters/crawler)"
57.141.20.54 - - [24/Dec/2025:07:44:11 -0500] "GET /?_g=2649873 HTTP/1.1" 200 215329 "-" "meta-externalagent/1.1 (+https://developers.facebook.com/docs/sharing/webmasters/crawler)"
136.243.228.195 - - [24/Dec/2025:07:44:10 -0500] "GET /?_g=545780 HTTP/1.1" 200 215329 "-" "Mozilla/5.0 (compatible; DataForSeoBot/1.0; +https://dataforseo.com/dataforseo-bot)"
185.191.171.13 - - [24/Dec/2025:07:44:13 -0500] "GET /?_g=3789367 HTTP/1.1" 200 215329 "-" "Mozilla/5.0 (compatible; SemrushBot/7~bl; +http://www.semrush.com/bot.html)"
57.141.20.4 - - [24/Dec/2025:07:44:14 -0500] "GET /?_g=1535635 HTTP/1.1" 200 215329 "-" "meta-externalagent/1.1 (+https://developers.facebook.com/docs/sharing/webmasters/crawler)"
136.243.228.195 - - [24/Dec/2025:07:44:15 -0500] "GET /?_g=1539704 HTTP/1.1" 200 215329 "-" "Mozilla/5.0 (compatible; DataForSeoBot/1.0; +https://dataforseo.com/dataforseo-bot)"
198.50.127.198 - - [24/Dec/2025:07:44:19 -0500] "POST /wp-cron.php?doing_wp_cron=1766580259.0216190814971923828125 HTTP/1.1" 200 - "-" "WordPress/6.9; https://bahiaparaisosuites.com"
136.243.228.195 - - [24/Dec/2025:07:44:18 -0500] "GET /?_g=4000245 HTTP/1.1" 200 215329 "-" "Mozilla/5.0 (compatible; DataForSeoBot/1.0; +https://dataforseo.com/dataforseo-bot)"
57.141.20.17 - - [24/Dec/2025:07:44:20 -0500] "GET /?_g=3353989 HTTP/1.1" 200 215329 "-" "meta-externalagent/1.1 (+https://developers.facebook.com/docs/sharing/webmasters/crawler)"
57.141.20.0 - - [24/Dec/2025:07:44:22 -0500] "GET /?_g=1990284 HTTP/1.1" 200 215329 "-" "meta-externalagent/1.1 (+https://developers.facebook.com/docs/sharing/webmasters/crawler)"
136.243.228.195 - - [24/Dec/2025:07:44:22 -0500] "GET /?_g=3250100 HTTP/1.1" 200 215329 "-" "Mozilla/5.0 (compatible; DataForSeoBot/1.0; +https://dataforseo.com/dataforseo-bot)"
136.243.228.195 - - [24/Dec/2025:07:44:26 -0500] "GET /?_g=203291 HTTP/1.1" 200 215329 "-" "Mozilla/5.0 (compatible; DataForSeoBot/1.0; +https://dataforseo.com/dataforseo-bot)"
85.208.96.197 - - [24/Dec/2025:07:44:27 -0500] "GET /?_g=4011159 HTTP/1.1" 200 215329 "-" "Mozilla/5.0 (compatible; SemrushBot/7~bl; +http://www.semrush.com/bot.html)"
198.50.127.198 - - [24/Dec/2025:07:44:31 -0500] "POST /wp-cron.php?doing_wp_cron=1766580270.9933900833129882812500 HTTP/1.1" 200 - "-" "WordPress/6.9; https://bahiaparaisosuites.com"
136.243.228.195 - - [24/Dec/2025:07:44:30 -0500] "GET /?_g=1613156 HTTP/1.1" 200 215329 "-" "Mozilla/5.0 (compatible; DataForSeoBot/1.0; +https://dataforseo.com/dataforseo-bot)"
185.191.171.13 - - [24/Dec/2025:07:44:33 -0500] "GET /?_g=2023863 HTTP/1.1" 200 215329 "-" "Mozilla/5.0 (compatible; SemrushBot/7~bl; +http://www.semrush.com/bot.html)"
57.141.20.43 - - [24/Dec/2025:07:44:33 -0500] "GET /?_g=3082103 HTTP/1.1" 200 215329 "-" "meta-externalagent/1.1 (+https://developers.facebook.com/docs/sharing/webmasters/crawler)"
136.243.228.195 - - [24/Dec/2025:07:44:34 -0500] "GET /?_g=1491277 HTTP/1.1" 200 215329 "-" "Mozilla/5.0 (compatible; DataForSeoBot/1.0; +https://dataforseo.com/dataforseo-bot)"
57.141.20.7 - - [24/Dec/2025:07:44:36 -0500] "GET /?_g=3086532 HTTP/1.1" 200 215329 "-" "meta-externalagent/1.1 (+https://developers.facebook.com/docs/sharing/webmasters/crawler)"
136.243.228.195 - - [24/Dec/2025:07:44:38 -0500] "GET /?_g=2199281 HTTP/1.1" 200 215329 "-" "Mozilla/5.0 (compatible; DataForSeoBot/1.0; +https://dataforseo.com/dataforseo-bot)"
198.50.127.198 - - [24/Dec/2025:07:44:42 -0500] "POST /wp-cron.php?doing_wp_cron=1766580282.8137180805206298828125 HTTP/1.1" 200 - "-" "WordPress/6.9; https://bahiaparaisosuites.com"
85.208.96.201 - - [24/Dec/2025:07:44:42 -0500] "GET /?_g=3490822 HTTP/1.1" 200 215329 "-" "Mozilla/5.0 (compatible; SemrushBot/7~bl; +http://www.semrush.com/bot.html)"
136.243.228.195 - - [24/Dec/2025:07:44:42 -0500] "GET /?_g=337771 HTTP/1.1" 200 215329 "-" "Mozilla/5.0 (compatible; DataForSeoBot/1.0; +https://dataforseo.com/dataforseo-bot)"
57.141.20.23 - - [24/Dec/2025:07:44:44 -0500] "GET /?_g=770414 HTTP/1.1" 200 215329 "-" "meta-externalagent/1.1 (+https://developers.facebook.com/docs/sharing/webmasters/crawler)"
136.243.228.195 - - [24/Dec/2025:07:44:46 -0500] "GET /?_g=2777720 HTTP/1.1" 200 215329 "-" "Mozilla/5.0 (compatible; DataForSeoBot/1.0; +https://dataforseo.com/dataforseo-bot)"
198.50.127.198 - - [24/Dec/2025:07:44:50 -0500] "POST /wp-cron.php?doing_wp_cron=1766580290.2022469043731689453125 HTTP/1.1" 200 - "-" "WordPress/6.9; https://bahiaparaisosuites.com"
57.141.20.40 - - [24/Dec/2025:07:44:49 -0500] "GET /?_g=1204617 HTTP/1.1" 200 215329 "-" "meta-externalagent/1.1 (+https://developers.facebook.com/docs/sharing/webmasters/crawler)"
136.243.228.195 - - [24/Dec/2025:07:44:50 -0500] "GET /?_g=1723319 HTTP/1.1" 200 215329 "-" "Mozilla/5.0 (compatible; DataForSeoBot/1.0; +https://dataforseo.com/dataforseo-bot)"
57.141.20.54 - - [24/Dec/2025:07:44:53 -0500] "GET /?_g=3153766 HTTP/1.1" 200 215329 "-" "meta-externalagent/1.1 (+https://developers.facebook.com/docs/sharing/webmasters/crawler)"
136.243.228.195 - - [24/Dec/2025:07:44:54 -0500] "GET /?_g=1192627 HTTP/1.1" 200 215329 "-" "Mozilla/5.0 (compatible; DataForSeoBot/1.0; +https://dataforseo.com/dataforseo-bot)"
198.50.127.198 - - [24/Dec/2025:07:44:59 -0500] "POST /wp-cron.php?doing_wp_cron=1766580299.1785020828247070312500 HTTP/1.1" 200 - "-" "WordPress/6.9; https://bahiaparaisosuites.com"
136.243.228.195 - - [24/Dec/2025:07:44:58 -0500] "GET /?_g=2565160 HTTP/1.1" 200 215329 "-" "Mozilla/5.0 (compatible; DataForSeoBot/1.0; +https://dataforseo.com/dataforseo-bot)"
57.141.20.9 - - [24/Dec/2025:07:45:03 -0500] "GET /?_g=3115282 HTTP/1.1" 200 215329 "-" "meta-externalagent/1.1 (+https://developers.facebook.com/docs/sharing/webmasters/crawler)"
136.243.228.195 - - [24/Dec/2025:07:45:02 -0500] "GET /?_g=1784066 HTTP/1.1" 200 215329 "-" "Mozilla/5.0 (compatible; DataForSeoBot/1.0; +https://dataforseo.com/dataforseo-bot)"
57.141.20.55 - - [24/Dec/2025:07:45:05 -0500] "GET /?_g=2633227 HTTP/1.1" 200 215329 "-" "meta-externalagent/1.1 (+https://developers.facebook.com/docs/sharing/webmasters/crawler)"
185.191.171.4 - - [24/Dec/2025:07:45:05 -0500] "GET /?_g=839376 HTTP/1.1" 200 215329 "-" "Mozilla/5.0 (compatible; SemrushBot/7~bl; +http://www.semrush.com/bot.html)"
57.141.20.17 - - [24/Dec/2025:07:45:06 -0500] "GET /?_g=3281587 HTTP/1.1" 200 215329 "-" "meta-externalagent/1.1 (+https://developers.facebook.com/docs/sharing/webmasters/crawler)"
136.243.228.195 - - [24/Dec/2025:07:45:06 -0500] "GET /?_g=1072675 HTTP/1.1" 200 215329 "-" "Mozilla/5.0 (compatible; DataForSeoBot/1.0; +https://dataforseo.com/dataforseo-bot)"
198.50.127.198 - - [24/Dec/2025:07:45:09 -0500] "POST /wp-cron.php?doing_wp_cron=1766580309.5932519435882568359375 HTTP/1.1" 200 - "-" "WordPress/6.9; https://bahiaparaisosuites.com"
85.208.96.210 - - [24/Dec/2025:07:45:09 -0500] "GET /?_g=1706967 HTTP/1.1" 200 215329 "-" "Mozilla/5.0 (compatible; SemrushBot/7~bl; +http://www.semrush.com/bot.html)"
136.243.228.195 - - [24/Dec/2025:07:45:10 -0500] "GET /?_g=1257480 HTTP/1.1" 200 215329 "-" "Mozilla/5.0 (compatible; DataForSeoBot/1.0; +https://dataforseo.com/dataforseo-bot)"
57.141.20.56 - - [24/Dec/2025:07:45:12 -0500] "GET /?_g=3824730 HTTP/1.1" 200 215329 "-" "meta-externalagent/1.1 (+https://developers.facebook.com/docs/sharing/webmasters/crawler)"
136.243.228.195 - - [24/Dec/2025:07:45:14 -0500] "GET /?_g=283095 HTTP/1.1" 200 215329 "-" "Mozilla/5.0 (compatible; DataForSeoBot/1.0; +https://dataforseo.com/dataforseo-bot)"
198.50.127.198 - - [24/Dec/2025:07:45:18 -0500] "POST /wp-cron.php?doing_wp_cron=1766580318.8140571117401123046875 HTTP/1.1" 200 - "-" "WordPress/6.9; https://bahiaparaisosuites.com"
136.243.228.195 - - [24/Dec/2025:07:45:18 -0500] "GET /?_g=97552 HTTP/1.1" 200 215329 "-" "Mozilla/5.0 (compatible; DataForSeoBot/1.0; +https://dataforseo.com/dataforseo-bot)"
136.243.228.195 - - [24/Dec/2025:07:45:22 -0500] "GET /?_g=2326285 HTTP/1.1" 200 215329 "-" "Mozilla/5.0 (compatible; DataForSeoBot/1.0; +https://dataforseo.com/dataforseo-bot)"
66.249.64.233 - - [24/Dec/2025:07:45:23 -0500] "GET /?_g=960945 HTTP/1.1" 200 182578 "-" "Mozilla/5.0 (Linux; Android 6.0.1; Nexus 5X Build/MMB29P) AppleWebKit/537.36 (KHTML, like Gecko) Chrome/141.0.7390.122 Mobile Safari/537.36 (compatible; Googlebot/2.1; +http://www.google.com/bot.html)"
136.243.228.195 - - [24/Dec/2025:07:45:26 -0500] "GET /?_g=3354570 HTTP/1.1" 200 215329 "-" "Mozilla/5.0 (compatible; DataForSeoBot/1.0; +https://dataforseo.com/dataforseo-bot)"
198.50.127.198 - - [24/Dec/2025:07:45:30 -0500] "POST /wp-cron.php?doing_wp_cron=1766580330.8310620784759521484375 HTTP/1.1" 200 - "-" "WordPress/6.9; https://bahiaparaisosuites.com"
136.243.228.195 - - [24/Dec/2025:07:45:30 -0500] "GET /?_g=111404 HTTP/1.1" 200 215329 "-" "Mozilla/5.0 (compatible; DataForSeoBot/1.0; +https://dataforseo.com/dataforseo-bot)"
85.208.96.197 - - [24/Dec/2025:07:45:34 -0500] "GET /?_g=378158 HTTP/1.1" 200 215329 "-" "Mozilla/5.0 (compatible; SemrushBot/7~bl; +http://www.semrush.com/bot.html)"
136.243.228.195 - - [24/Dec/2025:07:45:35 -0500] "GET /?_g=113876 HTTP/1.1" 200 215329 "-" "Mozilla/5.0 (compatible; DataForSeoBot/1.0; +https://dataforseo.com/dataforseo-bot)"
198.50.127.198 - - [24/Dec/2025:07:45:39 -0500] "POST /wp-cron.php?doing_wp_cron=1766580339.0143918991088867187500 HTTP/1.1" 200 - "-" "WordPress/6.9; https://bahiaparaisosuites.com"
136.243.228.195 - - [24/Dec/2025:07:45:38 -0500] "GET /?_g=1198862 HTTP/1.1" 200 215329 "-" "Mozilla/5.0 (compatible; DataForSeoBot/1.0; +https://dataforseo.com/dataforseo-bot)"
136.243.228.195 - - [24/Dec/2025:07:45:42 -0500] "GET /?_g=2465045 HTTP/1.1" 200 215329 "-" "Mozilla/5.0 (compatible; DataForSeoBot/1.0; +https://dataforseo.com/dataforseo-bot)"
136.243.228.195 - - [24/Dec/2025:07:45:46 -0500] "GET /?_g=637168 HTTP/1.1" 200 215329 "-" "Mozilla/5.0 (compatible; DataForSeoBot/1.0; +https://dataforseo.com/dataforseo-bot)"
198.50.127.198 - - [24/Dec/2025:07:45:50 -0500] "POST /wp-cron.php?doing_wp_cron=1766580350.7093629837036132812500 HTTP/1.1" 200 - "-" "WordPress/6.9; https://bahiaparaisosuites.com"
136.243.228.195 - - [24/Dec/2025:07:45:50 -0500] "GET /?_g=274507 HTTP/1.1" 200 215329 "-" "Mozilla/5.0 (compatible; DataForSeoBot/1.0; +https://dataforseo.com/dataforseo-bot)"
136.243.228.195 - - [24/Dec/2025:07:45:54 -0500] "GET /?_g=4077682 HTTP/1.1" 200 215329 "-" "Mozilla/5.0 (compatible; DataForSeoBot/1.0; +https://dataforseo.com/dataforseo-bot)"
57.141.20.43 - - [24/Dec/2025:07:45:55 -0500] "GET /?_g=2952130 HTTP/1.1" 200 215329 "-" "meta-externalagent/1.1 (+https://developers.facebook.com/docs/sharing/webmasters/crawler)"
198.50.127.198 - - [24/Dec/2025:07:45:59 -0500] "POST /wp-cron.php?doing_wp_cron=1766580359.0754508972167968750000 HTTP/1.1" 200 - "-" "WordPress/6.9; https://bahiaparaisosuites.com"
85.208.96.194 - - [24/Dec/2025:07:45:58 -0500] "GET /?_g=1455116 HTTP/1.1" 200 215329 "-" "Mozilla/5.0 (compatible; SemrushBot/7~bl; +http://www.semrush.com/bot.html)"
136.243.228.195 - - [24/Dec/2025:07:45:58 -0500] "GET /?_g=2300773 HTTP/1.1" 200 215329 "-" "Mozilla/5.0 (compatible; DataForSeoBot/1.0; +https://dataforseo.com/dataforseo-bot)"
57.141.20.53 - - [24/Dec/2025:07:46:03 -0500] "GET /?_g=2993718 HTTP/1.1" 200 215329 "-" "meta-externalagent/1.1 (+https://developers.facebook.com/docs/sharing/webmasters/crawler)"
136.243.228.195 - - [24/Dec/2025:07:46:02 -0500] "GET /?_g=2194514 HTTP/1.1" 200 215329 "-" "Mozilla/5.0 (compatible; DataForSeoBot/1.0; +https://dataforseo.com/dataforseo-bot)"
185.191.171.1 - - [24/Dec/2025:07:46:06 -0500] "GET /?_g=3960068 HTTP/1.1" 200 215329 "-" "Mozilla/5.0 (compatible; SemrushBot/7~bl; +http://www.semrush.com/bot.html)"
136.243.228.195 - - [24/Dec/2025:07:46:06 -0500] "GET /?_g=3908117 HTTP/1.1" 200 215329 "-" "Mozilla/5.0 (compatible; DataForSeoBot/1.0; +https://dataforseo.com/dataforseo-bot)"
198.50.127.198 - - [24/Dec/2025:07:46:11 -0500] "POST /wp-cron.php?doing_wp_cron=1766580371.2075889110565185546875 HTTP/1.1" 200 - "-" "WordPress/6.9; https://bahiaparaisosuites.com"
136.243.228.195 - - [24/Dec/2025:07:46:10 -0500] "GET /?_g=2955350 HTTP/1.1" 200 215329 "-" "Mozilla/5.0 (compatible; DataForSeoBot/1.0; +https://dataforseo.com/dataforseo-bot)"
57.141.20.47 - - [24/Dec/2025:07:46:14 -0500] "GET /?_g=2644781 HTTP/1.1" 200 215329 "-" "meta-externalagent/1.1 (+https://developers.facebook.com/docs/sharing/webmasters/crawler)"
136.243.228.195 - - [24/Dec/2025:07:46:14 -0500] "GET /?_g=2477900 HTTP/1.1" 200 215329 "-" "Mozilla/5.0 (compatible; DataForSeoBot/1.0; +https://dataforseo.com/dataforseo-bot)"
85.208.96.202 - - [24/Dec/2025:07:46:17 -0500] "GET /?_g=1126458 HTTP/1.1" 200 215329 "-" "Mozilla/5.0 (compatible; SemrushBot/7~bl; +http://www.semrush.com/bot.html)"
198.50.127.198 - - [24/Dec/2025:07:46:19 -0500] "POST /wp-cron.php?doing_wp_cron=1766580379.4765360355377197265625 HTTP/1.1" 200 - "-" "WordPress/6.9; https://bahiaparaisosuites.com"
136.243.228.195 - - [24/Dec/2025:07:46:19 -0500] "GET /?_g=113141 HTTP/1.1" 200 215329 "-" "Mozilla/5.0 (compatible; DataForSeoBot/1.0; +https://dataforseo.com/dataforseo-bot)"
57.141.20.34 - - [24/Dec/2025:07:46:22 -0500] "GET /?_g=2226119 HTTP/1.1" 200 215329 "-" "meta-externalagent/1.1 (+https://developers.facebook.com/docs/sharing/webmasters/crawler)"
136.243.228.195 - - [24/Dec/2025:07:46:22 -0500] "GET /?_g=3335713 HTTP/1.1" 200 215329 "-" "Mozilla/5.0 (compatible; DataForSeoBot/1.0; +https://dataforseo.com/dataforseo-bot)"
136.243.228.195 - - [24/Dec/2025:07:46:26 -0500] "GET /?_g=3414572 HTTP/1.1" 200 215329 "-" "Mozilla/5.0 (compatible; DataForSeoBot/1.0; +https://dataforseo.com/dataforseo-bot)"
198.50.127.198 - - [24/Dec/2025:07:46:29 -0500] "POST /wp-cron.php?doing_wp_cron=1766580389.0237669944763183593750 HTTP/1.1" 200 - "-" "WordPress/6.9; https://bahiaparaisosuites.com"
57.141.20.26 - - [24/Dec/2025:07:46:28 -0500] "GET /?_g=2439515 HTTP/1.1" 200 215329 "-" "meta-externalagent/1.1 (+https://developers.facebook.com/docs/sharing/webmasters/crawler)"
136.243.228.195 - - [24/Dec/2025:07:46:30 -0500] "GET /?_g=1074618 HTTP/1.1" 200 215329 "-" "Mozilla/5.0 (compatible; DataForSeoBot/1.0; +https://dataforseo.com/dataforseo-bot)"
136.243.228.195 - - [24/Dec/2025:07:46:34 -0500] "GET /?_g=1229653 HTTP/1.1" 200 215329 "-" "Mozilla/5.0 (compatible; DataForSeoBot/1.0; +https://dataforseo.com/dataforseo-bot)"
198.50.127.198 - - [24/Dec/2025:07:46:39 -0500] "POST /wp-cron.php?doing_wp_cron=1766580399.2796080112457275390625 HTTP/1.1" 200 - "-" "WordPress/6.9; https://bahiaparaisosuites.com"
136.243.228.195 - - [24/Dec/2025:07:46:38 -0500] "GET /?_g=450099 HTTP/1.1" 200 215329 "-" "Mozilla/5.0 (compatible; DataForSeoBot/1.0; +https://dataforseo.com/dataforseo-bot)"
57.141.20.21 - - [24/Dec/2025:07:46:40 -0500] "GET /?_g=2148326 HTTP/1.1" 200 215329 "-" "meta-externalagent/1.1 (+https://developers.facebook.com/docs/sharing/webmasters/crawler)"
136.243.228.195 - - [24/Dec/2025:07:46:42 -0500] "GET /?_g=1435737 HTTP/1.1" 200 215329 "-" "Mozilla/5.0 (compatible; DataForSeoBot/1.0; +https://dataforseo.com/dataforseo-bot)"
136.243.228.195 - - [24/Dec/2025:07:46:46 -0500] "GET /?_g=2900218 HTTP/1.1" 200 215329 "-" "Mozilla/5.0 (compatible; DataForSeoBot/1.0; +https://dataforseo.com/dataforseo-bot)"
85.208.96.212 - - [24/Dec/2025:07:46:48 -0500] "GET /?_g=2999018 HTTP/1.1" 200 215329 "-" "Mozilla/5.0 (compatible; SemrushBot/7~bl; +http://www.semrush.com/bot.html)"
198.50.127.198 - - [24/Dec/2025:07:46:51 -0500] "POST /wp-cron.php?doing_wp_cron=1766580411.4189739227294921875000 HTTP/1.1" 200 - "-" "WordPress/6.9; https://bahiaparaisosuites.com"
136.243.228.195 - - [24/Dec/2025:07:46:50 -0500] "GET /?_g=2099473 HTTP/1.1" 200 215329 "-" "Mozilla/5.0 (compatible; DataForSeoBot/1.0; +https://dataforseo.com/dataforseo-bot)"
185.191.171.2 - - [24/Dec/2025:07:46:52 -0500] "GET /?_g=3279429 HTTP/1.1" 200 215329 "-" "Mozilla/5.0 (compatible; SemrushBot/7~bl; +http://www.semrush.com/bot.html)"
185.191.171.12 - - [24/Dec/2025:07:46:54 -0500] "GET /?_g=3027343 HTTP/1.1" 200 215329 "-" "Mozilla/5.0 (compatible; SemrushBot/7~bl; +http://www.semrush.com/bot.html)"
136.243.228.195 - - [24/Dec/2025:07:46:54 -0500] "GET /?_g=59056 HTTP/1.1" 200 215329 "-" "Mozilla/5.0 (compatible; DataForSeoBot/1.0; +https://dataforseo.com/dataforseo-bot)"
57.141.20.15 - - [24/Dec/2025:07:46:58 -0500] "GET /?_g=3986192 HTTP/1.1" 200 215329 "-" "meta-externalagent/1.1 (+https://developers.facebook.com/docs/sharing/webmasters/crawler)"
198.50.127.198 - - [24/Dec/2025:07:46:59 -0500] "POST /wp-cron.php?doing_wp_cron=1766580419.1653850078582763671875 HTTP/1.1" 200 - "-" "WordPress/6.9; https://bahiaparaisosuites.com"
85.208.96.194 - - [24/Dec/2025:07:46:58 -0500] "GET /?_g=3023478 HTTP/1.1" 200 215329 "-" "Mozilla/5.0 (compatible; SemrushBot/7~bl; +http://www.semrush.com/bot.html)"
136.243.228.195 - - [24/Dec/2025:07:46:58 -0500] "GET /?_g=3106078 HTTP/1.1" 200 215329 "-" "Mozilla/5.0 (compatible; DataForSeoBot/1.0; +https://dataforseo.com/dataforseo-bot)"
136.243.228.195 - - [24/Dec/2025:07:47:02 -0500] "GET /?_g=3120996 HTTP/1.1" 200 215329 "-" "Mozilla/5.0 (compatible; DataForSeoBot/1.0; +https://dataforseo.com/dataforseo-bot)"
185.191.171.5 - - [24/Dec/2025:07:47:04 -0500] "GET /?_g=1439662 HTTP/1.1" 200 215329 "-" "Mozilla/5.0 (compatible; SemrushBot/7~bl; +http://www.semrush.com/bot.html)"
136.243.228.195 - - [24/Dec/2025:07:47:06 -0500] "GET /?_g=2127788 HTTP/1.1" 200 215329 "-" "Mozilla/5.0 (compatible; DataForSeoBot/1.0; +https://dataforseo.com/dataforseo-bot)"
198.50.127.198 - - [24/Dec/2025:07:47:10 -0500] "POST /wp-cron.php?doing_wp_cron=1766580430.6892549991607666015625 HTTP/1.1" 200 - "-" "WordPress/6.9; https://bahiaparaisosuites.com"
136.243.228.195 - - [24/Dec/2025:07:47:10 -0500] "GET /?_g=2447508 HTTP/1.1" 200 215329 "-" "Mozilla/5.0 (compatible; DataForSeoBot/1.0; +https://dataforseo.com/dataforseo-bot)"
57.141.20.22 - - [24/Dec/2025:07:47:13 -0500] "GET /?_g=3344777 HTTP/1.1" 200 215329 "-" "meta-externalagent/1.1 (+https://developers.facebook.com/docs/sharing/webmasters/crawler)"
136.243.228.195 - - [24/Dec/2025:07:47:14 -0500] "GET /?_g=1961314 HTTP/1.1" 200 215329 "-" "Mozilla/5.0 (compatible; DataForSeoBot/1.0; +https://dataforseo.com/dataforseo-bot)"
198.50.127.198 - - [24/Dec/2025:07:47:19 -0500] "POST /wp-cron.php?doing_wp_cron=1766580439.1955809593200683593750 HTTP/1.1" 200 - "-" "WordPress/6.9; https://bahiaparaisosuites.com"
136.243.228.195 - - [24/Dec/2025:07:47:18 -0500] "GET /?_g=47044 HTTP/1.1" 200 215329 "-" "Mozilla/5.0 (compatible; DataForSeoBot/1.0; +https://dataforseo.com/dataforseo-bot)"
136.243.228.195 - - [24/Dec/2025:07:47:23 -0500] "GET /?_g=3094852 HTTP/1.1" 200 215329 "-" "Mozilla/5.0 (compatible; DataForSeoBot/1.0; +https://dataforseo.com/dataforseo-bot)"
185.191.171.15 - - [24/Dec/2025:07:47:24 -0500] "GET /?_g=2662835 HTTP/1.1" 200 215329 "-" "Mozilla/5.0 (compatible; SemrushBot/7~bl; +http://www.semrush.com/bot.html)"
185.191.171.6 - - [24/Dec/2025:07:47:26 -0500] "GET /?_g=1145486 HTTP/1.1" 200 215329 "-" "Mozilla/5.0 (compatible; SemrushBot/7~bl; +http://www.semrush.com/bot.html)"
136.243.228.195 - - [24/Dec/2025:07:47:26 -0500] "GET /?_g=647709 HTTP/1.1" 200 215329 "-" "Mozilla/5.0 (compatible; DataForSeoBot/1.0; +https://dataforseo.com/dataforseo-bot)"
198.50.127.198 - - [24/Dec/2025:07:47:29 -0500] "POST /wp-cron.php?doing_wp_cron=1766580449.5950000286102294921875 HTTP/1.1" 200 - "-" "WordPress/6.9; https://bahiaparaisosuites.com"
85.208.96.212 - - [24/Dec/2025:07:47:29 -0500] "GET /?_g=1032100 HTTP/1.1" 200 215329 "-" "Mozilla/5.0 (compatible; SemrushBot/7~bl; +http://www.semrush.com/bot.html)"
57.141.20.47 - - [24/Dec/2025:07:47:29 -0500] "GET /?_g=2393605 HTTP/1.1" 200 215329 "-" "meta-externalagent/1.1 (+https://developers.facebook.com/docs/sharing/webmasters/crawler)"
136.243.228.195 - - [24/Dec/2025:07:47:30 -0500] "GET /?_g=2879400 HTTP/1.1" 200 215329 "-" "Mozilla/5.0 (compatible; DataForSeoBot/1.0; +https://dataforseo.com/dataforseo-bot)"
136.243.228.195 - - [24/Dec/2025:07:47:34 -0500] "GET /?_g=3511285 HTTP/1.1" 200 215329 "-" "Mozilla/5.0 (compatible; DataForSeoBot/1.0; +https://dataforseo.com/dataforseo-bot)"
136.243.228.195 - - [24/Dec/2025:07:47:38 -0500] "GET /?_g=3680606 HTTP/1.1" 200 215329 "-" "Mozilla/5.0 (compatible; DataForSeoBot/1.0; +https://dataforseo.com/dataforseo-bot)"
198.50.127.198 - - [24/Dec/2025:07:47:40 -0500] "POST /wp-cron.php?doing_wp_cron=1766580460.0647249221801757812500 HTTP/1.1" 200 - "-" "WordPress/6.9; https://bahiaparaisosuites.com"
57.141.20.41 - - [24/Dec/2025:07:47:39 -0500] "GET /?_g=3845116 HTTP/1.1" 200 215329 "-" "meta-externalagent/1.1 (+https://developers.facebook.com/docs/sharing/webmasters/crawler)"
57.141.20.41 - - [24/Dec/2025:07:47:40 -0500] "GET /?_g=1439502 HTTP/1.1" 200 215329 "-" "meta-externalagent/1.1 (+https://developers.facebook.com/docs/sharing/webmasters/crawler)"
136.243.228.195 - - [24/Dec/2025:07:47:42 -0500] "GET /?_g=2835537 HTTP/1.1" 200 215329 "-" "Mozilla/5.0 (compatible; DataForSeoBot/1.0; +https://dataforseo.com/dataforseo-bot)"
136.243.228.195 - - [24/Dec/2025:07:47:46 -0500] "GET /?_g=729736 HTTP/1.1" 200 215329 "-" "Mozilla/5.0 (compatible; DataForSeoBot/1.0; +https://dataforseo.com/dataforseo-bot)"
198.50.127.198 - - [24/Dec/2025:07:47:50 -0500] "POST /wp-cron.php?doing_wp_cron=1766580470.8709969520568847656250 HTTP/1.1" 200 - "-" "WordPress/6.9; https://bahiaparaisosuites.com"
85.208.96.212 - - [24/Dec/2025:07:47:50 -0500] "GET /?_g=207235 HTTP/1.1" 200 215329 "-" "Mozilla/5.0 (compatible; SemrushBot/7~bl; +http://www.semrush.com/bot.html)"
136.243.228.195 - - [24/Dec/2025:07:47:51 -0500] "GET /?_g=1104352 HTTP/1.1" 200 215329 "-" "Mozilla/5.0 (compatible; DataForSeoBot/1.0; +https://dataforseo.com/dataforseo-bot)"
57.141.20.31 - - [24/Dec/2025:07:47:55 -0500] "GET /?_g=2357106 HTTP/1.1" 200 215329 "-" "meta-externalagent/1.1 (+https://developers.facebook.com/docs/sharing/webmasters/crawler)"
136.243.228.195 - - [24/Dec/2025:07:47:54 -0500] "GET /?_g=1554040 HTTP/1.1" 200 215329 "-" "Mozilla/5.0 (compatible; DataForSeoBot/1.0; +https://dataforseo.com/dataforseo-bot)"
185.191.171.16 - - [24/Dec/2025:07:47:55 -0500] "GET /?_g=2114581 HTTP/1.1" 200 215329 "-" "Mozilla/5.0 (compatible; SemrushBot/7~bl; +http://www.semrush.com/bot.html)"
136.243.228.195 - - [24/Dec/2025:07:47:58 -0500] "GET /?_g=1265878 HTTP/1.1" 200 215329 "-" "Mozilla/5.0 (compatible; DataForSeoBot/1.0; +https://dataforseo.com/dataforseo-bot)"
198.50.127.198 - - [24/Dec/2025:07:48:02 -0500] "POST /wp-cron.php?doing_wp_cron=1766580482.8009679317474365234375 HTTP/1.1" 200 - "-" "WordPress/6.9; https://bahiaparaisosuites.com"
57.141.20.25 - - [24/Dec/2025:07:48:02 -0500] "GET /?_g=3169587 HTTP/1.1" 200 215329 "-" "meta-externalagent/1.1 (+https://developers.facebook.com/docs/sharing/webmasters/crawler)"
198.50.127.198 - - [24/Dec/2025:07:48:03 -0500] "POST /wp-cron.php?doing_wp_cron=1766580483.1295089721679687500000 HTTP/1.1" 200 - "-" "WordPress/6.9; https://bahiaparaisosuites.com"
136.243.228.195 - - [24/Dec/2025:07:48:02 -0500] "GET /?_g=441875 HTTP/1.1" 200 215329 "-" "Mozilla/5.0 (compatible; DataForSeoBot/1.0; +https://dataforseo.com/dataforseo-bot)"
85.208.96.207 - - [24/Dec/2025:07:48:04 -0500] "GET /?_g=2681455 HTTP/1.1" 200 215329 "-" "Mozilla/5.0 (compatible; SemrushBot/7~bl; +http://www.semrush.com/bot.html)"
85.208.96.209 - - [24/Dec/2025:07:48:05 -0500] "GET /robots.txt HTTP/1.1" 200 1257 "-" "Mozilla/5.0 (compatible; SemrushBot/7~bl; +http://www.semrush.com/bot.html)"
136.243.228.195 - - [24/Dec/2025:07:48:06 -0500] "GET /?_g=134885 HTTP/1.1" 200 215329 "-" "Mozilla/5.0 (compatible; DataForSeoBot/1.0; +https://dataforseo.com/dataforseo-bot)"
185.191.171.5 - - [24/Dec/2025:07:48:10 -0500] "GET /?_g=1957388 HTTP/1.1" 200 215329 "-" "Mozilla/5.0 (compatible; SemrushBot/7~bl; +http://www.semrush.com/bot.html)"
136.243.228.195 - - [24/Dec/2025:07:48:10 -0500] "GET /?_g=729802 HTTP/1.1" 200 215329 "-" "Mozilla/5.0 (compatible; DataForSeoBot/1.0; +https://dataforseo.com/dataforseo-bot)"
136.243.228.195 - - [24/Dec/2025:07:48:15 -0500] "GET /?_g=1050783 HTTP/1.1" 200 215329 "-" "Mozilla/5.0 (compatible; DataForSeoBot/1.0; +https://dataforseo.com/dataforseo-bot)"
57.141.20.57 - - [24/Dec/2025:07:48:18 -0500] "GET /?_g=1316870 HTTP/1.1" 200 215329 "-" "meta-externalagent/1.1 (+https://developers.facebook.com/docs/sharing/webmasters/crawler)"
136.243.228.195 - - [24/Dec/2025:07:48:18 -0500] "GET /?_g=4004568 HTTP/1.1" 200 215329 "-" "Mozilla/5.0 (compatible; DataForSeoBot/1.0; +https://dataforseo.com/dataforseo-bot)"
136.243.228.195 - - [24/Dec/2025:07:48:22 -0500] "GET /?_g=4064509 HTTP/1.1" 200 215329 "-" "Mozilla/5.0 (compatible; DataForSeoBot/1.0; +https://dataforseo.com/dataforseo-bot)"
66.249.64.233 - - [24/Dec/2025:07:48:23 -0500] "GET /?_g=863537 HTTP/1.1" 200 190543 "-" "Mozilla/5.0 (Linux; Android 6.0.1; Nexus 5X Build/MMB29P) AppleWebKit/537.36 (KHTML, like Gecko) Chrome/141.0.7390.122 Mobile Safari/537.36 (compatible; Googlebot/2.1; +http://www.google.com/bot.html)"
136.243.228.195 - - [24/Dec/2025:07:48:26 -0500] "GET /?_g=3597663 HTTP/1.1" 200 215329 "-" "Mozilla/5.0 (compatible; DataForSeoBot/1.0; +https://dataforseo.com/dataforseo-bot)"
57.141.20.47 - - [24/Dec/2025:07:48:27 -0500] "GET /?_g=1088739 HTTP/1.1" 200 215329 "-" "meta-externalagent/1.1 (+https://developers.facebook.com/docs/sharing/webmasters/crawler)"
52.167.144.195 - - [24/Dec/2025:07:48:27 -0500] "GET /index.php//?_g=1424246 HTTP/1.1" 200 192092 "-" "Mozilla/5.0 AppleWebKit/537.36 (KHTML, like Gecko; compatible; bingbot/2.0; +http://www.bing.com/bingbot.htm) Chrome/116.0.1938.76 Safari/537.36"
57.141.20.43 - - [24/Dec/2025:07:48:30 -0500] "GET /?_g=2949438 HTTP/1.1" 200 215329 "-" "meta-externalagent/1.1 (+https://developers.facebook.com/docs/sharing/webmasters/crawler)"
57.141.20.15 - - [24/Dec/2025:07:48:30 -0500] "GET /?_g=2073331 HTTP/1.1" 200 215329 "-" "meta-externalagent/1.1 (+https://developers.facebook.com/docs/sharing/webmasters/crawler)"
136.243.228.195 - - [24/Dec/2025:07:48:30 -0500] "GET /?_g=219161 HTTP/1.1" 200 215329 "-" "Mozilla/5.0 (compatible; DataForSeoBot/1.0; +https://dataforseo.com/dataforseo-bot)"
85.208.96.205 - - [24/Dec/2025:07:48:32 -0500] "GET /?_g=2173042 HTTP/1.1" 200 215329 "-" "Mozilla/5.0 (compatible; SemrushBot/7~bl; +http://www.semrush.com/bot.html)"
178.20.45.159 - - [24/Dec/2025:07:48:33 -0500] "GET / HTTP/1.0" 200 215298 "https://bahiaparaisosuites.com/" "Mozilla/5.0 (Windows NT 10.0; Win64; x64) AppleWebKit/537.36 (KHTML, like Gecko) Chrome/130.0.0.0 Safari/537.36"
178.20.45.159 - - [24/Dec/2025:07:48:34 -0500] "GET /contacto/ HTTP/1.0" 200 62916 "https://bahiaparaisosuites.com/contacto/" "Mozilla/5.0 (Windows NT 10.0; Win64; x64) AppleWebKit/537.36 (KHTML, like Gecko) Chrome/130.0.0.0 Safari/537.36"
85.208.96.202 - - [24/Dec/2025:07:48:34 -0500] "GET /?_g=3239061 HTTP/1.1" 200 215329 "-" "Mozilla/5.0 (compatible; SemrushBot/7~bl; +http://www.semrush.com/bot.html)"
