74.7.227.39 - - [24/Dec/2025:08:15:00 -0500] "GET /?_g=3535520 HTTP/1.1" 200 215329 "-" "Mozilla/5.0 AppleWebKit/537.36 (KHTML, like Gecko; compatible; GPTBot/1.3; +https://openai.com/gptbot)"
74.7.227.39 - - [24/Dec/2025:08:15:01 -0500] "GET /?_g=2131127 HTTP/1.1" 200 215329 "-" "Mozilla/5.0 AppleWebKit/537.36 (KHTML, like Gecko; compatible; GPTBot/1.3; +https://openai.com/gptbot)"
74.7.227.39 - - [24/Dec/2025:08:15:01 -0500] "GET /?_g=2062506 HTTP/1.1" 200 215329 "-" "Mozilla/5.0 AppleWebKit/537.36 (KHTML, like Gecko; compatible; GPTBot/1.3; +https://openai.com/gptbot)"
74.7.227.39 - - [24/Dec/2025:08:15:02 -0500] "GET /?_g=3545253 HTTP/1.1" 200 215329 "-" "Mozilla/5.0 AppleWebKit/537.36 (KHTML, like Gecko; compatible; GPTBot/1.3; +https://openai.com/gptbot)"
74.7.227.39 - - [24/Dec/2025:08:15:03 -0500] "GET /?_g=3344142 HTTP/1.1" 200 215329 "-" "Mozilla/5.0 AppleWebKit/537.36 (KHTML, like Gecko; compatible; GPTBot/1.3; +https://openai.com/gptbot)"
136.243.228.195 - - [24/Dec/2025:08:15:02 -0500] "GET /?_g=3259375 HTTP/1.1" 200 215329 "-" "Mozilla/5.0 (compatible; DataForSeoBot/1.0; +https://dataforseo.com/dataforseo-bot)"
74.7.227.39 - - [24/Dec/2025:08:15:03 -0500] "GET /?_g=3822866 HTTP/1.1" 200 215329 "-" "Mozilla/5.0 AppleWebKit/537.36 (KHTML, like Gecko; compatible; GPTBot/1.3; +https://openai.com/gptbot)"
74.7.227.39 - - [24/Dec/2025:08:15:04 -0500] "GET /?_g=3348474 HTTP/1.1" 200 215329 "-" "Mozilla/5.0 AppleWebKit/537.36 (KHTML, like Gecko; compatible; GPTBot/1.3; +https://openai.com/gptbot)"
74.7.227.39 - - [24/Dec/2025:08:15:04 -0500] "GET /?_g=1718585 HTTP/1.1" 200 215329 "-" "Mozilla/5.0 AppleWebKit/537.36 (KHTML, like Gecko; compatible; GPTBot/1.3; +https://openai.com/gptbot)"
74.7.227.39 - - [24/Dec/2025:08:15:05 -0500] "GET /?_g=1044124 HTTP/1.1" 200 215329 "-" "Mozilla/5.0 AppleWebKit/537.36 (KHTML, like Gecko; compatible; GPTBot/1.3; +https://openai.com/gptbot)"
74.7.227.39 - - [24/Dec/2025:08:15:06 -0500] "GET /?_g=1916565 HTTP/1.1" 200 215329 "-" "Mozilla/5.0 AppleWebKit/537.36 (KHTML, like Gecko; compatible; GPTBot/1.3; +https://openai.com/gptbot)"
74.7.227.39 - - [24/Dec/2025:08:15:06 -0500] "GET /?_g=1500152 HTTP/1.1" 200 215329 "-" "Mozilla/5.0 AppleWebKit/537.36 (KHTML, like Gecko; compatible; GPTBot/1.3; +https://openai.com/gptbot)"
74.7.227.39 - - [24/Dec/2025:08:15:07 -0500] "GET /?_g=2692239 HTTP/1.1" 200 215329 "-" "Mozilla/5.0 AppleWebKit/537.36 (KHTML, like Gecko; compatible; GPTBot/1.3; +https://openai.com/gptbot)"
185.191.171.12 - - [24/Dec/2025:08:15:07 -0500] "GET /?_g=1527174 HTTP/1.1" 200 215329 "-" "Mozilla/5.0 (compatible; SemrushBot/7~bl; +http://www.semrush.com/bot.html)"
136.243.228.195 - - [24/Dec/2025:08:15:07 -0500] "GET /?_g=1606879 HTTP/1.1" 200 215329 "-" "Mozilla/5.0 (compatible; DataForSeoBot/1.0; +https://dataforseo.com/dataforseo-bot)"
74.7.227.39 - - [24/Dec/2025:08:15:07 -0500] "GET /?_g=1344340 HTTP/1.1" 200 215329 "-" "Mozilla/5.0 AppleWebKit/537.36 (KHTML, like Gecko; compatible; GPTBot/1.3; +https://openai.com/gptbot)"
74.7.227.39 - - [24/Dec/2025:08:15:08 -0500] "GET /?_g=3055253 HTTP/1.1" 200 215329 "-" "Mozilla/5.0 AppleWebKit/537.36 (KHTML, like Gecko; compatible; GPTBot/1.3; +https://openai.com/gptbot)"
176.123.4.135 - - [24/Dec/2025:08:15:08 -0500] "GET /wp-admin/index.php HTTP/1.1" 503 19545 "https://bahiaparaisosuites.com/wp-login.php" "Mozilla/5.0 (Windows NT 11.0; Win64; x64; rv:121.0) Gecko/20100101 Firefox/121.0"
198.50.127.198 - - [24/Dec/2025:08:15:09 -0500] "POST /wp-cron.php?doing_wp_cron=1766582109.2195549011230468750000 HTTP/1.1" 200 - "-" "WordPress/6.9; https://bahiaparaisosuites.com"
57.141.20.54 - - [24/Dec/2025:08:15:08 -0500] "GET /?_g=2010130 HTTP/1.1" 200 215329 "-" "meta-externalagent/1.1 (+https://developers.facebook.com/docs/sharing/webmasters/crawler)"
198.50.127.198 - - [24/Dec/2025:08:15:09 -0500] "POST /wp-cron.php?doing_wp_cron=1766582109.4672539234161376953125 HTTP/1.1" 200 - "-" "WordPress/6.9; https://bahiaparaisosuites.com"
74.7.227.39 - - [24/Dec/2025:08:15:09 -0500] "GET /?_g=2610026 HTTP/1.1" 200 215329 "-" "Mozilla/5.0 AppleWebKit/537.36 (KHTML, like Gecko; compatible; GPTBot/1.3; +https://openai.com/gptbot)"
74.7.227.39 - - [24/Dec/2025:08:15:09 -0500] "GET /?_g=3376070 HTTP/1.1" 200 215329 "-" "Mozilla/5.0 AppleWebKit/537.36 (KHTML, like Gecko; compatible; GPTBot/1.3; +https://openai.com/gptbot)"
74.7.227.39 - - [24/Dec/2025:08:15:10 -0500] "GET /?_g=1455416 HTTP/1.1" 200 215329 "-" "Mozilla/5.0 AppleWebKit/537.36 (KHTML, like Gecko; compatible; GPTBot/1.3; +https://openai.com/gptbot)"
74.7.227.39 - - [24/Dec/2025:08:15:10 -0500] "GET /?_g=1016336 HTTP/1.1" 200 215329 "-" "Mozilla/5.0 AppleWebKit/537.36 (KHTML, like Gecko; compatible; GPTBot/1.3; +https://openai.com/gptbot)"
74.7.227.39 - - [24/Dec/2025:08:15:11 -0500] "GET /?_g=3500805 HTTP/1.1" 200 215329 "-" "Mozilla/5.0 AppleWebKit/537.36 (KHTML, like Gecko; compatible; GPTBot/1.3; +https://openai.com/gptbot)"
136.243.228.195 - - [24/Dec/2025:08:15:10 -0500] "GET /?_g=3543604 HTTP/1.1" 200 215329 "-" "Mozilla/5.0 (compatible; DataForSeoBot/1.0; +https://dataforseo.com/dataforseo-bot)"
74.7.227.39 - - [24/Dec/2025:08:15:11 -0500] "GET /?_g=1179710 HTTP/1.1" 200 215329 "-" "Mozilla/5.0 AppleWebKit/537.36 (KHTML, like Gecko; compatible; GPTBot/1.3; +https://openai.com/gptbot)"
74.7.227.39 - - [24/Dec/2025:08:15:12 -0500] "GET /?_g=3522544 HTTP/1.1" 200 215329 "-" "Mozilla/5.0 AppleWebKit/537.36 (KHTML, like Gecko; compatible; GPTBot/1.3; +https://openai.com/gptbot)"
74.7.227.39 - - [24/Dec/2025:08:15:13 -0500] "GET /?_g=1499477 HTTP/1.1" 200 215329 "-" "Mozilla/5.0 AppleWebKit/537.36 (KHTML, like Gecko; compatible; GPTBot/1.3; +https://openai.com/gptbot)"
74.7.227.39 - - [24/Dec/2025:08:15:13 -0500] "GET /?_g=2670070 HTTP/1.1" 200 215329 "-" "Mozilla/5.0 AppleWebKit/537.36 (KHTML, like Gecko; compatible; GPTBot/1.3; +https://openai.com/gptbot)"
57.141.20.52 - - [24/Dec/2025:08:15:14 -0500] "GET /?_g=2845443 HTTP/1.1" 200 215329 "-" "meta-externalagent/1.1 (+https://developers.facebook.com/docs/sharing/webmasters/crawler)"
74.7.227.39 - - [24/Dec/2025:08:15:14 -0500] "GET /?_g=1904491 HTTP/1.1" 200 215329 "-" "Mozilla/5.0 AppleWebKit/537.36 (KHTML, like Gecko; compatible; GPTBot/1.3; +https://openai.com/gptbot)"
57.141.20.39 - - [24/Dec/2025:08:15:14 -0500] "GET /?_g=3623858 HTTP/1.1" 200 215329 "-" "meta-externalagent/1.1 (+https://developers.facebook.com/docs/sharing/webmasters/crawler)"
74.7.227.39 - - [24/Dec/2025:08:15:14 -0500] "GET /?_g=2480440 HTTP/1.1" 200 215329 "-" "Mozilla/5.0 AppleWebKit/537.36 (KHTML, like Gecko; compatible; GPTBot/1.3; +https://openai.com/gptbot)"
85.208.96.199 - - [24/Dec/2025:08:15:14 -0500] "GET /?_g=1284795 HTTP/1.1" 200 215329 "-" "Mozilla/5.0 (compatible; SemrushBot/7~bl; +http://www.semrush.com/bot.html)"
74.7.227.39 - - [24/Dec/2025:08:15:15 -0500] "GET /?_g=1186658 HTTP/1.1" 200 215329 "-" "Mozilla/5.0 AppleWebKit/537.36 (KHTML, like Gecko; compatible; GPTBot/1.3; +https://openai.com/gptbot)"
136.243.228.195 - - [24/Dec/2025:08:15:14 -0500] "GET /?_g=3385939 HTTP/1.1" 200 215329 "-" "Mozilla/5.0 (compatible; DataForSeoBot/1.0; +https://dataforseo.com/dataforseo-bot)"
74.7.227.39 - - [24/Dec/2025:08:15:16 -0500] "GET /?_g=1142774 HTTP/1.1" 200 215329 "-" "Mozilla/5.0 AppleWebKit/537.36 (KHTML, like Gecko; compatible; GPTBot/1.3; +https://openai.com/gptbot)"
74.7.227.39 - - [24/Dec/2025:08:15:16 -0500] "GET /?_g=3028230 HTTP/1.1" 200 215329 "-" "Mozilla/5.0 AppleWebKit/537.36 (KHTML, like Gecko; compatible; GPTBot/1.3; +https://openai.com/gptbot)"
74.7.227.39 - - [24/Dec/2025:08:15:17 -0500] "GET /?_g=2270721 HTTP/1.1" 200 215329 "-" "Mozilla/5.0 AppleWebKit/537.36 (KHTML, like Gecko; compatible; GPTBot/1.3; +https://openai.com/gptbot)"
85.208.96.202 - - [24/Dec/2025:08:15:17 -0500] "GET /?_g=1200185 HTTP/1.1" 200 215329 "-" "Mozilla/5.0 (compatible; SemrushBot/7~bl; +http://www.semrush.com/bot.html)"
74.7.227.39 - - [24/Dec/2025:08:15:17 -0500] "GET /?_g=3344370 HTTP/1.1" 200 215329 "-" "Mozilla/5.0 AppleWebKit/537.36 (KHTML, like Gecko; compatible; GPTBot/1.3; +https://openai.com/gptbot)"
74.7.227.39 - - [24/Dec/2025:08:15:18 -0500] "GET /?_g=3510353 HTTP/1.1" 200 215329 "-" "Mozilla/5.0 AppleWebKit/537.36 (KHTML, like Gecko; compatible; GPTBot/1.3; +https://openai.com/gptbot)"
74.7.227.39 - - [24/Dec/2025:08:15:19 -0500] "GET /?_g=1131775 HTTP/1.1" 200 215329 "-" "Mozilla/5.0 AppleWebKit/537.36 (KHTML, like Gecko; compatible; GPTBot/1.3; +https://openai.com/gptbot)"
136.243.228.195 - - [24/Dec/2025:08:15:18 -0500] "GET /?_g=360455 HTTP/1.1" 200 215329 "-" "Mozilla/5.0 (compatible; DataForSeoBot/1.0; +https://dataforseo.com/dataforseo-bot)"
74.7.227.39 - - [24/Dec/2025:08:15:19 -0500] "GET /?_g=3413300 HTTP/1.1" 200 215329 "-" "Mozilla/5.0 AppleWebKit/537.36 (KHTML, like Gecko; compatible; GPTBot/1.3; +https://openai.com/gptbot)"
74.7.227.39 - - [24/Dec/2025:08:15:20 -0500] "GET /?_g=3636738 HTTP/1.1" 200 215329 "-" "Mozilla/5.0 AppleWebKit/537.36 (KHTML, like Gecko; compatible; GPTBot/1.3; +https://openai.com/gptbot)"
74.7.227.39 - - [24/Dec/2025:08:15:20 -0500] "GET /?_g=2626325 HTTP/1.1" 200 215329 "-" "Mozilla/5.0 AppleWebKit/537.36 (KHTML, like Gecko; compatible; GPTBot/1.3; +https://openai.com/gptbot)"
57.141.20.59 - - [24/Dec/2025:08:15:21 -0500] "GET /?_g=860494 HTTP/1.1" 200 215329 "-" "meta-externalagent/1.1 (+https://developers.facebook.com/docs/sharing/webmasters/crawler)"
74.7.227.39 - - [24/Dec/2025:08:15:21 -0500] "GET /?_g=2129172 HTTP/1.1" 200 215329 "-" "Mozilla/5.0 AppleWebKit/537.36 (KHTML, like Gecko; compatible; GPTBot/1.3; +https://openai.com/gptbot)"
74.7.227.39 - - [24/Dec/2025:08:15:21 -0500] "GET /?_g=3913377 HTTP/1.1" 200 215329 "-" "Mozilla/5.0 AppleWebKit/537.36 (KHTML, like Gecko; compatible; GPTBot/1.3; +https://openai.com/gptbot)"
57.141.20.28 - - [24/Dec/2025:08:15:21 -0500] "GET /?_g=1723812 HTTP/1.1" 200 215329 "-" "meta-externalagent/1.1 (+https://developers.facebook.com/docs/sharing/webmasters/crawler)"
176.123.4.135 - - [24/Dec/2025:08:15:22 -0500] "GET /wp-admin/profile.php HTTP/1.1" 503 19545 "https://bahiaparaisosuites.com/wp-login.php" "Mozilla/5.0 (Windows NT 11.0; Win64; x64; rv:121.0) Gecko/20100101 Firefox/121.0"
74.7.227.39 - - [24/Dec/2025:08:15:22 -0500] "GET /?_g=3832583 HTTP/1.1" 200 215329 "-" "Mozilla/5.0 AppleWebKit/537.36 (KHTML, like Gecko; compatible; GPTBot/1.3; +https://openai.com/gptbot)"
74.7.227.39 - - [24/Dec/2025:08:15:23 -0500] "GET /?_g=3467677 HTTP/1.1" 200 215329 "-" "Mozilla/5.0 AppleWebKit/537.36 (KHTML, like Gecko; compatible; GPTBot/1.3; +https://openai.com/gptbot)"
136.243.228.195 - - [24/Dec/2025:08:15:22 -0500] "GET /?_g=2067497 HTTP/1.1" 200 215329 "-" "Mozilla/5.0 (compatible; DataForSeoBot/1.0; +https://dataforseo.com/dataforseo-bot)"
74.7.227.39 - - [24/Dec/2025:08:15:23 -0500] "GET /?_g=3992379 HTTP/1.1" 200 215329 "-" "Mozilla/5.0 AppleWebKit/537.36 (KHTML, like Gecko; compatible; GPTBot/1.3; +https://openai.com/gptbot)"
74.7.227.39 - - [24/Dec/2025:08:15:24 -0500] "GET /?_g=2688786 HTTP/1.1" 200 215329 "-" "Mozilla/5.0 AppleWebKit/537.36 (KHTML, like Gecko; compatible; GPTBot/1.3; +https://openai.com/gptbot)"
74.7.227.39 - - [24/Dec/2025:08:15:24 -0500] "GET /?_g=1646814 HTTP/1.1" 200 215329 "-" "Mozilla/5.0 AppleWebKit/537.36 (KHTML, like Gecko; compatible; GPTBot/1.3; +https://openai.com/gptbot)"
74.7.227.39 - - [24/Dec/2025:08:15:25 -0500] "GET /?_g=3691911 HTTP/1.1" 200 215329 "-" "Mozilla/5.0 AppleWebKit/537.36 (KHTML, like Gecko; compatible; GPTBot/1.3; +https://openai.com/gptbot)"
74.7.227.39 - - [24/Dec/2025:08:15:25 -0500] "GET /?_g=4064246 HTTP/1.1" 200 215329 "-" "Mozilla/5.0 AppleWebKit/537.36 (KHTML, like Gecko; compatible; GPTBot/1.3; +https://openai.com/gptbot)"
66.249.64.43 - - [24/Dec/2025:08:15:26 -0500] "GET /?_g=4089849 HTTP/1.1" 200 181732 "-" "Mozilla/5.0 (Linux; Android 6.0.1; Nexus 5X Build/MMB29P) AppleWebKit/537.36 (KHTML, like Gecko) Chrome/141.0.7390.122 Mobile Safari/537.36 (compatible; Googlebot/2.1; +http://www.google.com/bot.html)"
74.7.227.39 - - [24/Dec/2025:08:15:26 -0500] "GET /?_g=1926266 HTTP/1.1" 200 215329 "-" "Mozilla/5.0 AppleWebKit/537.36 (KHTML, like Gecko; compatible; GPTBot/1.3; +https://openai.com/gptbot)"
74.7.227.39 - - [24/Dec/2025:08:15:27 -0500] "GET /?_g=1512572 HTTP/1.1" 200 215329 "-" "Mozilla/5.0 AppleWebKit/537.36 (KHTML, like Gecko; compatible; GPTBot/1.3; +https://openai.com/gptbot)"
136.243.228.195 - - [24/Dec/2025:08:15:26 -0500] "GET /?_g=1781969 HTTP/1.1" 200 215329 "-" "Mozilla/5.0 (compatible; DataForSeoBot/1.0; +https://dataforseo.com/dataforseo-bot)"
74.7.227.39 - - [24/Dec/2025:08:15:27 -0500] "GET /?_g=3049949 HTTP/1.1" 200 215329 "-" "Mozilla/5.0 AppleWebKit/537.36 (KHTML, like Gecko; compatible; GPTBot/1.3; +https://openai.com/gptbot)"
74.7.227.39 - - [24/Dec/2025:08:15:28 -0500] "GET /?_g=1822177 HTTP/1.1" 200 215329 "-" "Mozilla/5.0 AppleWebKit/537.36 (KHTML, like Gecko; compatible; GPTBot/1.3; +https://openai.com/gptbot)"
74.7.227.39 - - [24/Dec/2025:08:15:28 -0500] "GET /?_g=3032026 HTTP/1.1" 200 215329 "-" "Mozilla/5.0 AppleWebKit/537.36 (KHTML, like Gecko; compatible; GPTBot/1.3; +https://openai.com/gptbot)"
74.7.227.39 - - [24/Dec/2025:08:15:29 -0500] "GET /?_g=1716976 HTTP/1.1" 200 215329 "-" "Mozilla/5.0 AppleWebKit/537.36 (KHTML, like Gecko; compatible; GPTBot/1.3; +https://openai.com/gptbot)"
74.7.227.39 - - [24/Dec/2025:08:15:29 -0500] "GET /?_g=2271887 HTTP/1.1" 200 215329 "-" "Mozilla/5.0 AppleWebKit/537.36 (KHTML, like Gecko; compatible; GPTBot/1.3; +https://openai.com/gptbot)"
74.7.227.39 - - [24/Dec/2025:08:15:30 -0500] "GET /?_g=3244032 HTTP/1.1" 200 215329 "-" "Mozilla/5.0 AppleWebKit/537.36 (KHTML, like Gecko; compatible; GPTBot/1.3; +https://openai.com/gptbot)"
74.7.227.39 - - [24/Dec/2025:08:15:31 -0500] "GET /?_g=3494342 HTTP/1.1" 200 215329 "-" "Mozilla/5.0 AppleWebKit/537.36 (KHTML, like Gecko; compatible; GPTBot/1.3; +https://openai.com/gptbot)"
74.7.227.39 - - [24/Dec/2025:08:15:31 -0500] "GET /?_g=3326631 HTTP/1.1" 200 215329 "-" "Mozilla/5.0 AppleWebKit/537.36 (KHTML, like Gecko; compatible; GPTBot/1.3; +https://openai.com/gptbot)"
136.243.228.195 - - [24/Dec/2025:08:15:31 -0500] "GET /?_g=3509212 HTTP/1.1" 200 215329 "-" "Mozilla/5.0 (compatible; DataForSeoBot/1.0; +https://dataforseo.com/dataforseo-bot)"
74.7.227.39 - - [24/Dec/2025:08:15:32 -0500] "GET /?_g=2424533 HTTP/1.1" 200 215329 "-" "Mozilla/5.0 AppleWebKit/537.36 (KHTML, like Gecko; compatible; GPTBot/1.3; +https://openai.com/gptbot)"
74.7.227.39 - - [24/Dec/2025:08:15:32 -0500] "GET /?_g=1998816 HTTP/1.1" 200 215329 "-" "Mozilla/5.0 AppleWebKit/537.36 (KHTML, like Gecko; compatible; GPTBot/1.3; +https://openai.com/gptbot)"
74.7.227.39 - - [24/Dec/2025:08:15:33 -0500] "GET /?_g=3223731 HTTP/1.1" 200 215329 "-" "Mozilla/5.0 AppleWebKit/537.36 (KHTML, like Gecko; compatible; GPTBot/1.3; +https://openai.com/gptbot)"
57.141.20.25 - - [24/Dec/2025:08:15:33 -0500] "GET /?_g=2898791 HTTP/1.1" 200 215329 "-" "meta-externalagent/1.1 (+https://developers.facebook.com/docs/sharing/webmasters/crawler)"
74.7.227.39 - - [24/Dec/2025:08:15:33 -0500] "GET /?_g=1494814 HTTP/1.1" 200 215329 "-" "Mozilla/5.0 AppleWebKit/537.36 (KHTML, like Gecko; compatible; GPTBot/1.3; +https://openai.com/gptbot)"
74.7.227.39 - - [24/Dec/2025:08:15:34 -0500] "GET /?_g=2008982 HTTP/1.1" 200 215329 "-" "Mozilla/5.0 AppleWebKit/537.36 (KHTML, like Gecko; compatible; GPTBot/1.3; +https://openai.com/gptbot)"
57.141.20.39 - - [24/Dec/2025:08:15:34 -0500] "GET /?_g=2263145 HTTP/1.1" 200 215329 "-" "meta-externalagent/1.1 (+https://developers.facebook.com/docs/sharing/webmasters/crawler)"
74.7.227.39 - - [24/Dec/2025:08:15:35 -0500] "GET /?_g=2644288 HTTP/1.1" 200 215329 "-" "Mozilla/5.0 AppleWebKit/537.36 (KHTML, like Gecko; compatible; GPTBot/1.3; +https://openai.com/gptbot)"
66.249.64.233 - - [24/Dec/2025:08:15:35 -0500] "GET /?_g=2483841 HTTP/1.1" 200 188517 "-" "Mozilla/5.0 (Linux; Android 6.0.1; Nexus 5X Build/MMB29P) AppleWebKit/537.36 (KHTML, like Gecko) Chrome/141.0.7390.122 Mobile Safari/537.36 (compatible; Googlebot/2.1; +http://www.google.com/bot.html)"
136.243.228.195 - - [24/Dec/2025:08:15:34 -0500] "GET /?_g=2099244 HTTP/1.1" 200 215329 "-" "Mozilla/5.0 (compatible; DataForSeoBot/1.0; +https://dataforseo.com/dataforseo-bot)"
74.7.227.39 - - [24/Dec/2025:08:15:35 -0500] "GET /?_g=2977955 HTTP/1.1" 200 215329 "-" "Mozilla/5.0 AppleWebKit/537.36 (KHTML, like Gecko; compatible; GPTBot/1.3; +https://openai.com/gptbot)"
176.123.4.135 - - [24/Dec/2025:08:15:36 -0500] "GET /wp-admin/edit.php HTTP/1.1" 503 19545 "https://bahiaparaisosuites.com/wp-login.php" "Mozilla/5.0 (Windows NT 11.0; Win64; x64; rv:121.0) Gecko/20100101 Firefox/121.0"
74.7.227.39 - - [24/Dec/2025:08:15:36 -0500] "GET /?_g=1665711 HTTP/1.1" 200 215329 "-" "Mozilla/5.0 AppleWebKit/537.36 (KHTML, like Gecko; compatible; GPTBot/1.3; +https://openai.com/gptbot)"
57.141.20.47 - - [24/Dec/2025:08:15:36 -0500] "GET /?_g=3145165 HTTP/1.1" 200 215329 "-" "meta-externalagent/1.1 (+https://developers.facebook.com/docs/sharing/webmasters/crawler)"
74.7.227.39 - - [24/Dec/2025:08:15:36 -0500] "GET /?_g=3700711 HTTP/1.1" 200 215329 "-" "Mozilla/5.0 AppleWebKit/537.36 (KHTML, like Gecko; compatible; GPTBot/1.3; +https://openai.com/gptbot)"
74.7.227.39 - - [24/Dec/2025:08:15:37 -0500] "GET /?_g=2402140 HTTP/1.1" 200 215329 "-" "Mozilla/5.0 AppleWebKit/537.36 (KHTML, like Gecko; compatible; GPTBot/1.3; +https://openai.com/gptbot)"
74.7.227.39 - - [24/Dec/2025:08:15:38 -0500] "GET /?_g=2206012 HTTP/1.1" 200 215329 "-" "Mozilla/5.0 AppleWebKit/537.36 (KHTML, like Gecko; compatible; GPTBot/1.3; +https://openai.com/gptbot)"
74.7.227.39 - - [24/Dec/2025:08:15:38 -0500] "GET /?_g=1147454 HTTP/1.1" 200 215329 "-" "Mozilla/5.0 AppleWebKit/537.36 (KHTML, like Gecko; compatible; GPTBot/1.3; +https://openai.com/gptbot)"
74.7.227.39 - - [24/Dec/2025:08:15:39 -0500] "GET /?_g=1325211 HTTP/1.1" 200 215329 "-" "Mozilla/5.0 AppleWebKit/537.36 (KHTML, like Gecko; compatible; GPTBot/1.3; +https://openai.com/gptbot)"
136.243.228.195 - - [24/Dec/2025:08:15:39 -0500] "GET /?_g=1448098 HTTP/1.1" 200 215329 "-" "Mozilla/5.0 (compatible; DataForSeoBot/1.0; +https://dataforseo.com/dataforseo-bot)"
57.141.20.9 - - [24/Dec/2025:08:15:39 -0500] "GET /?_g=2465825 HTTP/1.1" 200 215329 "-" "meta-externalagent/1.1 (+https://developers.facebook.com/docs/sharing/webmasters/crawler)"
74.7.227.39 - - [24/Dec/2025:08:15:39 -0500] "GET /?_g=2004909 HTTP/1.1" 200 215329 "-" "Mozilla/5.0 AppleWebKit/537.36 (KHTML, like Gecko; compatible; GPTBot/1.3; +https://openai.com/gptbot)"
74.7.227.39 - - [24/Dec/2025:08:15:40 -0500] "GET /?_g=1986688 HTTP/1.1" 200 215329 "-" "Mozilla/5.0 AppleWebKit/537.36 (KHTML, like Gecko; compatible; GPTBot/1.3; +https://openai.com/gptbot)"
74.7.227.39 - - [24/Dec/2025:08:15:41 -0500] "GET /?_g=2923309 HTTP/1.1" 200 215329 "-" "Mozilla/5.0 AppleWebKit/537.36 (KHTML, like Gecko; compatible; GPTBot/1.3; +https://openai.com/gptbot)"
74.7.227.39 - - [24/Dec/2025:08:15:41 -0500] "GET /?_g=3557356 HTTP/1.1" 200 215329 "-" "Mozilla/5.0 AppleWebKit/537.36 (KHTML, like Gecko; compatible; GPTBot/1.3; +https://openai.com/gptbot)"
74.7.227.39 - - [24/Dec/2025:08:15:42 -0500] "GET /?_g=2233753 HTTP/1.1" 200 215329 "-" "Mozilla/5.0 AppleWebKit/537.36 (KHTML, like Gecko; compatible; GPTBot/1.3; +https://openai.com/gptbot)"
57.141.20.17 - - [24/Dec/2025:08:15:42 -0500] "GET /?_g=3114940 HTTP/1.1" 200 215329 "-" "meta-externalagent/1.1 (+https://developers.facebook.com/docs/sharing/webmasters/crawler)"
74.7.227.39 - - [24/Dec/2025:08:15:42 -0500] "GET /?_g=1952519 HTTP/1.1" 200 215329 "-" "Mozilla/5.0 AppleWebKit/537.36 (KHTML, like Gecko; compatible; GPTBot/1.3; +https://openai.com/gptbot)"
74.7.227.39 - - [24/Dec/2025:08:15:43 -0500] "GET /?_g=2828565 HTTP/1.1" 200 215329 "-" "Mozilla/5.0 AppleWebKit/537.36 (KHTML, like Gecko; compatible; GPTBot/1.3; +https://openai.com/gptbot)"
136.243.228.195 - - [24/Dec/2025:08:15:42 -0500] "GET /?_g=1975175 HTTP/1.1" 200 215329 "-" "Mozilla/5.0 (compatible; DataForSeoBot/1.0; +https://dataforseo.com/dataforseo-bot)"
74.7.227.39 - - [24/Dec/2025:08:15:44 -0500] "GET /?_g=3969962 HTTP/1.1" 200 215329 "-" "Mozilla/5.0 AppleWebKit/537.36 (KHTML, like Gecko; compatible; GPTBot/1.3; +https://openai.com/gptbot)"
57.141.20.7 - - [24/Dec/2025:08:15:44 -0500] "GET /?_g=3852468 HTTP/1.1" 200 215329 "-" "meta-externalagent/1.1 (+https://developers.facebook.com/docs/sharing/webmasters/crawler)"
74.7.227.39 - - [24/Dec/2025:08:15:44 -0500] "GET /?_g=3846443 HTTP/1.1" 200 215329 "-" "Mozilla/5.0 AppleWebKit/537.36 (KHTML, like Gecko; compatible; GPTBot/1.3; +https://openai.com/gptbot)"
74.7.227.39 - - [24/Dec/2025:08:15:45 -0500] "GET /?_g=2832898 HTTP/1.1" 200 215329 "-" "Mozilla/5.0 AppleWebKit/537.36 (KHTML, like Gecko; compatible; GPTBot/1.3; +https://openai.com/gptbot)"
74.7.227.39 - - [24/Dec/2025:08:15:46 -0500] "GET /?_g=1833711 HTTP/1.1" 200 215329 "-" "Mozilla/5.0 AppleWebKit/537.36 (KHTML, like Gecko; compatible; GPTBot/1.3; +https://openai.com/gptbot)"
74.7.227.39 - - [24/Dec/2025:08:15:46 -0500] "GET /?_g=1242246 HTTP/1.1" 200 215329 "-" "Mozilla/5.0 AppleWebKit/537.36 (KHTML, like Gecko; compatible; GPTBot/1.3; +https://openai.com/gptbot)"
136.243.228.195 - - [24/Dec/2025:08:15:46 -0500] "GET /?_g=2041312 HTTP/1.1" 200 215329 "-" "Mozilla/5.0 (compatible; DataForSeoBot/1.0; +https://dataforseo.com/dataforseo-bot)"
74.7.227.39 - - [24/Dec/2025:08:15:47 -0500] "GET /?_g=2856558 HTTP/1.1" 200 215329 "-" "Mozilla/5.0 AppleWebKit/537.36 (KHTML, like Gecko; compatible; GPTBot/1.3; +https://openai.com/gptbot)"
74.7.227.39 - - [24/Dec/2025:08:15:48 -0500] "GET /?_g=2606021 HTTP/1.1" 200 215329 "-" "Mozilla/5.0 AppleWebKit/537.36 (KHTML, like Gecko; compatible; GPTBot/1.3; +https://openai.com/gptbot)"
74.7.227.39 - - [24/Dec/2025:08:15:48 -0500] "GET /?_g=3749379 HTTP/1.1" 200 215329 "-" "Mozilla/5.0 AppleWebKit/537.36 (KHTML, like Gecko; compatible; GPTBot/1.3; +https://openai.com/gptbot)"
74.7.227.39 - - [24/Dec/2025:08:15:49 -0500] "GET /?_g=2303027 HTTP/1.1" 200 215329 "-" "Mozilla/5.0 AppleWebKit/537.36 (KHTML, like Gecko; compatible; GPTBot/1.3; +https://openai.com/gptbot)"
176.123.4.135 - - [24/Dec/2025:08:15:50 -0500] "GET /wp-admin/plugins.php HTTP/1.1" 503 19545 "https://bahiaparaisosuites.com/wp-login.php" "Mozilla/5.0 (Windows NT 11.0; Win64; x64; rv:121.0) Gecko/20100101 Firefox/121.0"
74.7.227.39 - - [24/Dec/2025:08:15:49 -0500] "GET /?_g=3685868 HTTP/1.1" 200 215329 "-" "Mozilla/5.0 AppleWebKit/537.36 (KHTML, like Gecko; compatible; GPTBot/1.3; +https://openai.com/gptbot)"
74.7.227.39 - - [24/Dec/2025:08:15:50 -0500] "GET /?_g=2662924 HTTP/1.1" 200 215329 "-" "Mozilla/5.0 AppleWebKit/537.36 (KHTML, like Gecko; compatible; GPTBot/1.3; +https://openai.com/gptbot)"
74.7.227.39 - - [24/Dec/2025:08:15:51 -0500] "GET /?_g=1194488 HTTP/1.1" 200 215329 "-" "Mozilla/5.0 AppleWebKit/537.36 (KHTML, like Gecko; compatible; GPTBot/1.3; +https://openai.com/gptbot)"
136.243.228.195 - - [24/Dec/2025:08:15:50 -0500] "GET /?_g=1560945 HTTP/1.1" 200 215329 "-" "Mozilla/5.0 (compatible; DataForSeoBot/1.0; +https://dataforseo.com/dataforseo-bot)"
74.7.227.39 - - [24/Dec/2025:08:15:51 -0500] "GET /?_g=1128382 HTTP/1.1" 200 215329 "-" "Mozilla/5.0 AppleWebKit/537.36 (KHTML, like Gecko; compatible; GPTBot/1.3; +https://openai.com/gptbot)"
74.7.227.39 - - [24/Dec/2025:08:15:52 -0500] "GET /?_g=2539533 HTTP/1.1" 200 215329 "-" "Mozilla/5.0 AppleWebKit/537.36 (KHTML, like Gecko; compatible; GPTBot/1.3; +https://openai.com/gptbot)"
74.7.227.39 - - [24/Dec/2025:08:15:52 -0500] "GET /?_g=3600930 HTTP/1.1" 200 215329 "-" "Mozilla/5.0 AppleWebKit/537.36 (KHTML, like Gecko; compatible; GPTBot/1.3; +https://openai.com/gptbot)"
85.208.96.207 - - [24/Dec/2025:08:15:53 -0500] "GET /?_g=392061 HTTP/1.1" 200 215329 "-" "Mozilla/5.0 (compatible; SemrushBot/7~bl; +http://www.semrush.com/bot.html)"
74.7.227.39 - - [24/Dec/2025:08:15:53 -0500] "GET /?_g=3585336 HTTP/1.1" 200 215329 "-" "Mozilla/5.0 AppleWebKit/537.36 (KHTML, like Gecko; compatible; GPTBot/1.3; +https://openai.com/gptbot)"
74.7.227.39 - - [24/Dec/2025:08:15:54 -0500] "GET /?_g=2201600 HTTP/1.1" 200 215329 "-" "Mozilla/5.0 AppleWebKit/537.36 (KHTML, like Gecko; compatible; GPTBot/1.3; +https://openai.com/gptbot)"
74.7.227.39 - - [24/Dec/2025:08:15:54 -0500] "GET /?_g=1452422 HTTP/1.1" 200 215329 "-" "Mozilla/5.0 AppleWebKit/537.36 (KHTML, like Gecko; compatible; GPTBot/1.3; +https://openai.com/gptbot)"
74.7.227.39 - - [24/Dec/2025:08:15:55 -0500] "GET /?_g=2025035 HTTP/1.1" 200 215329 "-" "Mozilla/5.0 AppleWebKit/537.36 (KHTML, like Gecko; compatible; GPTBot/1.3; +https://openai.com/gptbot)"
136.243.228.195 - - [24/Dec/2025:08:15:54 -0500] "GET /?_g=362924 HTTP/1.1" 200 215329 "-" "Mozilla/5.0 (compatible; DataForSeoBot/1.0; +https://dataforseo.com/dataforseo-bot)"
57.141.20.18 - - [24/Dec/2025:08:15:55 -0500] "GET /?_g=1635600 HTTP/1.1" 200 215329 "-" "meta-externalagent/1.1 (+https://developers.facebook.com/docs/sharing/webmasters/crawler)"
74.7.227.39 - - [24/Dec/2025:08:15:55 -0500] "GET /?_g=1791471 HTTP/1.1" 200 215329 "-" "Mozilla/5.0 AppleWebKit/537.36 (KHTML, like Gecko; compatible; GPTBot/1.3; +https://openai.com/gptbot)"
74.7.227.39 - - [24/Dec/2025:08:15:56 -0500] "GET /?_g=1323292 HTTP/1.1" 200 215329 "-" "Mozilla/5.0 AppleWebKit/537.36 (KHTML, like Gecko; compatible; GPTBot/1.3; +https://openai.com/gptbot)"
74.7.227.39 - - [24/Dec/2025:08:15:56 -0500] "GET /?_g=2404909 HTTP/1.1" 200 215329 "-" "Mozilla/5.0 AppleWebKit/537.36 (KHTML, like Gecko; compatible; GPTBot/1.3; +https://openai.com/gptbot)"
185.191.171.12 - - [24/Dec/2025:08:15:57 -0500] "GET /?_g=151981 HTTP/1.1" 200 215329 "-" "Mozilla/5.0 (compatible; SemrushBot/7~bl; +http://www.semrush.com/bot.html)"
74.7.227.39 - - [24/Dec/2025:08:15:57 -0500] "GET /?_g=2212448 HTTP/1.1" 200 215329 "-" "Mozilla/5.0 AppleWebKit/537.36 (KHTML, like Gecko; compatible; GPTBot/1.3; +https://openai.com/gptbot)"
74.7.227.39 - - [24/Dec/2025:08:15:58 -0500] "GET /?_g=1447116 HTTP/1.1" 200 215329 "-" "Mozilla/5.0 AppleWebKit/537.36 (KHTML, like Gecko; compatible; GPTBot/1.3; +https://openai.com/gptbot)"
74.7.227.39 - - [24/Dec/2025:08:15:58 -0500] "GET /?_g=3733811 HTTP/1.1" 200 215329 "-" "Mozilla/5.0 AppleWebKit/537.36 (KHTML, like Gecko; compatible; GPTBot/1.3; +https://openai.com/gptbot)"
74.7.227.39 - - [24/Dec/2025:08:15:59 -0500] "GET /?_g=2277434 HTTP/1.1" 200 215329 "-" "Mozilla/5.0 AppleWebKit/537.36 (KHTML, like Gecko; compatible; GPTBot/1.3; +https://openai.com/gptbot)"
136.243.228.195 - - [24/Dec/2025:08:15:58 -0500] "GET /?_g=2499011 HTTP/1.1" 200 215329 "-" "Mozilla/5.0 (compatible; DataForSeoBot/1.0; +https://dataforseo.com/dataforseo-bot)"
74.7.227.39 - - [24/Dec/2025:08:15:59 -0500] "GET /?_g=1919022 HTTP/1.1" 200 215329 "-" "Mozilla/5.0 AppleWebKit/537.36 (KHTML, like Gecko; compatible; GPTBot/1.3; +https://openai.com/gptbot)"
74.7.227.39 - - [24/Dec/2025:08:16:00 -0500] "GET /?_g=3005853 HTTP/1.1" 200 215329 "-" "Mozilla/5.0 AppleWebKit/537.36 (KHTML, like Gecko; compatible; GPTBot/1.3; +https://openai.com/gptbot)"
74.7.227.39 - - [24/Dec/2025:08:16:01 -0500] "GET /?_g=3834899 HTTP/1.1" 200 215329 "-" "Mozilla/5.0 AppleWebKit/537.36 (KHTML, like Gecko; compatible; GPTBot/1.3; +https://openai.com/gptbot)"
74.7.227.39 - - [24/Dec/2025:08:16:01 -0500] "GET /?_g=1511868 HTTP/1.1" 200 215329 "-" "Mozilla/5.0 AppleWebKit/537.36 (KHTML, like Gecko; compatible; GPTBot/1.3; +https://openai.com/gptbot)"
74.7.227.39 - - [24/Dec/2025:08:16:02 -0500] "GET /?_g=1566456 HTTP/1.1" 200 215329 "-" "Mozilla/5.0 AppleWebKit/537.36 (KHTML, like Gecko; compatible; GPTBot/1.3; +https://openai.com/gptbot)"
74.7.227.39 - - [24/Dec/2025:08:16:02 -0500] "GET /?_g=1012912 HTTP/1.1" 200 215329 "-" "Mozilla/5.0 AppleWebKit/537.36 (KHTML, like Gecko; compatible; GPTBot/1.3; +https://openai.com/gptbot)"
176.123.4.135 - - [24/Dec/2025:08:16:03 -0500] "POST /wp-login.php HTTP/1.1" 503 18253 "https://bahiaparaisosuites.com/wp-login.php" "Mozilla/5.0 (Macintosh; Intel Mac OS X 13_6_1; rv:121.0) Gecko/20100101 Firefox/121.0"
74.7.227.39 - - [24/Dec/2025:08:16:03 -0500] "GET /?_g=1058080 HTTP/1.1" 200 215329 "-" "Mozilla/5.0 AppleWebKit/537.36 (KHTML, like Gecko; compatible; GPTBot/1.3; +https://openai.com/gptbot)"
136.243.228.195 - - [24/Dec/2025:08:16:02 -0500] "GET /?_g=3013407 HTTP/1.1" 200 215329 "-" "Mozilla/5.0 (compatible; DataForSeoBot/1.0; +https://dataforseo.com/dataforseo-bot)"
198.50.127.198 - - [24/Dec/2025:08:16:04 -0500] "POST /?wordfence_syncAttackData=1766582164.2599 HTTP/1.1" 200 - "-" "WordPress/6.9; https://bahiaparaisosuites.com"
74.7.227.39 - - [24/Dec/2025:08:16:04 -0500] "GET /?_g=1240040 HTTP/1.1" 200 215329 "-" "Mozilla/5.0 AppleWebKit/537.36 (KHTML, like Gecko; compatible; GPTBot/1.3; +https://openai.com/gptbot)"
185.191.171.10 - - [24/Dec/2025:08:16:04 -0500] "GET /?_g=1226790 HTTP/1.1" 200 215329 "-" "Mozilla/5.0 (compatible; SemrushBot/7~bl; +http://www.semrush.com/bot.html)"
74.7.227.39 - - [24/Dec/2025:08:16:04 -0500] "GET /?_g=2233776 HTTP/1.1" 200 215329 "-" "Mozilla/5.0 AppleWebKit/537.36 (KHTML, like Gecko; compatible; GPTBot/1.3; +https://openai.com/gptbot)"
74.7.227.39 - - [24/Dec/2025:08:16:05 -0500] "GET /?_g=2268629 HTTP/1.1" 200 215329 "-" "Mozilla/5.0 AppleWebKit/537.36 (KHTML, like Gecko; compatible; GPTBot/1.3; +https://openai.com/gptbot)"
74.7.227.39 - - [24/Dec/2025:08:16:06 -0500] "GET /?_g=3132662 HTTP/1.1" 200 215329 "-" "Mozilla/5.0 AppleWebKit/537.36 (KHTML, like Gecko; compatible; GPTBot/1.3; +https://openai.com/gptbot)"
74.7.227.39 - - [24/Dec/2025:08:16:06 -0500] "GET /?_g=4066436 HTTP/1.1" 200 215329 "-" "Mozilla/5.0 AppleWebKit/537.36 (KHTML, like Gecko; compatible; GPTBot/1.3; +https://openai.com/gptbot)"
74.7.227.39 - - [24/Dec/2025:08:16:07 -0500] "GET /?_g=2536522 HTTP/1.1" 200 215329 "-" "Mozilla/5.0 AppleWebKit/537.36 (KHTML, like Gecko; compatible; GPTBot/1.3; +https://openai.com/gptbot)"
136.243.228.195 - - [24/Dec/2025:08:16:06 -0500] "GET /?_g=2427658 HTTP/1.1" 200 215329 "-" "Mozilla/5.0 (compatible; DataForSeoBot/1.0; +https://dataforseo.com/dataforseo-bot)"
74.7.227.39 - - [24/Dec/2025:08:16:07 -0500] "GET /?_g=3822898 HTTP/1.1" 200 215329 "-" "Mozilla/5.0 AppleWebKit/537.36 (KHTML, like Gecko; compatible; GPTBot/1.3; +https://openai.com/gptbot)"
74.7.227.39 - - [24/Dec/2025:08:16:08 -0500] "GET /?_g=2934994 HTTP/1.1" 200 215329 "-" "Mozilla/5.0 AppleWebKit/537.36 (KHTML, like Gecko; compatible; GPTBot/1.3; +https://openai.com/gptbot)"
74.7.227.39 - - [24/Dec/2025:08:16:09 -0500] "GET /?_g=3788353 HTTP/1.1" 200 215329 "-" "Mozilla/5.0 AppleWebKit/537.36 (KHTML, like Gecko; compatible; GPTBot/1.3; +https://openai.com/gptbot)"
198.50.127.198 - - [24/Dec/2025:08:16:10 -0500] "POST /wp-cron.php?doing_wp_cron=1766582170.0245640277862548828125 HTTP/1.1" 200 - "-" "WordPress/6.9; https://bahiaparaisosuites.com"
74.7.227.39 - - [24/Dec/2025:08:16:09 -0500] "GET /?_g=2482982 HTTP/1.1" 200 215329 "-" "Mozilla/5.0 AppleWebKit/537.36 (KHTML, like Gecko; compatible; GPTBot/1.3; +https://openai.com/gptbot)"
198.50.127.198 - - [24/Dec/2025:08:16:10 -0500] "POST /wp-cron.php?doing_wp_cron=1766582170.0692269802093505859375 HTTP/1.1" 200 - "-" "WordPress/6.9; https://bahiaparaisosuites.com"
57.141.20.15 - - [24/Dec/2025:08:16:09 -0500] "GET /?_g=2638565 HTTP/1.1" 200 215329 "-" "meta-externalagent/1.1 (+https://developers.facebook.com/docs/sharing/webmasters/crawler)"
74.7.227.39 - - [24/Dec/2025:08:16:10 -0500] "GET /?_g=2029040 HTTP/1.1" 200 215329 "-" "Mozilla/5.0 AppleWebKit/537.36 (KHTML, like Gecko; compatible; GPTBot/1.3; +https://openai.com/gptbot)"
74.7.227.39 - - [24/Dec/2025:08:16:10 -0500] "GET /?_g=3211237 HTTP/1.1" 200 215329 "-" "Mozilla/5.0 AppleWebKit/537.36 (KHTML, like Gecko; compatible; GPTBot/1.3; +https://openai.com/gptbot)"
74.7.227.39 - - [24/Dec/2025:08:16:11 -0500] "GET /?_g=2926494 HTTP/1.1" 200 215329 "-" "Mozilla/5.0 AppleWebKit/537.36 (KHTML, like Gecko; compatible; GPTBot/1.3; +https://openai.com/gptbot)"
136.243.228.195 - - [24/Dec/2025:08:16:10 -0500] "GET /?_g=337767 HTTP/1.1" 200 215329 "-" "Mozilla/5.0 (compatible; DataForSeoBot/1.0; +https://dataforseo.com/dataforseo-bot)"
74.7.227.39 - - [24/Dec/2025:08:16:12 -0500] "GET /?_g=1130440 HTTP/1.1" 200 215329 "-" "Mozilla/5.0 AppleWebKit/537.36 (KHTML, like Gecko; compatible; GPTBot/1.3; +https://openai.com/gptbot)"
74.7.227.39 - - [24/Dec/2025:08:16:12 -0500] "GET /?_g=1213144 HTTP/1.1" 200 215329 "-" "Mozilla/5.0 AppleWebKit/537.36 (KHTML, like Gecko; compatible; GPTBot/1.3; +https://openai.com/gptbot)"
74.7.227.39 - - [24/Dec/2025:08:16:13 -0500] "GET /?_g=2571575 HTTP/1.1" 200 215329 "-" "Mozilla/5.0 AppleWebKit/537.36 (KHTML, like Gecko; compatible; GPTBot/1.3; +https://openai.com/gptbot)"
74.7.227.39 - - [24/Dec/2025:08:16:13 -0500] "GET /?_g=4054577 HTTP/1.1" 200 215329 "-" "Mozilla/5.0 AppleWebKit/537.36 (KHTML, like Gecko; compatible; GPTBot/1.3; +https://openai.com/gptbot)"
185.191.171.3 - - [24/Dec/2025:08:16:14 -0500] "GET /?_g=2381238 HTTP/1.1" 200 215329 "-" "Mozilla/5.0 (compatible; SemrushBot/7~bl; +http://www.semrush.com/bot.html)"
74.7.227.39 - - [24/Dec/2025:08:16:14 -0500] "GET /?_g=1791019 HTTP/1.1" 200 215329 "-" "Mozilla/5.0 AppleWebKit/537.36 (KHTML, like Gecko; compatible; GPTBot/1.3; +https://openai.com/gptbot)"
74.7.227.39 - - [24/Dec/2025:08:16:14 -0500] "GET /?_g=2795927 HTTP/1.1" 200 215329 "-" "Mozilla/5.0 AppleWebKit/537.36 (KHTML, like Gecko; compatible; GPTBot/1.3; +https://openai.com/gptbot)"
74.7.227.39 - - [24/Dec/2025:08:16:15 -0500] "GET /?_g=1449814 HTTP/1.1" 200 215329 "-" "Mozilla/5.0 AppleWebKit/537.36 (KHTML, like Gecko; compatible; GPTBot/1.3; +https://openai.com/gptbot)"
136.243.228.195 - - [24/Dec/2025:08:16:14 -0500] "GET /?_g=1265414 HTTP/1.1" 200 215329 "-" "Mozilla/5.0 (compatible; DataForSeoBot/1.0; +https://dataforseo.com/dataforseo-bot)"
57.141.20.5 - - [24/Dec/2025:08:16:16 -0500] "GET /?_g=1336791 HTTP/1.1" 200 215329 "-" "meta-externalagent/1.1 (+https://developers.facebook.com/docs/sharing/webmasters/crawler)"
74.7.227.39 - - [24/Dec/2025:08:16:16 -0500] "GET /?_g=1809988 HTTP/1.1" 200 215329 "-" "Mozilla/5.0 AppleWebKit/537.36 (KHTML, like Gecko; compatible; GPTBot/1.3; +https://openai.com/gptbot)"
74.7.227.39 - - [24/Dec/2025:08:16:16 -0500] "GET /?_g=3032722 HTTP/1.1" 200 215329 "-" "Mozilla/5.0 AppleWebKit/537.36 (KHTML, like Gecko; compatible; GPTBot/1.3; +https://openai.com/gptbot)"
176.123.4.135 - - [24/Dec/2025:08:16:17 -0500] "GET /wp-admin/index.php HTTP/1.1" 503 19545 "https://bahiaparaisosuites.com/wp-login.php" "Mozilla/5.0 (Windows NT 10.0; Win64; x64; rv:118.0) Gecko/20100101 Firefox/118.0"
74.7.227.39 - - [24/Dec/2025:08:16:17 -0500] "GET /?_g=2042243 HTTP/1.1" 200 215329 "-" "Mozilla/5.0 AppleWebKit/537.36 (KHTML, like Gecko; compatible; GPTBot/1.3; +https://openai.com/gptbot)"
198.50.127.198 - - [24/Dec/2025:08:16:18 -0500] "POST /wp-cron.php?doing_wp_cron=1766582178.2986130714416503906250 HTTP/1.1" 200 - "-" "WordPress/6.9; https://bahiaparaisosuites.com"
74.7.227.39 - - [24/Dec/2025:08:16:17 -0500] "GET /?_g=3344274 HTTP/1.1" 200 215329 "-" "Mozilla/5.0 AppleWebKit/537.36 (KHTML, like Gecko; compatible; GPTBot/1.3; +https://openai.com/gptbot)"
198.50.127.198 - - [24/Dec/2025:08:16:18 -0500] "POST /wp-cron.php?doing_wp_cron=1766582178.6187350749969482421875 HTTP/1.1" 200 - "-" "WordPress/6.9; https://bahiaparaisosuites.com"
185.191.171.19 - - [24/Dec/2025:08:16:18 -0500] "GET /?_g=2824397 HTTP/1.1" 200 215329 "-" "Mozilla/5.0 (compatible; SemrushBot/7~bl; +http://www.semrush.com/bot.html)"
74.7.227.39 - - [24/Dec/2025:08:16:18 -0500] "GET /?_g=1954141 HTTP/1.1" 200 215329 "-" "Mozilla/5.0 AppleWebKit/537.36 (KHTML, like Gecko; compatible; GPTBot/1.3; +https://openai.com/gptbot)"
74.7.227.39 - - [24/Dec/2025:08:16:19 -0500] "GET /?_g=1717588 HTTP/1.1" 200 215329 "-" "Mozilla/5.0 AppleWebKit/537.36 (KHTML, like Gecko; compatible; GPTBot/1.3; +https://openai.com/gptbot)"
74.7.227.39 - - [24/Dec/2025:08:16:19 -0500] "GET /?_g=1883328 HTTP/1.1" 200 215329 "-" "Mozilla/5.0 AppleWebKit/537.36 (KHTML, like Gecko; compatible; GPTBot/1.3; +https://openai.com/gptbot)"
136.243.228.195 - - [24/Dec/2025:08:16:18 -0500] "GET /?_g=2728769 HTTP/1.1" 200 215329 "-" "Mozilla/5.0 (compatible; DataForSeoBot/1.0; +https://dataforseo.com/dataforseo-bot)"
74.7.227.39 - - [24/Dec/2025:08:16:20 -0500] "GET /?_g=3738708 HTTP/1.1" 200 215329 "-" "Mozilla/5.0 AppleWebKit/537.36 (KHTML, like Gecko; compatible; GPTBot/1.3; +https://openai.com/gptbot)"
74.7.227.39 - - [24/Dec/2025:08:16:20 -0500] "GET /?_g=3527277 HTTP/1.1" 200 215329 "-" "Mozilla/5.0 AppleWebKit/537.36 (KHTML, like Gecko; compatible; GPTBot/1.3; +https://openai.com/gptbot)"
74.7.227.39 - - [24/Dec/2025:08:16:21 -0500] "GET /?_g=2881191 HTTP/1.1" 200 215329 "-" "Mozilla/5.0 AppleWebKit/537.36 (KHTML, like Gecko; compatible; GPTBot/1.3; +https://openai.com/gptbot)"
74.7.227.39 - - [24/Dec/2025:08:16:22 -0500] "GET /?_g=1676337 HTTP/1.1" 200 215329 "-" "Mozilla/5.0 AppleWebKit/537.36 (KHTML, like Gecko; compatible; GPTBot/1.3; +https://openai.com/gptbot)"
185.191.171.15 - - [24/Dec/2025:08:16:22 -0500] "GET /?_g=4086223 HTTP/1.1" 200 215329 "-" "Mozilla/5.0 (compatible; SemrushBot/7~bl; +http://www.semrush.com/bot.html)"
74.7.227.39 - - [24/Dec/2025:08:16:22 -0500] "GET /?_g=1699292 HTTP/1.1" 200 215329 "-" "Mozilla/5.0 AppleWebKit/537.36 (KHTML, like Gecko; compatible; GPTBot/1.3; +https://openai.com/gptbot)"
74.7.227.39 - - [24/Dec/2025:08:16:23 -0500] "GET /?_g=1714871 HTTP/1.1" 200 215329 "-" "Mozilla/5.0 AppleWebKit/537.36 (KHTML, like Gecko; compatible; GPTBot/1.3; +https://openai.com/gptbot)"
74.7.227.39 - - [24/Dec/2025:08:16:23 -0500] "GET /?_g=1467747 HTTP/1.1" 200 215329 "-" "Mozilla/5.0 AppleWebKit/537.36 (KHTML, like Gecko; compatible; GPTBot/1.3; +https://openai.com/gptbot)"
136.243.228.195 - - [24/Dec/2025:08:16:23 -0500] "GET /?_g=3690702 HTTP/1.1" 200 215329 "-" "Mozilla/5.0 (compatible; DataForSeoBot/1.0; +https://dataforseo.com/dataforseo-bot)"
74.7.227.39 - - [24/Dec/2025:08:16:24 -0500] "GET /?_g=2150552 HTTP/1.1" 200 215329 "-" "Mozilla/5.0 AppleWebKit/537.36 (KHTML, like Gecko; compatible; GPTBot/1.3; +https://openai.com/gptbot)"
74.7.227.39 - - [24/Dec/2025:08:16:25 -0500] "GET /?_g=1021290 HTTP/1.1" 200 215329 "-" "Mozilla/5.0 AppleWebKit/537.36 (KHTML, like Gecko; compatible; GPTBot/1.3; +https://openai.com/gptbot)"
74.7.227.39 - - [24/Dec/2025:08:16:25 -0500] "GET /?_g=3898379 HTTP/1.1" 200 215329 "-" "Mozilla/5.0 AppleWebKit/537.36 (KHTML, like Gecko; compatible; GPTBot/1.3; +https://openai.com/gptbot)"
74.7.227.39 - - [24/Dec/2025:08:16:26 -0500] "GET /?_g=1694961 HTTP/1.1" 200 215329 "-" "Mozilla/5.0 AppleWebKit/537.36 (KHTML, like Gecko; compatible; GPTBot/1.3; +https://openai.com/gptbot)"
74.7.227.39 - - [24/Dec/2025:08:16:26 -0500] "GET /?_g=3378173 HTTP/1.1" 200 215329 "-" "Mozilla/5.0 AppleWebKit/537.36 (KHTML, like Gecko; compatible; GPTBot/1.3; +https://openai.com/gptbot)"
136.243.228.195 - - [24/Dec/2025:08:16:26 -0500] "GET /?_g=1325829 HTTP/1.1" 200 215329 "-" "Mozilla/5.0 (compatible; DataForSeoBot/1.0; +https://dataforseo.com/dataforseo-bot)"
74.7.227.39 - - [24/Dec/2025:08:16:27 -0500] "GET /?_g=4048140 HTTP/1.1" 200 215329 "-" "Mozilla/5.0 AppleWebKit/537.36 (KHTML, like Gecko; compatible; GPTBot/1.3; +https://openai.com/gptbot)"
57.141.20.47 - - [24/Dec/2025:08:16:27 -0500] "GET /?_g=2604034 HTTP/1.1" 200 215329 "-" "meta-externalagent/1.1 (+https://developers.facebook.com/docs/sharing/webmasters/crawler)"
74.7.227.39 - - [24/Dec/2025:08:16:28 -0500] "GET /?_g=1791947 HTTP/1.1" 200 215329 "-" "Mozilla/5.0 AppleWebKit/537.36 (KHTML, like Gecko; compatible; GPTBot/1.3; +https://openai.com/gptbot)"
74.7.227.39 - - [24/Dec/2025:08:16:28 -0500] "GET /?_g=1671868 HTTP/1.1" 200 215329 "-" "Mozilla/5.0 AppleWebKit/537.36 (KHTML, like Gecko; compatible; GPTBot/1.3; +https://openai.com/gptbot)"
74.7.227.39 - - [24/Dec/2025:08:16:29 -0500] "GET /?_g=2836866 HTTP/1.1" 200 215329 "-" "Mozilla/5.0 AppleWebKit/537.36 (KHTML, like Gecko; compatible; GPTBot/1.3; +https://openai.com/gptbot)"
185.191.171.10 - - [24/Dec/2025:08:16:29 -0500] "GET /?_g=3161243 HTTP/1.1" 200 215329 "-" "Mozilla/5.0 (compatible; SemrushBot/7~bl; +http://www.semrush.com/bot.html)"
74.7.227.39 - - [24/Dec/2025:08:16:29 -0500] "GET /?_g=3325625 HTTP/1.1" 200 215329 "-" "Mozilla/5.0 AppleWebKit/537.36 (KHTML, like Gecko; compatible; GPTBot/1.3; +https://openai.com/gptbot)"
74.7.227.39 - - [24/Dec/2025:08:16:30 -0500] "GET /?_g=2015225 HTTP/1.1" 200 215329 "-" "Mozilla/5.0 AppleWebKit/537.36 (KHTML, like Gecko; compatible; GPTBot/1.3; +https://openai.com/gptbot)"
74.7.227.39 - - [24/Dec/2025:08:16:30 -0500] "GET /?_g=2822050 HTTP/1.1" 200 215329 "-" "Mozilla/5.0 AppleWebKit/537.36 (KHTML, like Gecko; compatible; GPTBot/1.3; +https://openai.com/gptbot)"
176.123.4.135 - - [24/Dec/2025:08:16:31 -0500] "GET /wp-admin/profile.php HTTP/1.1" 503 19545 "https://bahiaparaisosuites.com/wp-login.php" "Mozilla/5.0 (Windows NT 10.0; Win64; x64; rv:118.0) Gecko/20100101 Firefox/118.0"
136.243.228.195 - - [24/Dec/2025:08:16:30 -0500] "GET /?_g=3240253 HTTP/1.1" 200 215329 "-" "Mozilla/5.0 (compatible; DataForSeoBot/1.0; +https://dataforseo.com/dataforseo-bot)"
74.7.227.39 - - [24/Dec/2025:08:16:31 -0500] "GET /?_g=1931613 HTTP/1.1" 200 215329 "-" "Mozilla/5.0 AppleWebKit/537.36 (KHTML, like Gecko; compatible; GPTBot/1.3; +https://openai.com/gptbot)"
74.7.227.39 - - [24/Dec/2025:08:16:32 -0500] "GET /?_g=1989110 HTTP/1.1" 200 215329 "-" "Mozilla/5.0 AppleWebKit/537.36 (KHTML, like Gecko; compatible; GPTBot/1.3; +https://openai.com/gptbot)"
74.7.227.39 - - [24/Dec/2025:08:16:32 -0500] "GET /?_g=2523155 HTTP/1.1" 200 215329 "-" "Mozilla/5.0 AppleWebKit/537.36 (KHTML, like Gecko; compatible; GPTBot/1.3; +https://openai.com/gptbot)"
74.7.227.39 - - [24/Dec/2025:08:16:33 -0500] "GET /?_g=2030211 HTTP/1.1" 200 215329 "-" "Mozilla/5.0 AppleWebKit/537.36 (KHTML, like Gecko; compatible; GPTBot/1.3; +https://openai.com/gptbot)"
74.7.227.39 - - [24/Dec/2025:08:16:33 -0500] "GET /?_g=3178781 HTTP/1.1" 200 215329 "-" "Mozilla/5.0 AppleWebKit/537.36 (KHTML, like Gecko; compatible; GPTBot/1.3; +https://openai.com/gptbot)"
57.141.20.47 - - [24/Dec/2025:08:16:34 -0500] "GET /?_g=166019 HTTP/1.1" 200 215329 "-" "meta-externalagent/1.1 (+https://developers.facebook.com/docs/sharing/webmasters/crawler)"
74.7.227.39 - - [24/Dec/2025:08:16:34 -0500] "GET /?_g=1140949 HTTP/1.1" 200 215329 "-" "Mozilla/5.0 AppleWebKit/537.36 (KHTML, like Gecko; compatible; GPTBot/1.3; +https://openai.com/gptbot)"
74.7.227.39 - - [24/Dec/2025:08:16:35 -0500] "GET /?_g=2352752 HTTP/1.1" 200 215329 "-" "Mozilla/5.0 AppleWebKit/537.36 (KHTML, like Gecko; compatible; GPTBot/1.3; +https://openai.com/gptbot)"
136.243.228.195 - - [24/Dec/2025:08:16:34 -0500] "GET /?_g=1602331 HTTP/1.1" 200 215329 "-" "Mozilla/5.0 (compatible; DataForSeoBot/1.0; +https://dataforseo.com/dataforseo-bot)"
74.7.227.39 - - [24/Dec/2025:08:16:35 -0500] "GET /?_g=2887112 HTTP/1.1" 200 215329 "-" "Mozilla/5.0 AppleWebKit/537.36 (KHTML, like Gecko; compatible; GPTBot/1.3; +https://openai.com/gptbot)"
74.7.227.39 - - [24/Dec/2025:08:16:36 -0500] "GET /?_g=2002445 HTTP/1.1" 200 215329 "-" "Mozilla/5.0 AppleWebKit/537.36 (KHTML, like Gecko; compatible; GPTBot/1.3; +https://openai.com/gptbot)"
57.141.20.19 - - [24/Dec/2025:08:16:36 -0500] "GET /?_g=3489058 HTTP/1.1" 200 215329 "-" "meta-externalagent/1.1 (+https://developers.facebook.com/docs/sharing/webmasters/crawler)"
74.7.227.39 - - [24/Dec/2025:08:16:36 -0500] "GET /?_g=1102106 HTTP/1.1" 200 215329 "-" "Mozilla/5.0 AppleWebKit/537.36 (KHTML, like Gecko; compatible; GPTBot/1.3; +https://openai.com/gptbot)"
74.7.227.39 - - [24/Dec/2025:08:16:37 -0500] "GET /?_g=1622641 HTTP/1.1" 200 215329 "-" "Mozilla/5.0 AppleWebKit/537.36 (KHTML, like Gecko; compatible; GPTBot/1.3; +https://openai.com/gptbot)"
74.7.227.39 - - [24/Dec/2025:08:16:38 -0500] "GET /?_g=2792991 HTTP/1.1" 200 215329 "-" "Mozilla/5.0 AppleWebKit/537.36 (KHTML, like Gecko; compatible; GPTBot/1.3; +https://openai.com/gptbot)"
74.7.227.39 - - [24/Dec/2025:08:16:38 -0500] "GET /?_g=1146419 HTTP/1.1" 200 215329 "-" "Mozilla/5.0 AppleWebKit/537.36 (KHTML, like Gecko; compatible; GPTBot/1.3; +https://openai.com/gptbot)"
74.7.227.39 - - [24/Dec/2025:08:16:39 -0500] "GET /?_g=1959965 HTTP/1.1" 200 215329 "-" "Mozilla/5.0 AppleWebKit/537.36 (KHTML, like Gecko; compatible; GPTBot/1.3; +https://openai.com/gptbot)"
57.141.20.19 - - [24/Dec/2025:08:16:39 -0500] "GET /?_g=1280767 HTTP/1.1" 200 215329 "-" "meta-externalagent/1.1 (+https://developers.facebook.com/docs/sharing/webmasters/crawler)"
136.243.228.195 - - [24/Dec/2025:08:16:38 -0500] "GET /?_g=581691 HTTP/1.1" 200 215329 "-" "Mozilla/5.0 (compatible; DataForSeoBot/1.0; +https://dataforseo.com/dataforseo-bot)"
74.7.227.39 - - [24/Dec/2025:08:16:40 -0500] "GET /?_g=3311418 HTTP/1.1" 200 215329 "-" "Mozilla/5.0 AppleWebKit/537.36 (KHTML, like Gecko; compatible; GPTBot/1.3; +https://openai.com/gptbot)"
74.7.227.39 - - [24/Dec/2025:08:16:40 -0500] "GET /?_g=3739355 HTTP/1.1" 200 215329 "-" "Mozilla/5.0 AppleWebKit/537.36 (KHTML, like Gecko; compatible; GPTBot/1.3; +https://openai.com/gptbot)"
74.7.227.39 - - [24/Dec/2025:08:16:41 -0500] "GET /?_g=1873387 HTTP/1.1" 200 215329 "-" "Mozilla/5.0 AppleWebKit/537.36 (KHTML, like Gecko; compatible; GPTBot/1.3; +https://openai.com/gptbot)"
74.7.227.39 - - [24/Dec/2025:08:16:41 -0500] "GET /?_g=3397996 HTTP/1.1" 200 215329 "-" "Mozilla/5.0 AppleWebKit/537.36 (KHTML, like Gecko; compatible; GPTBot/1.3; +https://openai.com/gptbot)"
74.7.227.39 - - [24/Dec/2025:08:16:42 -0500] "GET /?_g=2296933 HTTP/1.1" 200 215329 "-" "Mozilla/5.0 AppleWebKit/537.36 (KHTML, like Gecko; compatible; GPTBot/1.3; +https://openai.com/gptbot)"
74.7.227.39 - - [24/Dec/2025:08:16:43 -0500] "GET /?_g=4045566 HTTP/1.1" 200 215329 "-" "Mozilla/5.0 AppleWebKit/537.36 (KHTML, like Gecko; compatible; GPTBot/1.3; +https://openai.com/gptbot)"
74.7.227.39 - - [24/Dec/2025:08:16:43 -0500] "GET /?_g=2990021 HTTP/1.1" 200 215329 "-" "Mozilla/5.0 AppleWebKit/537.36 (KHTML, like Gecko; compatible; GPTBot/1.3; +https://openai.com/gptbot)"
136.243.228.195 - - [24/Dec/2025:08:16:42 -0500] "GET /?_g=2560655 HTTP/1.1" 200 215329 "-" "Mozilla/5.0 (compatible; DataForSeoBot/1.0; +https://dataforseo.com/dataforseo-bot)"
176.123.4.135 - - [24/Dec/2025:08:16:44 -0500] "GET /wp-admin/edit.php HTTP/1.1" 503 19545 "https://bahiaparaisosuites.com/wp-login.php" "Mozilla/5.0 (Windows NT 10.0; Win64; x64; rv:118.0) Gecko/20100101 Firefox/118.0"
74.7.227.39 - - [24/Dec/2025:08:16:44 -0500] "GET /?_g=3507337 HTTP/1.1" 200 215329 "-" "Mozilla/5.0 AppleWebKit/537.36 (KHTML, like Gecko; compatible; GPTBot/1.3; +https://openai.com/gptbot)"
66.249.64.44 - - [24/Dec/2025:08:16:44 -0500] "GET / HTTP/1.1" 200 192728 "-" "Mozilla/5.0 (compatible; Googlebot/2.1; +http://www.google.com/bot.html)"
66.249.64.42 - - [24/Dec/2025:08:16:44 -0500] "GET / HTTP/1.1" 200 192728 "-" "Mozilla/5.0 (Linux; Android 6.0.1; Nexus 5X Build/MMB29P) AppleWebKit/537.36 (KHTML, like Gecko) Chrome/99.0.4844.84 Mobile Safari/537.36 (compatible; Googlebot/2.1; +http://www.google.com/bot.html)"
74.7.227.39 - - [24/Dec/2025:08:16:44 -0500] "GET /?_g=3559966 HTTP/1.1" 200 215329 "-" "Mozilla/5.0 AppleWebKit/537.36 (KHTML, like Gecko; compatible; GPTBot/1.3; +https://openai.com/gptbot)"
74.7.227.39 - - [24/Dec/2025:08:16:45 -0500] "GET /?_g=2668181 HTTP/1.1" 200 215329 "-" "Mozilla/5.0 AppleWebKit/537.36 (KHTML, like Gecko; compatible; GPTBot/1.3; +https://openai.com/gptbot)"
74.7.227.39 - - [24/Dec/2025:08:16:46 -0500] "GET /?_g=1943411 HTTP/1.1" 200 215329 "-" "Mozilla/5.0 AppleWebKit/537.36 (KHTML, like Gecko; compatible; GPTBot/1.3; +https://openai.com/gptbot)"
74.7.227.39 - - [24/Dec/2025:08:16:46 -0500] "GET /?_g=2126682 HTTP/1.1" 200 215329 "-" "Mozilla/5.0 AppleWebKit/537.36 (KHTML, like Gecko; compatible; GPTBot/1.3; +https://openai.com/gptbot)"
74.7.227.39 - - [24/Dec/2025:08:16:47 -0500] "GET /?_g=3195593 HTTP/1.1" 200 215329 "-" "Mozilla/5.0 AppleWebKit/537.36 (KHTML, like Gecko; compatible; GPTBot/1.3; +https://openai.com/gptbot)"
136.243.228.195 - - [24/Dec/2025:08:16:47 -0500] "GET /?_g=2901778 HTTP/1.1" 200 215329 "-" "Mozilla/5.0 (compatible; DataForSeoBot/1.0; +https://dataforseo.com/dataforseo-bot)"
74.7.227.39 - - [24/Dec/2025:08:16:48 -0500] "GET /?_g=3253388 HTTP/1.1" 200 215329 "-" "Mozilla/5.0 AppleWebKit/537.36 (KHTML, like Gecko; compatible; GPTBot/1.3; +https://openai.com/gptbot)"
74.7.227.39 - - [24/Dec/2025:08:16:48 -0500] "GET /?_g=3533007 HTTP/1.1" 200 215329 "-" "Mozilla/5.0 AppleWebKit/537.36 (KHTML, like Gecko; compatible; GPTBot/1.3; +https://openai.com/gptbot)"
74.7.227.39 - - [24/Dec/2025:08:16:49 -0500] "GET /?_g=3118535 HTTP/1.1" 200 215329 "-" "Mozilla/5.0 AppleWebKit/537.36 (KHTML, like Gecko; compatible; GPTBot/1.3; +https://openai.com/gptbot)"
74.7.227.39 - - [24/Dec/2025:08:16:49 -0500] "GET /?_g=1188712 HTTP/1.1" 200 215329 "-" "Mozilla/5.0 AppleWebKit/537.36 (KHTML, like Gecko; compatible; GPTBot/1.3; +https://openai.com/gptbot)"
85.208.96.208 - - [24/Dec/2025:08:16:50 -0500] "GET /?_g=3104932 HTTP/1.1" 200 215329 "-" "Mozilla/5.0 (compatible; SemrushBot/7~bl; +http://www.semrush.com/bot.html)"
74.7.227.39 - - [24/Dec/2025:08:16:50 -0500] "GET /?_g=2800707 HTTP/1.1" 200 215329 "-" "Mozilla/5.0 AppleWebKit/537.36 (KHTML, like Gecko; compatible; GPTBot/1.3; +https://openai.com/gptbot)"
74.7.227.39 - - [24/Dec/2025:08:16:51 -0500] "GET /?_g=2838733 HTTP/1.1" 200 215329 "-" "Mozilla/5.0 AppleWebKit/537.36 (KHTML, like Gecko; compatible; GPTBot/1.3; +https://openai.com/gptbot)"
