Sindbad~EG File Manager

Current Path : /home/bahiapar/access-logs/
Upload File :
Current File : /home/bahiapar/access-logs/bahiaparaisosuites.com-ssl_log

136.243.228.195 - - [24/Dec/2025:07:10:01 -0500] "GET /?_g=3056340 HTTP/1.1" 200 215329 "-" "Mozilla/5.0 (compatible; DataForSeoBot/1.0; +https://dataforseo.com/dataforseo-bot)"
136.243.228.195 - - [24/Dec/2025:07:10:05 -0500] "GET /?_g=3333195 HTTP/1.1" 200 215329 "-" "Mozilla/5.0 (compatible; DataForSeoBot/1.0; +https://dataforseo.com/dataforseo-bot)"
198.50.127.198 - - [24/Dec/2025:07:10:09 -0500] "POST /wp-cron.php?doing_wp_cron=1766578209.7041890621185302734375 HTTP/1.1" 200 - "-" "WordPress/6.9; https://bahiaparaisosuites.com"
136.243.228.195 - - [24/Dec/2025:07:10:09 -0500] "GET /?_g=373864 HTTP/1.1" 200 215329 "-" "Mozilla/5.0 (compatible; DataForSeoBot/1.0; +https://dataforseo.com/dataforseo-bot)"
85.208.96.209 - - [24/Dec/2025:07:10:11 -0500] "GET /?_g=604201 HTTP/1.1" 200 215329 "-" "Mozilla/5.0 (compatible; SemrushBot/7~bl; +http://www.semrush.com/bot.html)"
136.243.228.195 - - [24/Dec/2025:07:10:13 -0500] "GET /?_g=3065382 HTTP/1.1" 200 215329 "-" "Mozilla/5.0 (compatible; DataForSeoBot/1.0; +https://dataforseo.com/dataforseo-bot)"
185.191.171.11 - - [24/Dec/2025:07:10:15 -0500] "GET /?_g=851738 HTTP/1.1" 200 215329 "-" "Mozilla/5.0 (compatible; SemrushBot/7~bl; +http://www.semrush.com/bot.html)"
36.240.143.196 - - [24/Dec/2025:07:10:16 -0500] "GET /?_g=1635249 HTTP/1.1" 200 424 "https://www.google.com/" "Mozilla/5.0 (iPhone; CPU iPhone OS 26_1_0 like Mac OS X) AppleWebKit/605.1.15 (KHTML, like Gecko) CriOS/143.0.7499.151 Mobile/15E148 Safari/604.1"
36.240.143.196 - - [24/Dec/2025:07:10:17 -0500] "GET /favicon.ico HTTP/1.1" 301 - "-" "Mozilla/5.0 (iPhone; CPU iPhone OS 26_1_0 like Mac OS X) AppleWebKit/605.1.15 (KHTML, like Gecko) CriOS/143.0.7499.151 Mobile/15E148 Safari/604.1"
198.50.127.198 - - [24/Dec/2025:07:10:18 -0500] "POST /wp-cron.php?doing_wp_cron=1766578218.0192129611968994140625 HTTP/1.1" 200 - "-" "WordPress/6.9; https://bahiaparaisosuites.com"
136.243.228.195 - - [24/Dec/2025:07:10:17 -0500] "GET /?_g=559294 HTTP/1.1" 200 215329 "-" "Mozilla/5.0 (compatible; DataForSeoBot/1.0; +https://dataforseo.com/dataforseo-bot)"
36.240.143.196 - - [24/Dec/2025:07:10:18 -0500] "GET /favicon.ico HTTP/1.1" 302 - "-" "Mozilla/5.0 (iPhone; CPU iPhone OS 26_1_0 like Mac OS X) AppleWebKit/605.1.15 (KHTML, like Gecko) CriOS/143.0.7499.151 Mobile/15E148 Safari/604.1"
36.240.143.196 - - [24/Dec/2025:07:10:19 -0500] "GET /wp-content/uploads/2021/08/bp-avatar-150x150.png HTTP/1.1" 200 11361 "-" "Mozilla/5.0 (iPhone; CPU iPhone OS 26_1_0 like Mac OS X) AppleWebKit/605.1.15 (KHTML, like Gecko) CriOS/143.0.7499.151 Mobile/15E148 Safari/604.1"
198.50.127.198 - - [24/Dec/2025:07:10:22 -0500] "POST /wp-cron.php?doing_wp_cron=1766578222.3651919364929199218750 HTTP/1.1" 200 - "-" "WordPress/6.9; https://bahiaparaisosuites.com"
136.243.228.195 - - [24/Dec/2025:07:10:21 -0500] "GET /?_g=3776345 HTTP/1.1" 200 215329 "-" "Mozilla/5.0 (compatible; DataForSeoBot/1.0; +https://dataforseo.com/dataforseo-bot)"
85.208.96.194 - - [24/Dec/2025:07:10:24 -0500] "GET /?_g=2520888 HTTP/1.1" 200 215329 "-" "Mozilla/5.0 (compatible; SemrushBot/7~bl; +http://www.semrush.com/bot.html)"
136.243.228.195 - - [24/Dec/2025:07:10:25 -0500] "GET /?_g=294620 HTTP/1.1" 200 215329 "-" "Mozilla/5.0 (compatible; DataForSeoBot/1.0; +https://dataforseo.com/dataforseo-bot)"
57.141.20.2 - - [24/Dec/2025:07:10:27 -0500] "GET /?_g=39121 HTTP/1.1" 200 215329 "-" "meta-externalagent/1.1 (+https://developers.facebook.com/docs/sharing/webmasters/crawler)"
85.208.96.200 - - [24/Dec/2025:07:10:27 -0500] "GET /?_g=2132823 HTTP/1.1" 200 215329 "-" "Mozilla/5.0 (compatible; SemrushBot/7~bl; +http://www.semrush.com/bot.html)"
198.50.127.198 - - [24/Dec/2025:07:10:29 -0500] "POST /wp-cron.php?doing_wp_cron=1766578229.6943409442901611328125 HTTP/1.1" 200 - "-" "WordPress/6.9; https://bahiaparaisosuites.com"
136.243.228.195 - - [24/Dec/2025:07:10:29 -0500] "GET /?_g=2688151 HTTP/1.1" 200 215329 "-" "Mozilla/5.0 (compatible; DataForSeoBot/1.0; +https://dataforseo.com/dataforseo-bot)"
136.243.228.195 - - [24/Dec/2025:07:10:33 -0500] "GET /?_g=71617 HTTP/1.1" 200 215329 "-" "Mozilla/5.0 (compatible; DataForSeoBot/1.0; +https://dataforseo.com/dataforseo-bot)"
136.243.228.195 - - [24/Dec/2025:07:10:37 -0500] "GET /?_g=3775505 HTTP/1.1" 200 215329 "-" "Mozilla/5.0 (compatible; DataForSeoBot/1.0; +https://dataforseo.com/dataforseo-bot)"
198.50.127.198 - - [24/Dec/2025:07:10:41 -0500] "POST /wp-cron.php?doing_wp_cron=1766578241.6646521091461181640625 HTTP/1.1" 200 - "-" "WordPress/6.9; https://bahiaparaisosuites.com"
136.243.228.195 - - [24/Dec/2025:07:10:41 -0500] "GET /?_g=3172289 HTTP/1.1" 200 215329 "-" "Mozilla/5.0 (compatible; DataForSeoBot/1.0; +https://dataforseo.com/dataforseo-bot)"
57.141.20.52 - - [24/Dec/2025:07:10:46 -0500] "GET /?_g=1207349 HTTP/1.1" 200 215329 "-" "meta-externalagent/1.1 (+https://developers.facebook.com/docs/sharing/webmasters/crawler)"
136.243.228.195 - - [24/Dec/2025:07:10:45 -0500] "GET /?_g=1865140 HTTP/1.1" 200 215329 "-" "Mozilla/5.0 (compatible; DataForSeoBot/1.0; +https://dataforseo.com/dataforseo-bot)"
85.208.96.206 - - [24/Dec/2025:07:10:46 -0500] "GET /?_g=369436 HTTP/1.1" 200 215329 "-" "Mozilla/5.0 (compatible; SemrushBot/7~bl; +http://www.semrush.com/bot.html)"
198.50.127.198 - - [24/Dec/2025:07:10:50 -0500] "POST /wp-cron.php?doing_wp_cron=1766578250.2891950607299804687500 HTTP/1.1" 200 - "-" "WordPress/6.9; https://bahiaparaisosuites.com"
136.243.228.195 - - [24/Dec/2025:07:10:49 -0500] "GET /?_g=3607527 HTTP/1.1" 200 215329 "-" "Mozilla/5.0 (compatible; DataForSeoBot/1.0; +https://dataforseo.com/dataforseo-bot)"
85.208.96.202 - - [24/Dec/2025:07:10:52 -0500] "GET /?_g=2784660 HTTP/1.1" 200 215329 "-" "Mozilla/5.0 (compatible; SemrushBot/7~bl; +http://www.semrush.com/bot.html)"
136.243.228.195 - - [24/Dec/2025:07:10:53 -0500] "GET /?_g=341482 HTTP/1.1" 200 215329 "-" "Mozilla/5.0 (compatible; DataForSeoBot/1.0; +https://dataforseo.com/dataforseo-bot)"
136.243.228.195 - - [24/Dec/2025:07:10:58 -0500] "GET /?_g=181637 HTTP/1.1" 200 215329 "-" "Mozilla/5.0 (compatible; DataForSeoBot/1.0; +https://dataforseo.com/dataforseo-bot)"
198.50.127.198 - - [24/Dec/2025:07:11:00 -0500] "POST /wp-cron.php?doing_wp_cron=1766578260.5282900333404541015625 HTTP/1.1" 200 - "-" "WordPress/6.9; https://bahiaparaisosuites.com"
85.208.96.205 - - [24/Dec/2025:07:11:00 -0500] "GET /?_g=608859 HTTP/1.1" 200 215329 "-" "Mozilla/5.0 (compatible; SemrushBot/7~bl; +http://www.semrush.com/bot.html)"
136.243.228.195 - - [24/Dec/2025:07:11:01 -0500] "GET /?_g=3114882 HTTP/1.1" 200 215329 "-" "Mozilla/5.0 (compatible; DataForSeoBot/1.0; +https://dataforseo.com/dataforseo-bot)"
136.243.228.195 - - [24/Dec/2025:07:11:05 -0500] "GET /?_g=371379 HTTP/1.1" 200 215329 "-" "Mozilla/5.0 (compatible; DataForSeoBot/1.0; +https://dataforseo.com/dataforseo-bot)"
198.50.127.198 - - [24/Dec/2025:07:11:09 -0500] "POST /wp-cron.php?doing_wp_cron=1766578269.9436409473419189453125 HTTP/1.1" 200 - "-" "WordPress/6.9; https://bahiaparaisosuites.com"
136.243.228.195 - - [24/Dec/2025:07:11:09 -0500] "GET /?_g=2655804 HTTP/1.1" 200 215329 "-" "Mozilla/5.0 (compatible; DataForSeoBot/1.0; +https://dataforseo.com/dataforseo-bot)"
136.243.228.195 - - [24/Dec/2025:07:11:13 -0500] "GET /?_g=2256841 HTTP/1.1" 200 215329 "-" "Mozilla/5.0 (compatible; DataForSeoBot/1.0; +https://dataforseo.com/dataforseo-bot)"
136.243.228.195 - - [24/Dec/2025:07:11:17 -0500] "GET /?_g=2695703 HTTP/1.1" 200 215329 "-" "Mozilla/5.0 (compatible; DataForSeoBot/1.0; +https://dataforseo.com/dataforseo-bot)"
198.50.127.198 - - [24/Dec/2025:07:11:20 -0500] "POST /wp-cron.php?doing_wp_cron=1766578280.0310840606689453125000 HTTP/1.1" 200 - "-" "WordPress/6.9; https://bahiaparaisosuites.com"
126.35.164.52 - - [24/Dec/2025:07:11:19 -0500] "GET /?_g=2453659 HTTP/1.1" 301 - "-" "Mozilla/5.0 (iPhone; CPU iPhone OS 18_2_0 like Mac OS X) AppleWebKit/605.1.15 (KHTML, like Gecko) GSA/394.1.829830871 Mobile/15E148 Safari/604.1"
126.35.164.52 - - [24/Dec/2025:07:11:20 -0500] "GET /?_g=2453659 HTTP/1.1" 200 215329 "-" "Mozilla/5.0 (iPhone; CPU iPhone OS 18_2_0 like Mac OS X) AppleWebKit/605.1.15 (KHTML, like Gecko) GSA/394.1.829830871 Mobile/15E148 Safari/604.1"
126.35.164.52 - - [24/Dec/2025:07:11:22 -0500] "GET /wp-content/cache/minify/62cc2.css HTTP/1.1" 200 50968 "https://bahiaparaisosuites.com/?_g=2453659" "Mozilla/5.0 (iPhone; CPU iPhone OS 18_2_0 like Mac OS X) AppleWebKit/605.1.15 (KHTML, like Gecko) GSA/394.1.829830871 Mobile/15E148 Safari/604.1"
126.35.164.52 - - [24/Dec/2025:07:11:22 -0500] "GET /wp-content/cache/minify/77d94.css HTTP/1.1" 200 2177 "https://bahiaparaisosuites.com/?_g=2453659" "Mozilla/5.0 (iPhone; CPU iPhone OS 18_2_0 like Mac OS X) AppleWebKit/605.1.15 (KHTML, like Gecko) GSA/394.1.829830871 Mobile/15E148 Safari/604.1"
126.35.164.52 - - [24/Dec/2025:07:11:22 -0500] "GET /wp-content/cache/minify/74931.css HTTP/1.1" 200 8516 "https://bahiaparaisosuites.com/?_g=2453659" "Mozilla/5.0 (iPhone; CPU iPhone OS 18_2_0 like Mac OS X) AppleWebKit/605.1.15 (KHTML, like Gecko) GSA/394.1.829830871 Mobile/15E148 Safari/604.1"
126.35.164.52 - - [24/Dec/2025:07:11:22 -0500] "GET /wp-content/cache/minify/d4f8f.css HTTP/1.1" 200 17993 "https://bahiaparaisosuites.com/?_g=2453659" "Mozilla/5.0 (iPhone; CPU iPhone OS 18_2_0 like Mac OS X) AppleWebKit/605.1.15 (KHTML, like Gecko) GSA/394.1.829830871 Mobile/15E148 Safari/604.1"
126.35.164.52 - - [24/Dec/2025:07:11:22 -0500] "GET /wp-content/cache/minify/94381.css HTTP/1.1" 200 38446 "https://bahiaparaisosuites.com/?_g=2453659" "Mozilla/5.0 (iPhone; CPU iPhone OS 18_2_0 like Mac OS X) AppleWebKit/605.1.15 (KHTML, like Gecko) GSA/394.1.829830871 Mobile/15E148 Safari/604.1"
126.35.164.52 - - [24/Dec/2025:07:11:22 -0500] "GET /wp-content/cache/minify/818c0.js HTTP/1.1" 200 34334 "https://bahiaparaisosuites.com/?_g=2453659" "Mozilla/5.0 (iPhone; CPU iPhone OS 18_2_0 like Mac OS X) AppleWebKit/605.1.15 (KHTML, like Gecko) GSA/394.1.829830871 Mobile/15E148 Safari/604.1"
126.35.164.52 - - [24/Dec/2025:07:11:22 -0500] "GET /wp-content/cache/minify/efe35.js HTTP/1.1" 200 4528 "https://bahiaparaisosuites.com/?_g=2453659" "Mozilla/5.0 (iPhone; CPU iPhone OS 18_2_0 like Mac OS X) AppleWebKit/605.1.15 (KHTML, like Gecko) GSA/394.1.829830871 Mobile/15E148 Safari/604.1"
126.35.164.52 - - [24/Dec/2025:07:11:22 -0500] "GET /wp-content/cache/minify/c28b2.css HTTP/1.1" 200 10212 "https://bahiaparaisosuites.com/?_g=2453659" "Mozilla/5.0 (iPhone; CPU iPhone OS 18_2_0 like Mac OS X) AppleWebKit/605.1.15 (KHTML, like Gecko) GSA/394.1.829830871 Mobile/15E148 Safari/604.1"
126.35.164.52 - - [24/Dec/2025:07:11:22 -0500] "GET /wp-content/cache/minify/501dc.js HTTP/1.1" 200 3859 "https://bahiaparaisosuites.com/?_g=2453659" "Mozilla/5.0 (iPhone; CPU iPhone OS 18_2_0 like Mac OS X) AppleWebKit/605.1.15 (KHTML, like Gecko) GSA/394.1.829830871 Mobile/15E148 Safari/604.1"
126.35.164.52 - - [24/Dec/2025:07:11:22 -0500] "GET /wp-content/cache/minify/1f540.js HTTP/1.1" 200 3477 "https://bahiaparaisosuites.com/?_g=2453659" "Mozilla/5.0 (iPhone; CPU iPhone OS 18_2_0 like Mac OS X) AppleWebKit/605.1.15 (KHTML, like Gecko) GSA/394.1.829830871 Mobile/15E148 Safari/604.1"
126.35.164.52 - - [24/Dec/2025:07:11:22 -0500] "GET /wp-content/cache/minify/c0b5c.js HTTP/1.1" 200 38371 "https://bahiaparaisosuites.com/?_g=2453659" "Mozilla/5.0 (iPhone; CPU iPhone OS 18_2_0 like Mac OS X) AppleWebKit/605.1.15 (KHTML, like Gecko) GSA/394.1.829830871 Mobile/15E148 Safari/604.1"
126.35.164.52 - - [24/Dec/2025:07:11:22 -0500] "GET /wp-content/cache/minify/48021.js HTTP/1.1" 200 51052 "https://bahiaparaisosuites.com/?_g=2453659" "Mozilla/5.0 (iPhone; CPU iPhone OS 18_2_0 like Mac OS X) AppleWebKit/605.1.15 (KHTML, like Gecko) GSA/394.1.829830871 Mobile/15E148 Safari/604.1"
136.243.228.195 - - [24/Dec/2025:07:11:21 -0500] "GET /?_g=808912 HTTP/1.1" 200 215329 "-" "Mozilla/5.0 (compatible; DataForSeoBot/1.0; +https://dataforseo.com/dataforseo-bot)"
126.35.164.52 - - [24/Dec/2025:07:11:22 -0500] "GET /wp-content/cache/minify/5a51b.js HTTP/1.1" 200 3370 "https://bahiaparaisosuites.com/?_g=2453659" "Mozilla/5.0 (iPhone; CPU iPhone OS 18_2_0 like Mac OS X) AppleWebKit/605.1.15 (KHTML, like Gecko) GSA/394.1.829830871 Mobile/15E148 Safari/604.1"
126.35.164.52 - - [24/Dec/2025:07:11:22 -0500] "GET /wp-content/cache/minify/e6deb.js HTTP/1.1" 200 11815 "https://bahiaparaisosuites.com/?_g=2453659" "Mozilla/5.0 (iPhone; CPU iPhone OS 18_2_0 like Mac OS X) AppleWebKit/605.1.15 (KHTML, like Gecko) GSA/394.1.829830871 Mobile/15E148 Safari/604.1"
126.35.164.52 - - [24/Dec/2025:07:11:22 -0500] "GET /wp-content/cache/minify/fef4b.js HTTP/1.1" 200 3248 "https://bahiaparaisosuites.com/?_g=2453659" "Mozilla/5.0 (iPhone; CPU iPhone OS 18_2_0 like Mac OS X) AppleWebKit/605.1.15 (KHTML, like Gecko) GSA/394.1.829830871 Mobile/15E148 Safari/604.1"
126.35.164.52 - - [24/Dec/2025:07:11:22 -0500] "GET /wp-content/cache/minify/ac4a8.js HTTP/1.1" 200 16459 "https://bahiaparaisosuites.com/?_g=2453659" "Mozilla/5.0 (iPhone; CPU iPhone OS 18_2_0 like Mac OS X) AppleWebKit/605.1.15 (KHTML, like Gecko) GSA/394.1.829830871 Mobile/15E148 Safari/604.1"
126.35.164.52 - - [24/Dec/2025:07:11:22 -0500] "GET /wp-content/cache/minify/1615d.js HTTP/1.1" 200 2814 "https://bahiaparaisosuites.com/?_g=2453659" "Mozilla/5.0 (iPhone; CPU iPhone OS 18_2_0 like Mac OS X) AppleWebKit/605.1.15 (KHTML, like Gecko) GSA/394.1.829830871 Mobile/15E148 Safari/604.1"
126.35.164.52 - - [24/Dec/2025:07:11:22 -0500] "GET /wp-content/plugins/elementor/assets/lib/font-awesome/webfonts/fa-brands-400.woff2 HTTP/1.1" 200 81612 "https://bahiaparaisosuites.com/?_g=2453659" "Mozilla/5.0 (iPhone; CPU iPhone OS 18_2_0 like Mac OS X) AppleWebKit/605.1.15 (KHTML, like Gecko) GSA/394.1.829830871 Mobile/15E148 Safari/604.1"
126.35.164.52 - - [24/Dec/2025:07:11:23 -0500] "GET /wp-content/uploads/elementor/google-fonts/fonts/robotocondensed-ievl2zhzi2ecn5jzbjeets9weq8-19k7dq.woff2 HTTP/1.1" 200 51404 "https://bahiaparaisosuites.com/?_g=2453659" "Mozilla/5.0 (iPhone; CPU iPhone OS 18_2_0 like Mac OS X) AppleWebKit/605.1.15 (KHTML, like Gecko) GSA/394.1.829830871 Mobile/15E148 Safari/604.1"
126.35.164.52 - - [24/Dec/2025:07:11:23 -0500] "GET /wp-content/uploads/elementor/custom-icons/social-1/font/social.woff2?9279205 HTTP/1.1" 200 3016 "https://bahiaparaisosuites.com/?_g=2453659" "Mozilla/5.0 (iPhone; CPU iPhone OS 18_2_0 like Mac OS X) AppleWebKit/605.1.15 (KHTML, like Gecko) GSA/394.1.829830871 Mobile/15E148 Safari/604.1"
126.35.164.52 - - [24/Dec/2025:07:11:23 -0500] "GET /wp-content/plugins/elementor/assets/lib/eicons/fonts/eicons.woff2?5.45.0 HTTP/1.1" 200 104212 "https://bahiaparaisosuites.com/?_g=2453659" "Mozilla/5.0 (iPhone; CPU iPhone OS 18_2_0 like Mac OS X) AppleWebKit/605.1.15 (KHTML, like Gecko) GSA/394.1.829830871 Mobile/15E148 Safari/604.1"
126.35.164.52 - - [24/Dec/2025:07:11:23 -0500] "GET /wp-content/uploads/elementor/google-fonts/fonts/roboto-kfo7cnqeu92fr1me7ksn66agldtyluama3yuba.woff2 HTTP/1.1" 200 40128 "https://bahiaparaisosuites.com/?_g=2453659" "Mozilla/5.0 (iPhone; CPU iPhone OS 18_2_0 like Mac OS X) AppleWebKit/605.1.15 (KHTML, like Gecko) GSA/394.1.829830871 Mobile/15E148 Safari/604.1"
126.35.164.52 - - [24/Dec/2025:07:11:23 -0500] "GET /wp-content/uploads/elementor/google-fonts/fonts/montserrat-jtusjig1_i6t8kchkm459wlhyw.woff2 HTTP/1.1" 200 37828 "https://bahiaparaisosuites.com/?_g=2453659" "Mozilla/5.0 (iPhone; CPU iPhone OS 18_2_0 like Mac OS X) AppleWebKit/605.1.15 (KHTML, like Gecko) GSA/394.1.829830871 Mobile/15E148 Safari/604.1"
126.35.164.52 - - [24/Dec/2025:07:11:23 -0500] "GET /wp-content/plugins/elementor/assets/js/section-frontend-handlers.d85ab872da118940910d.bundle.min.js HTTP/1.1" 200 449 "https://bahiaparaisosuites.com/?_g=2453659" "Mozilla/5.0 (iPhone; CPU iPhone OS 18_2_0 like Mac OS X) AppleWebKit/605.1.15 (KHTML, like Gecko) GSA/394.1.829830871 Mobile/15E148 Safari/604.1"
126.35.164.52 - - [24/Dec/2025:07:11:23 -0500] "GET /wp-content/plugins/elementor/assets/js/shared-frontend-handlers.03caa53373b56d3bab67.bundle.min.js HTTP/1.1" 200 8481 "https://bahiaparaisosuites.com/?_g=2453659" "Mozilla/5.0 (iPhone; CPU iPhone OS 18_2_0 like Mac OS X) AppleWebKit/605.1.15 (KHTML, like Gecko) GSA/394.1.829830871 Mobile/15E148 Safari/604.1"
126.35.164.52 - - [24/Dec/2025:07:11:23 -0500] "GET /wp-content/plugins/elementor/assets/js/text-editor.45609661e409413f1cef.bundle.min.js HTTP/1.1" 200 1348 "https://bahiaparaisosuites.com/?_g=2453659" "Mozilla/5.0 (iPhone; CPU iPhone OS 18_2_0 like Mac OS X) AppleWebKit/605.1.15 (KHTML, like Gecko) GSA/394.1.829830871 Mobile/15E148 Safari/604.1"
126.35.164.52 - - [24/Dec/2025:07:11:23 -0500] "GET /wp-content/plugins/elementor/assets/lib/font-awesome/webfonts/fa-solid-900.woff2 HTTP/1.1" 200 78196 "https://bahiaparaisosuites.com/?_g=2453659" "Mozilla/5.0 (iPhone; CPU iPhone OS 18_2_0 like Mac OS X) AppleWebKit/605.1.15 (KHTML, like Gecko) GSA/394.1.829830871 Mobile/15E148 Safari/604.1"
126.35.164.52 - - [24/Dec/2025:07:11:23 -0500] "GET /wp-content/plugins/pro-elements/assets/js/nav-menu.a23fbd67486c5bedf26c.bundle.min.js HTTP/1.1" 200 5281 "https://bahiaparaisosuites.com/?_g=2453659" "Mozilla/5.0 (iPhone; CPU iPhone OS 18_2_0 like Mac OS X) AppleWebKit/605.1.15 (KHTML, like Gecko) GSA/394.1.829830871 Mobile/15E148 Safari/604.1"
126.35.164.52 - - [24/Dec/2025:07:11:23 -0500] "GET /wp-content/uploads/2024/11/Hotel-Bahia-Paraiso-Paisaje-01-Exterior-web-min.jpg HTTP/1.1" 200 323221 "https://bahiaparaisosuites.com/?_g=2453659" "Mozilla/5.0 (iPhone; CPU iPhone OS 18_2_0 like Mac OS X) AppleWebKit/605.1.15 (KHTML, like Gecko) GSA/394.1.829830871 Mobile/15E148 Safari/604.1"
126.35.164.52 - - [24/Dec/2025:07:11:23 -0500] "GET /wp-content/uploads/2021/08/logo-21.png HTTP/1.1" 200 13944 "https://bahiaparaisosuites.com/?_g=2453659" "Mozilla/5.0 (iPhone; CPU iPhone OS 18_2_0 like Mac OS X) AppleWebKit/605.1.15 (KHTML, like Gecko) GSA/394.1.829830871 Mobile/15E148 Safari/604.1"
126.35.164.52 - - [24/Dec/2025:07:11:23 -0500] "GET /wp-content/plugins/elementor/assets/lib/font-awesome/webfonts/fa-regular-400.woff2 HTTP/1.1" 200 13276 "https://bahiaparaisosuites.com/?_g=2453659" "Mozilla/5.0 (iPhone; CPU iPhone OS 18_2_0 like Mac OS X) AppleWebKit/605.1.15 (KHTML, like Gecko) GSA/394.1.829830871 Mobile/15E148 Safari/604.1"
126.35.164.52 - - [24/Dec/2025:07:11:23 -0500] "GET /wp-content/uploads/2021/08/logo-v.png HTTP/1.1" 200 58496 "https://bahiaparaisosuites.com/?_g=2453659" "Mozilla/5.0 (iPhone; CPU iPhone OS 18_2_0 like Mac OS X) AppleWebKit/605.1.15 (KHTML, like Gecko) GSA/394.1.829830871 Mobile/15E148 Safari/604.1"
126.35.164.52 - - [24/Dec/2025:07:11:23 -0500] "GET /wp-content/uploads/2025/10/fondo-pop-up.jpg HTTP/1.1" 200 6278 "https://bahiaparaisosuites.com/?_g=2453659" "Mozilla/5.0 (iPhone; CPU iPhone OS 18_2_0 like Mac OS X) AppleWebKit/605.1.15 (KHTML, like Gecko) GSA/394.1.829830871 Mobile/15E148 Safari/604.1"
126.35.164.52 - - [24/Dec/2025:07:11:23 -0500] "GET /wp-content/uploads/2024/11/Hotel-Bahia-Paraiso-Paisaje-Exterior-web-min.jpg HTTP/1.1" 200 990484 "https://bahiaparaisosuites.com/?_g=2453659" "Mozilla/5.0 (iPhone; CPU iPhone OS 18_2_0 like Mac OS X) AppleWebKit/605.1.15 (KHTML, like Gecko) GSA/394.1.829830871 Mobile/15E148 Safari/604.1"
136.243.228.195 - - [24/Dec/2025:07:11:25 -0500] "GET /?_g=6511 HTTP/1.1" 200 215329 "-" "Mozilla/5.0 (compatible; DataForSeoBot/1.0; +https://dataforseo.com/dataforseo-bot)"
198.50.127.198 - - [24/Dec/2025:07:11:30 -0500] "POST /wp-cron.php?doing_wp_cron=1766578290.2992689609527587890625 HTTP/1.1" 200 - "-" "WordPress/6.9; https://bahiaparaisosuites.com"
136.243.228.195 - - [24/Dec/2025:07:11:29 -0500] "GET /?_g=697735 HTTP/1.1" 200 215329 "-" "Mozilla/5.0 (compatible; DataForSeoBot/1.0; +https://dataforseo.com/dataforseo-bot)"
85.208.96.212 - - [24/Dec/2025:07:11:33 -0500] "GET /?_g=3461012 HTTP/1.1" 200 215329 "-" "Mozilla/5.0 (compatible; SemrushBot/7~bl; +http://www.semrush.com/bot.html)"
136.243.228.195 - - [24/Dec/2025:07:11:34 -0500] "GET /?_g=746700 HTTP/1.1" 200 215329 "-" "Mozilla/5.0 (compatible; DataForSeoBot/1.0; +https://dataforseo.com/dataforseo-bot)"
136.243.228.195 - - [24/Dec/2025:07:11:37 -0500] "GET /?_g=2843625 HTTP/1.1" 200 215329 "-" "Mozilla/5.0 (compatible; DataForSeoBot/1.0; +https://dataforseo.com/dataforseo-bot)"
198.50.127.198 - - [24/Dec/2025:07:11:41 -0500] "POST /wp-cron.php?doing_wp_cron=1766578301.6412041187286376953125 HTTP/1.1" 200 - "-" "WordPress/6.9; https://bahiaparaisosuites.com"
85.208.96.205 - - [24/Dec/2025:07:11:41 -0500] "GET /?_g=1845097 HTTP/1.1" 200 215329 "-" "Mozilla/5.0 (compatible; SemrushBot/7~bl; +http://www.semrush.com/bot.html)"
198.50.127.198 - - [24/Dec/2025:07:11:41 -0500] "POST /wp-cron.php?doing_wp_cron=1766578301.8818409442901611328125 HTTP/1.1" 200 - "-" "WordPress/6.9; https://bahiaparaisosuites.com"
136.243.228.195 - - [24/Dec/2025:07:11:41 -0500] "GET /?_g=3115463 HTTP/1.1" 200 215329 "-" "Mozilla/5.0 (compatible; DataForSeoBot/1.0; +https://dataforseo.com/dataforseo-bot)"
136.243.228.195 - - [24/Dec/2025:07:11:45 -0500] "GET /?_g=2915867 HTTP/1.1" 200 215329 "-" "Mozilla/5.0 (compatible; DataForSeoBot/1.0; +https://dataforseo.com/dataforseo-bot)"
136.243.228.195 - - [24/Dec/2025:07:11:49 -0500] "GET /?_g=3939740 HTTP/1.1" 200 215329 "-" "Mozilla/5.0 (compatible; DataForSeoBot/1.0; +https://dataforseo.com/dataforseo-bot)"
136.243.228.195 - - [24/Dec/2025:07:11:53 -0500] "GET /?_g=1119780 HTTP/1.1" 200 215329 "-" "Mozilla/5.0 (compatible; DataForSeoBot/1.0; +https://dataforseo.com/dataforseo-bot)"
40.77.167.19 - - [24/Dec/2025:07:11:54 -0500] "GET /index.php//?_g=1425878 HTTP/1.1" 200 189278 "-" "Mozilla/5.0 AppleWebKit/537.36 (KHTML, like Gecko; compatible; bingbot/2.0; +http://www.bing.com/bingbot.htm) Chrome/116.0.1938.76 Safari/537.36"
136.243.228.195 - - [24/Dec/2025:07:11:57 -0500] "GET /?_g=3573934 HTTP/1.1" 200 215329 "-" "Mozilla/5.0 (compatible; DataForSeoBot/1.0; +https://dataforseo.com/dataforseo-bot)"
185.191.171.15 - - [24/Dec/2025:07:12:01 -0500] "GET /?_g=1124464 HTTP/1.1" 200 215329 "-" "Mozilla/5.0 (compatible; SemrushBot/7~bl; +http://www.semrush.com/bot.html)"
136.243.228.195 - - [24/Dec/2025:07:12:01 -0500] "GET /?_g=2655954 HTTP/1.1" 200 215329 "-" "Mozilla/5.0 (compatible; DataForSeoBot/1.0; +https://dataforseo.com/dataforseo-bot)"
136.243.228.195 - - [24/Dec/2025:07:12:05 -0500] "GET /?_g=3634717 HTTP/1.1" 200 215329 "-" "Mozilla/5.0 (compatible; DataForSeoBot/1.0; +https://dataforseo.com/dataforseo-bot)"
136.243.228.195 - - [24/Dec/2025:07:12:09 -0500] "GET /?_g=739872 HTTP/1.1" 200 215329 "-" "Mozilla/5.0 (compatible; DataForSeoBot/1.0; +https://dataforseo.com/dataforseo-bot)"
85.208.96.200 - - [24/Dec/2025:07:12:13 -0500] "GET /?_g=85557 HTTP/1.1" 200 215329 "-" "Mozilla/5.0 (compatible; SemrushBot/7~bl; +http://www.semrush.com/bot.html)"
136.243.228.195 - - [24/Dec/2025:07:12:13 -0500] "GET /?_g=2448540 HTTP/1.1" 200 215329 "-" "Mozilla/5.0 (compatible; DataForSeoBot/1.0; +https://dataforseo.com/dataforseo-bot)"
66.249.64.224 - - [24/Dec/2025:07:12:14 -0500] "GET /?_g=1378379 HTTP/1.1" 200 176799 "-" "Mozilla/5.0 (Linux; Android 6.0.1; Nexus 5X Build/MMB29P) AppleWebKit/537.36 (KHTML, like Gecko) Chrome/141.0.7390.122 Mobile Safari/537.36 (compatible; Googlebot/2.1; +http://www.google.com/bot.html)"
207.46.13.51 - - [24/Dec/2025:07:12:17 -0500] "GET /index.php//?_g=1433714 HTTP/1.1" 200 183624 "-" "Mozilla/5.0 AppleWebKit/537.36 (KHTML, like Gecko; compatible; bingbot/2.0; +http://www.bing.com/bingbot.htm) Chrome/116.0.1938.76 Safari/537.36"
136.243.228.195 - - [24/Dec/2025:07:12:17 -0500] "GET /?_g=230620 HTTP/1.1" 200 215329 "-" "Mozilla/5.0 (compatible; DataForSeoBot/1.0; +https://dataforseo.com/dataforseo-bot)"
85.208.96.212 - - [24/Dec/2025:07:12:21 -0500] "GET /?_g=2583306 HTTP/1.1" 200 215329 "-" "Mozilla/5.0 (compatible; SemrushBot/7~bl; +http://www.semrush.com/bot.html)"
57.141.20.43 - - [24/Dec/2025:07:12:21 -0500] "GET /?_g=1060335 HTTP/1.1" 200 215329 "-" "meta-externalagent/1.1 (+https://developers.facebook.com/docs/sharing/webmasters/crawler)"
136.243.228.195 - - [24/Dec/2025:07:12:22 -0500] "GET /?_g=3171517 HTTP/1.1" 200 215329 "-" "Mozilla/5.0 (compatible; DataForSeoBot/1.0; +https://dataforseo.com/dataforseo-bot)"
85.208.96.194 - - [24/Dec/2025:07:12:23 -0500] "GET /?_g=1907828 HTTP/1.1" 200 215329 "-" "Mozilla/5.0 (compatible; SemrushBot/7~bl; +http://www.semrush.com/bot.html)"
136.243.228.195 - - [24/Dec/2025:07:12:25 -0500] "GET /?_g=2637080 HTTP/1.1" 200 215329 "-" "Mozilla/5.0 (compatible; DataForSeoBot/1.0; +https://dataforseo.com/dataforseo-bot)"
136.243.228.195 - - [24/Dec/2025:07:12:29 -0500] "GET /?_g=1419674 HTTP/1.1" 200 215329 "-" "Mozilla/5.0 (compatible; DataForSeoBot/1.0; +https://dataforseo.com/dataforseo-bot)"
66.249.64.234 - - [24/Dec/2025:07:12:32 -0500] "GET /?_g=1253225 HTTP/1.1" 200 179173 "-" "Mozilla/5.0 (Linux; Android 6.0.1; Nexus 5X Build/MMB29P) AppleWebKit/537.36 (KHTML, like Gecko) Chrome/141.0.7390.122 Mobile Safari/537.36 (compatible; Googlebot/2.1; +http://www.google.com/bot.html)"
136.243.228.195 - - [24/Dec/2025:07:12:33 -0500] "GET /?_g=999092 HTTP/1.1" 200 215329 "-" "Mozilla/5.0 (compatible; DataForSeoBot/1.0; +https://dataforseo.com/dataforseo-bot)"
66.249.64.233 - - [24/Dec/2025:07:12:35 -0500] "GET /?_g=3405988 HTTP/1.1" 200 179548 "-" "Mozilla/5.0 (Linux; Android 6.0.1; Nexus 5X Build/MMB29P) AppleWebKit/537.36 (KHTML, like Gecko) Chrome/141.0.7390.122 Mobile Safari/537.36 (compatible; Googlebot/2.1; +http://www.google.com/bot.html)"
136.243.228.195 - - [24/Dec/2025:07:12:37 -0500] "GET /?_g=2354777 HTTP/1.1" 200 215329 "-" "Mozilla/5.0 (compatible; DataForSeoBot/1.0; +https://dataforseo.com/dataforseo-bot)"
185.191.171.8 - - [24/Dec/2025:07:12:39 -0500] "GET /?_g=695182 HTTP/1.1" 200 215329 "-" "Mozilla/5.0 (compatible; SemrushBot/7~bl; +http://www.semrush.com/bot.html)"
198.50.127.198 - - [24/Dec/2025:07:12:42 -0500] "POST /wp-cron.php?doing_wp_cron=1766578362.0958321094512939453125 HTTP/1.1" 200 - "-" "WordPress/6.9; https://bahiaparaisosuites.com"
57.141.20.43 - - [24/Dec/2025:07:12:42 -0500] "GET /?_g=3017302 HTTP/1.1" 200 215329 "-" "meta-externalagent/1.1 (+https://developers.facebook.com/docs/sharing/webmasters/crawler)"
136.243.228.195 - - [24/Dec/2025:07:12:41 -0500] "GET /?_g=3609903 HTTP/1.1" 200 215329 "-" "Mozilla/5.0 (compatible; DataForSeoBot/1.0; +https://dataforseo.com/dataforseo-bot)"
57.141.20.23 - - [24/Dec/2025:07:12:43 -0500] "GET /?_g=3142676 HTTP/1.1" 200 215329 "-" "meta-externalagent/1.1 (+https://developers.facebook.com/docs/sharing/webmasters/crawler)"
57.141.20.43 - - [24/Dec/2025:07:12:43 -0500] "GET /?_g=1737226 HTTP/1.1" 200 215329 "-" "meta-externalagent/1.1 (+https://developers.facebook.com/docs/sharing/webmasters/crawler)"
40.77.167.19 - - [24/Dec/2025:07:12:43 -0500] "GET /state.php/?_g=2470988 HTTP/1.1" 200 179216 "-" "Mozilla/5.0 AppleWebKit/537.36 (KHTML, like Gecko; compatible; bingbot/2.0; +http://www.bing.com/bingbot.htm) Chrome/116.0.1938.76 Safari/537.36"
136.243.228.195 - - [24/Dec/2025:07:12:45 -0500] "GET /?_g=938477 HTTP/1.1" 200 215329 "-" "Mozilla/5.0 (compatible; DataForSeoBot/1.0; +https://dataforseo.com/dataforseo-bot)"
66.249.64.233 - - [24/Dec/2025:07:12:48 -0500] "GET /?_g=1065259 HTTP/1.1" 200 178421 "-" "Mozilla/5.0 (Linux; Android 6.0.1; Nexus 5X Build/MMB29P) AppleWebKit/537.36 (KHTML, like Gecko) Chrome/141.0.7390.122 Mobile Safari/537.36 (compatible; Googlebot/2.1; +http://www.google.com/bot.html)"
198.50.127.198 - - [24/Dec/2025:07:12:50 -0500] "POST /wp-cron.php?doing_wp_cron=1766578370.4089910984039306640625 HTTP/1.1" 200 - "-" "WordPress/6.9; https://bahiaparaisosuites.com"
136.243.228.195 - - [24/Dec/2025:07:12:49 -0500] "GET /?_g=345950 HTTP/1.1" 200 215329 "-" "Mozilla/5.0 (compatible; DataForSeoBot/1.0; +https://dataforseo.com/dataforseo-bot)"
136.243.228.195 - - [24/Dec/2025:07:12:53 -0500] "GET /?_g=1103306 HTTP/1.1" 200 215329 "-" "Mozilla/5.0 (compatible; DataForSeoBot/1.0; +https://dataforseo.com/dataforseo-bot)"
136.243.228.195 - - [24/Dec/2025:07:12:57 -0500] "GET /?_g=3716761 HTTP/1.1" 200 215329 "-" "Mozilla/5.0 (compatible; DataForSeoBot/1.0; +https://dataforseo.com/dataforseo-bot)"
198.50.127.198 - - [24/Dec/2025:07:13:01 -0500] "POST /wp-cron.php?doing_wp_cron=1766578381.8973019123077392578125 HTTP/1.1" 200 - "-" "WordPress/6.9; https://bahiaparaisosuites.com"
136.243.228.195 - - [24/Dec/2025:07:13:01 -0500] "GET /?_g=2962820 HTTP/1.1" 200 215329 "-" "Mozilla/5.0 (compatible; DataForSeoBot/1.0; +https://dataforseo.com/dataforseo-bot)"
66.249.64.233 - - [24/Dec/2025:07:13:03 -0500] "GET /?_g=1957291 HTTP/1.1" 200 177932 "-" "Mozilla/5.0 (Linux; Android 6.0.1; Nexus 5X Build/MMB29P) AppleWebKit/537.36 (KHTML, like Gecko) Chrome/141.0.7390.122 Mobile Safari/537.36 (compatible; Googlebot/2.1; +http://www.google.com/bot.html)"
136.243.228.195 - - [24/Dec/2025:07:13:05 -0500] "GET /?_g=2365975 HTTP/1.1" 200 215329 "-" "Mozilla/5.0 (compatible; DataForSeoBot/1.0; +https://dataforseo.com/dataforseo-bot)"
198.50.127.198 - - [24/Dec/2025:07:13:09 -0500] "POST /wp-cron.php?doing_wp_cron=1766578389.7972290515899658203125 HTTP/1.1" 200 - "-" "WordPress/6.9; https://bahiaparaisosuites.com"
136.243.228.195 - - [24/Dec/2025:07:13:09 -0500] "GET /?_g=2064137 HTTP/1.1" 200 215329 "-" "Mozilla/5.0 (compatible; DataForSeoBot/1.0; +https://dataforseo.com/dataforseo-bot)"
136.243.228.195 - - [24/Dec/2025:07:13:13 -0500] "GET /?_g=2241956 HTTP/1.1" 200 215329 "-" "Mozilla/5.0 (compatible; DataForSeoBot/1.0; +https://dataforseo.com/dataforseo-bot)"
198.50.127.198 - - [24/Dec/2025:07:13:18 -0500] "POST /wp-cron.php?doing_wp_cron=1766578398.1031739711761474609375 HTTP/1.1" 200 - "-" "WordPress/6.9; https://bahiaparaisosuites.com"
57.141.20.0 - - [24/Dec/2025:07:13:17 -0500] "GET /?_g=3631687 HTTP/1.1" 200 215329 "-" "meta-externalagent/1.1 (+https://developers.facebook.com/docs/sharing/webmasters/crawler)"
198.50.127.198 - - [24/Dec/2025:07:13:18 -0500] "POST /wp-cron.php?doing_wp_cron=1766578398.3706769943237304687500 HTTP/1.1" 200 - "-" "WordPress/6.9; https://bahiaparaisosuites.com"
136.243.228.195 - - [24/Dec/2025:07:13:17 -0500] "GET /?_g=3082233 HTTP/1.1" 200 215329 "-" "Mozilla/5.0 (compatible; DataForSeoBot/1.0; +https://dataforseo.com/dataforseo-bot)"
185.191.171.14 - - [24/Dec/2025:07:13:18 -0500] "GET /?_g=3838469 HTTP/1.1" 200 215329 "-" "Mozilla/5.0 (compatible; SemrushBot/7~bl; +http://www.semrush.com/bot.html)"
66.249.64.234 - - [24/Dec/2025:07:13:19 -0500] "GET /?_g=372841 HTTP/1.1" 200 179705 "-" "Mozilla/5.0 (Linux; Android 6.0.1; Nexus 5X Build/MMB29P) AppleWebKit/537.36 (KHTML, like Gecko) Chrome/141.0.7390.122 Mobile Safari/537.36 (compatible; Googlebot/2.1; +http://www.google.com/bot.html)"
136.243.228.195 - - [24/Dec/2025:07:13:21 -0500] "GET /?_g=1067312 HTTP/1.1" 200 215329 "-" "Mozilla/5.0 (compatible; DataForSeoBot/1.0; +https://dataforseo.com/dataforseo-bot)"
136.243.228.195 - - [24/Dec/2025:07:13:25 -0500] "GET /?_g=1817515 HTTP/1.1" 200 215329 "-" "Mozilla/5.0 (compatible; DataForSeoBot/1.0; +https://dataforseo.com/dataforseo-bot)"
57.141.20.14 - - [24/Dec/2025:07:13:29 -0500] "GET /?_g=2760897 HTTP/1.1" 200 215329 "-" "meta-externalagent/1.1 (+https://developers.facebook.com/docs/sharing/webmasters/crawler)"
136.243.228.195 - - [24/Dec/2025:07:13:29 -0500] "GET /?_g=3380441 HTTP/1.1" 200 215329 "-" "Mozilla/5.0 (compatible; DataForSeoBot/1.0; +https://dataforseo.com/dataforseo-bot)"
66.249.64.233 - - [24/Dec/2025:07:13:34 -0500] "GET /?_g=1876491 HTTP/1.1" 200 185123 "-" "Mozilla/5.0 (Linux; Android 6.0.1; Nexus 5X Build/MMB29P) AppleWebKit/537.36 (KHTML, like Gecko) Chrome/141.0.7390.122 Mobile Safari/537.36 (compatible; Googlebot/2.1; +http://www.google.com/bot.html)"
136.243.228.195 - - [24/Dec/2025:07:13:34 -0500] "GET /?_g=3069885 HTTP/1.1" 200 215329 "-" "Mozilla/5.0 (compatible; DataForSeoBot/1.0; +https://dataforseo.com/dataforseo-bot)"
85.208.96.195 - - [24/Dec/2025:07:13:35 -0500] "GET /?_g=1596978 HTTP/1.1" 200 215329 "-" "Mozilla/5.0 (compatible; SemrushBot/7~bl; +http://www.semrush.com/bot.html)"
136.243.228.195 - - [24/Dec/2025:07:13:38 -0500] "GET /?_g=436168 HTTP/1.1" 200 215329 "-" "Mozilla/5.0 (compatible; DataForSeoBot/1.0; +https://dataforseo.com/dataforseo-bot)"
136.243.228.195 - - [24/Dec/2025:07:13:41 -0500] "GET /?_g=2965998 HTTP/1.1" 200 215329 "-" "Mozilla/5.0 (compatible; DataForSeoBot/1.0; +https://dataforseo.com/dataforseo-bot)"
136.243.228.195 - - [24/Dec/2025:07:13:45 -0500] "GET /?_g=1003268 HTTP/1.1" 200 215329 "-" "Mozilla/5.0 (compatible; DataForSeoBot/1.0; +https://dataforseo.com/dataforseo-bot)"
66.249.64.233 - - [24/Dec/2025:07:13:49 -0500] "GET /?_g=2714532 HTTP/1.1" 200 175561 "-" "Mozilla/5.0 (Linux; Android 6.0.1; Nexus 5X Build/MMB29P) AppleWebKit/537.36 (KHTML, like Gecko) Chrome/141.0.7390.122 Mobile Safari/537.36 (compatible; Googlebot/2.1; +http://www.google.com/bot.html)"
85.208.96.207 - - [24/Dec/2025:07:13:49 -0500] "GET /?_g=1088432 HTTP/1.1" 200 215329 "-" "Mozilla/5.0 (compatible; SemrushBot/7~bl; +http://www.semrush.com/bot.html)"
136.243.228.195 - - [24/Dec/2025:07:13:49 -0500] "GET /?_g=3388920 HTTP/1.1" 200 215329 "-" "Mozilla/5.0 (compatible; DataForSeoBot/1.0; +https://dataforseo.com/dataforseo-bot)"
136.243.228.195 - - [24/Dec/2025:07:13:53 -0500] "GET /?_g=289538 HTTP/1.1" 200 215329 "-" "Mozilla/5.0 (compatible; DataForSeoBot/1.0; +https://dataforseo.com/dataforseo-bot)"
40.77.167.19 - - [24/Dec/2025:07:13:54 -0500] "GET /index.php//?_g=1073479 HTTP/1.1" 200 189637 "-" "Mozilla/5.0 AppleWebKit/537.36 (KHTML, like Gecko; compatible; bingbot/2.0; +http://www.bing.com/bingbot.htm) Chrome/116.0.1938.76 Safari/537.36"
136.243.228.195 - - [24/Dec/2025:07:13:57 -0500] "GET /?_g=1573923 HTTP/1.1" 200 215329 "-" "Mozilla/5.0 (compatible; DataForSeoBot/1.0; +https://dataforseo.com/dataforseo-bot)"
136.243.228.195 - - [24/Dec/2025:07:14:01 -0500] "GET /?_g=1403149 HTTP/1.1" 200 215329 "-" "Mozilla/5.0 (compatible; DataForSeoBot/1.0; +https://dataforseo.com/dataforseo-bot)"
85.208.96.205 - - [24/Dec/2025:07:14:03 -0500] "GET /?_g=754162 HTTP/1.1" 200 215329 "-" "Mozilla/5.0 (compatible; SemrushBot/7~bl; +http://www.semrush.com/bot.html)"
57.141.20.3 - - [24/Dec/2025:07:14:04 -0500] "GET /?_g=38443 HTTP/1.1" 200 215329 "-" "meta-externalagent/1.1 (+https://developers.facebook.com/docs/sharing/webmasters/crawler)"
57.141.20.5 - - [24/Dec/2025:07:14:06 -0500] "GET /?_g=3442441 HTTP/1.1" 200 215329 "-" "meta-externalagent/1.1 (+https://developers.facebook.com/docs/sharing/webmasters/crawler)"
136.243.228.195 - - [24/Dec/2025:07:14:06 -0500] "GET /?_g=2113984 HTTP/1.1" 200 215329 "-" "Mozilla/5.0 (compatible; DataForSeoBot/1.0; +https://dataforseo.com/dataforseo-bot)"
136.243.228.195 - - [24/Dec/2025:07:14:10 -0500] "GET /?_g=3066497 HTTP/1.1" 200 215329 "-" "Mozilla/5.0 (compatible; DataForSeoBot/1.0; +https://dataforseo.com/dataforseo-bot)"
136.243.228.195 - - [24/Dec/2025:07:14:13 -0500] "GET /?_g=3611035 HTTP/1.1" 200 215329 "-" "Mozilla/5.0 (compatible; DataForSeoBot/1.0; +https://dataforseo.com/dataforseo-bot)"
66.249.64.234 - - [24/Dec/2025:07:14:15 -0500] "GET /?_g=1233011 HTTP/1.1" 200 191556 "-" "Mozilla/5.0 (Linux; Android 6.0.1; Nexus 5X Build/MMB29P) AppleWebKit/537.36 (KHTML, like Gecko) Chrome/141.0.7390.122 Mobile Safari/537.36 (compatible; Googlebot/2.1; +http://www.google.com/bot.html)"
136.243.228.195 - - [24/Dec/2025:07:14:17 -0500] "GET /?_g=1196246 HTTP/1.1" 200 215329 "-" "Mozilla/5.0 (compatible; DataForSeoBot/1.0; +https://dataforseo.com/dataforseo-bot)"
198.50.127.198 - - [24/Dec/2025:07:14:19 -0500] "POST /wp-cron.php?doing_wp_cron=1766578458.9834849834442138671875 HTTP/1.1" 200 - "-" "WordPress/6.9; https://bahiaparaisosuites.com"
57.141.20.48 - - [24/Dec/2025:07:14:18 -0500] "GET /?_g=2959714 HTTP/1.1" 200 215329 "-" "meta-externalagent/1.1 (+https://developers.facebook.com/docs/sharing/webmasters/crawler)"
198.50.127.198 - - [24/Dec/2025:07:14:19 -0500] "POST /wp-cron.php?doing_wp_cron=1766578459.2239489555358886718750 HTTP/1.1" 200 - "-" "WordPress/6.9; https://bahiaparaisosuites.com"
57.141.20.18 - - [24/Dec/2025:07:14:18 -0500] "GET /?_g=2665916 HTTP/1.1" 200 215329 "-" "meta-externalagent/1.1 (+https://developers.facebook.com/docs/sharing/webmasters/crawler)"
136.243.228.195 - - [24/Dec/2025:07:14:22 -0500] "GET /?_g=2194138 HTTP/1.1" 200 215329 "-" "Mozilla/5.0 (compatible; DataForSeoBot/1.0; +https://dataforseo.com/dataforseo-bot)"
136.243.228.195 - - [24/Dec/2025:07:14:25 -0500] "GET /?_g=2607484 HTTP/1.1" 200 215329 "-" "Mozilla/5.0 (compatible; DataForSeoBot/1.0; +https://dataforseo.com/dataforseo-bot)"
198.50.127.198 - - [24/Dec/2025:07:14:30 -0500] "POST /wp-cron.php?doing_wp_cron=1766578470.5136001110076904296875 HTTP/1.1" 200 - "-" "WordPress/6.9; https://bahiaparaisosuites.com"
185.191.171.7 - - [24/Dec/2025:07:14:30 -0500] "GET /?_g=1223303 HTTP/1.1" 200 215329 "-" "Mozilla/5.0 (compatible; SemrushBot/7~bl; +http://www.semrush.com/bot.html)"
136.243.228.195 - - [24/Dec/2025:07:14:30 -0500] "GET /?_g=3694844 HTTP/1.1" 200 215329 "-" "Mozilla/5.0 (compatible; DataForSeoBot/1.0; +https://dataforseo.com/dataforseo-bot)"
85.208.96.212 - - [24/Dec/2025:07:14:33 -0500] "GET /?_g=1965241 HTTP/1.1" 200 215329 "-" "Mozilla/5.0 (compatible; SemrushBot/7~bl; +http://www.semrush.com/bot.html)"
136.243.228.195 - - [24/Dec/2025:07:14:34 -0500] "GET /?_g=3782935 HTTP/1.1" 200 215329 "-" "Mozilla/5.0 (compatible; DataForSeoBot/1.0; +https://dataforseo.com/dataforseo-bot)"
185.191.171.1 - - [24/Dec/2025:07:14:36 -0500] "GET /?_g=2768384 HTTP/1.1" 200 215329 "-" "Mozilla/5.0 (compatible; SemrushBot/7~bl; +http://www.semrush.com/bot.html)"
136.243.228.195 - - [24/Dec/2025:07:14:37 -0500] "GET /?_g=2810602 HTTP/1.1" 200 215329 "-" "Mozilla/5.0 (compatible; DataForSeoBot/1.0; +https://dataforseo.com/dataforseo-bot)"
198.50.127.198 - - [24/Dec/2025:07:14:40 -0500] "POST /wp-cron.php?doing_wp_cron=1766578480.2583019733428955078125 HTTP/1.1" 200 - "-" "WordPress/6.9; https://bahiaparaisosuites.com"
57.141.20.28 - - [24/Dec/2025:07:14:39 -0500] "GET /?_g=902325 HTTP/1.1" 200 215329 "-" "meta-externalagent/1.1 (+https://developers.facebook.com/docs/sharing/webmasters/crawler)"
136.243.228.195 - - [24/Dec/2025:07:14:42 -0500] "GET /?_g=2278244 HTTP/1.1" 200 215329 "-" "Mozilla/5.0 (compatible; DataForSeoBot/1.0; +https://dataforseo.com/dataforseo-bot)"
185.191.171.1 - - [24/Dec/2025:07:14:45 -0500] "GET /?_g=1512185 HTTP/1.1" 200 215329 "-" "Mozilla/5.0 (compatible; SemrushBot/7~bl; +http://www.semrush.com/bot.html)"
210.157.194.112 - - [24/Dec/2025:07:14:46 -0500] "GET /?_g=1461231 HTTP/1.1" 200 542 "https://search.yahoo.co.jp/" "Mozilla/5.0 (iPhone; CPU iPhone OS 18_5 like Mac OS X) AppleWebKit/605.1.15 (KHTML, like Gecko) Version/18.5 Mobile/15E148 Safari/604.1"
136.243.228.195 - - [24/Dec/2025:07:14:45 -0500] "GET /?_g=385260 HTTP/1.1" 200 215329 "-" "Mozilla/5.0 (compatible; DataForSeoBot/1.0; +https://dataforseo.com/dataforseo-bot)"
198.50.127.198 - - [24/Dec/2025:07:14:50 -0500] "POST /wp-cron.php?doing_wp_cron=1766578490.2428889274597167968750 HTTP/1.1" 200 - "-" "WordPress/6.9; https://bahiaparaisosuites.com"
185.191.171.1 - - [24/Dec/2025:07:14:49 -0500] "GET /?_g=525345 HTTP/1.1" 200 215329 "-" "Mozilla/5.0 (compatible; SemrushBot/7~bl; +http://www.semrush.com/bot.html)"
136.243.228.195 - - [24/Dec/2025:07:14:49 -0500] "GET /?_g=449821 HTTP/1.1" 200 215329 "-" "Mozilla/5.0 (compatible; DataForSeoBot/1.0; +https://dataforseo.com/dataforseo-bot)"
85.208.96.202 - - [24/Dec/2025:07:14:51 -0500] "GET /?_g=2841015 HTTP/1.1" 200 215329 "-" "Mozilla/5.0 (compatible; SemrushBot/7~bl; +http://www.semrush.com/bot.html)"
136.243.228.195 - - [24/Dec/2025:07:14:53 -0500] "GET /?_g=2246806 HTTP/1.1" 200 215329 "-" "Mozilla/5.0 (compatible; DataForSeoBot/1.0; +https://dataforseo.com/dataforseo-bot)"
136.243.228.195 - - [24/Dec/2025:07:14:57 -0500] "GET /?_g=1723875 HTTP/1.1" 200 215329 "-" "Mozilla/5.0 (compatible; DataForSeoBot/1.0; +https://dataforseo.com/dataforseo-bot)"
198.50.127.198 - - [24/Dec/2025:07:15:00 -0500] "POST /wp-cron.php?doing_wp_cron=1766578500.3724548816680908203125 HTTP/1.1" 200 - "-" "WordPress/6.9; https://bahiaparaisosuites.com"
85.208.96.212 - - [24/Dec/2025:07:14:59 -0500] "GET /?_g=40658 HTTP/1.1" 200 215329 "-" "Mozilla/5.0 (compatible; SemrushBot/7~bl; +http://www.semrush.com/bot.html)"
66.249.64.233 - - [24/Dec/2025:07:14:59 -0500] "GET /?_g=200435 HTTP/1.1" 200 179621 "-" "Mozilla/5.0 (Linux; Android 6.0.1; Nexus 5X Build/MMB29P) AppleWebKit/537.36 (KHTML, like Gecko) Chrome/141.0.7390.122 Mobile Safari/537.36 (compatible; Googlebot/2.1; +http://www.google.com/bot.html)"
136.243.228.195 - - [24/Dec/2025:07:15:01 -0500] "GET /?_g=2918224 HTTP/1.1" 200 215329 "-" "Mozilla/5.0 (compatible; DataForSeoBot/1.0; +https://dataforseo.com/dataforseo-bot)"
85.208.96.209 - - [24/Dec/2025:07:15:02 -0500] "GET /?_g=3258747 HTTP/1.1" 200 215329 "-" "Mozilla/5.0 (compatible; SemrushBot/7~bl; +http://www.semrush.com/bot.html)"
185.191.171.15 - - [24/Dec/2025:07:15:04 -0500] "GET /?_g=251110 HTTP/1.1" 200 215329 "-" "Mozilla/5.0 (compatible; SemrushBot/7~bl; +http://www.semrush.com/bot.html)"
136.243.228.195 - - [24/Dec/2025:07:15:06 -0500] "GET /?_g=1738981 HTTP/1.1" 200 215329 "-" "Mozilla/5.0 (compatible; DataForSeoBot/1.0; +https://dataforseo.com/dataforseo-bot)"
66.249.64.43 - - [24/Dec/2025:07:15:08 -0500] "GET / HTTP/1.1" 200 192728 "-" "Mozilla/5.0 (Linux; Android 6.0.1; Nexus 5X Build/MMB29P) AppleWebKit/537.36 (KHTML, like Gecko) Chrome/141.0.7390.122 Mobile Safari/537.36 (compatible; Googlebot/2.1; +http://www.google.com/bot.html)"
198.50.127.198 - - [24/Dec/2025:07:15:10 -0500] "POST /wp-cron.php?doing_wp_cron=1766578510.4438400268554687500000 HTTP/1.1" 200 - "-" "WordPress/6.9; https://bahiaparaisosuites.com"
136.243.228.195 - - [24/Dec/2025:07:15:10 -0500] "GET /?_g=553051 HTTP/1.1" 200 215329 "-" "Mozilla/5.0 (compatible; DataForSeoBot/1.0; +https://dataforseo.com/dataforseo-bot)"
136.243.228.195 - - [24/Dec/2025:07:15:13 -0500] "GET /?_g=1182463 HTTP/1.1" 200 215329 "-" "Mozilla/5.0 (compatible; DataForSeoBot/1.0; +https://dataforseo.com/dataforseo-bot)"
198.50.127.198 - - [24/Dec/2025:07:15:18 -0500] "POST /wp-cron.php?doing_wp_cron=1766578518.6176779270172119140625 HTTP/1.1" 200 - "-" "WordPress/6.9; https://bahiaparaisosuites.com"
136.243.228.195 - - [24/Dec/2025:07:15:18 -0500] "GET /?_g=4026748 HTTP/1.1" 200 215329 "-" "Mozilla/5.0 (compatible; DataForSeoBot/1.0; +https://dataforseo.com/dataforseo-bot)"
136.243.228.195 - - [24/Dec/2025:07:15:22 -0500] "GET /?_g=3450488 HTTP/1.1" 200 215329 "-" "Mozilla/5.0 (compatible; DataForSeoBot/1.0; +https://dataforseo.com/dataforseo-bot)"
136.243.228.195 - - [24/Dec/2025:07:15:25 -0500] "GET /?_g=2174252 HTTP/1.1" 200 215329 "-" "Mozilla/5.0 (compatible; DataForSeoBot/1.0; +https://dataforseo.com/dataforseo-bot)"
198.50.127.198 - - [24/Dec/2025:07:15:29 -0500] "POST /wp-cron.php?doing_wp_cron=1766578529.8812739849090576171875 HTTP/1.1" 200 - "-" "WordPress/6.9; https://bahiaparaisosuites.com"
66.249.64.233 - - [24/Dec/2025:07:15:29 -0500] "GET /?_g=2473344 HTTP/1.1" 200 183850 "-" "Mozilla/5.0 (Linux; Android 6.0.1; Nexus 5X Build/MMB29P) AppleWebKit/537.36 (KHTML, like Gecko) Chrome/141.0.7390.122 Mobile Safari/537.36 (compatible; Googlebot/2.1; +http://www.google.com/bot.html)"
136.243.228.195 - - [24/Dec/2025:07:15:29 -0500] "GET /?_g=3263337 HTTP/1.1" 200 215329 "-" "Mozilla/5.0 (compatible; DataForSeoBot/1.0; +https://dataforseo.com/dataforseo-bot)"
66.249.64.233 - - [24/Dec/2025:07:15:31 -0500] "GET /?_g=3924443 HTTP/1.1" 200 182901 "-" "Mozilla/5.0 (Linux; Android 6.0.1; Nexus 5X Build/MMB29P) AppleWebKit/537.36 (KHTML, like Gecko) Chrome/141.0.7390.122 Mobile Safari/537.36 (compatible; Googlebot/2.1; +http://www.google.com/bot.html)"
136.243.228.195 - - [24/Dec/2025:07:15:33 -0500] "GET /?_g=3864310 HTTP/1.1" 200 215329 "-" "Mozilla/5.0 (compatible; DataForSeoBot/1.0; +https://dataforseo.com/dataforseo-bot)"
185.191.171.8 - - [24/Dec/2025:07:15:34 -0500] "GET /?_g=2790107 HTTP/1.1" 200 215329 "-" "Mozilla/5.0 (compatible; SemrushBot/7~bl; +http://www.semrush.com/bot.html)"
57.141.20.59 - - [24/Dec/2025:07:15:37 -0500] "GET /?_g=3609202 HTTP/1.1" 200 215329 "-" "meta-externalagent/1.1 (+https://developers.facebook.com/docs/sharing/webmasters/crawler)"
136.243.228.195 - - [24/Dec/2025:07:15:37 -0500] "GET /?_g=2251692 HTTP/1.1" 200 215329 "-" "Mozilla/5.0 (compatible; DataForSeoBot/1.0; +https://dataforseo.com/dataforseo-bot)"
198.50.127.198 - - [24/Dec/2025:07:15:39 -0500] "POST /wp-cron.php?doing_wp_cron=1766578539.2878429889678955078125 HTTP/1.1" 200 - "-" "WordPress/6.9; https://bahiaparaisosuites.com"
57.141.20.23 - - [24/Dec/2025:07:15:38 -0500] "GET /?_g=19035 HTTP/1.1" 200 215329 "-" "meta-externalagent/1.1 (+https://developers.facebook.com/docs/sharing/webmasters/crawler)"
136.243.228.195 - - [24/Dec/2025:07:15:41 -0500] "GET /?_g=1314594 HTTP/1.1" 200 215329 "-" "Mozilla/5.0 (compatible; DataForSeoBot/1.0; +https://dataforseo.com/dataforseo-bot)"
66.249.64.233 - - [24/Dec/2025:07:15:44 -0500] "GET /?_g=2168658 HTTP/1.1" 200 173860 "-" "Mozilla/5.0 (Linux; Android 6.0.1; Nexus 5X Build/MMB29P) AppleWebKit/537.36 (KHTML, like Gecko) Chrome/141.0.7390.122 Mobile Safari/537.36 (compatible; Googlebot/2.1; +http://www.google.com/bot.html)"
136.243.228.195 - - [24/Dec/2025:07:15:45 -0500] "GET /?_g=1153743 HTTP/1.1" 200 215329 "-" "Mozilla/5.0 (compatible; DataForSeoBot/1.0; +https://dataforseo.com/dataforseo-bot)"
85.208.96.210 - - [24/Dec/2025:07:15:46 -0500] "GET /?_g=789728 HTTP/1.1" 200 215329 "-" "Mozilla/5.0 (compatible; SemrushBot/7~bl; +http://www.semrush.com/bot.html)"
198.50.127.198 - - [24/Dec/2025:07:15:49 -0500] "POST /wp-cron.php?doing_wp_cron=1766578549.9501709938049316406250 HTTP/1.1" 200 - "-" "WordPress/6.9; https://bahiaparaisosuites.com"
136.243.228.195 - - [24/Dec/2025:07:15:49 -0500] "GET /?_g=3525258 HTTP/1.1" 200 215329 "-" "Mozilla/5.0 (compatible; DataForSeoBot/1.0; +https://dataforseo.com/dataforseo-bot)"
136.243.228.195 - - [24/Dec/2025:07:15:53 -0500] "GET /?_g=2837739 HTTP/1.1" 200 215329 "-" "Mozilla/5.0 (compatible; DataForSeoBot/1.0; +https://dataforseo.com/dataforseo-bot)"
185.191.171.11 - - [24/Dec/2025:07:15:57 -0500] "GET /?_g=1938534 HTTP/1.1" 200 215329 "-" "Mozilla/5.0 (compatible; SemrushBot/7~bl; +http://www.semrush.com/bot.html)"
136.243.228.195 - - [24/Dec/2025:07:15:57 -0500] "GET /?_g=3536324 HTTP/1.1" 200 215329 "-" "Mozilla/5.0 (compatible; DataForSeoBot/1.0; +https://dataforseo.com/dataforseo-bot)"
198.50.127.198 - - [24/Dec/2025:07:16:02 -0500] "POST /wp-cron.php?doing_wp_cron=1766578562.0381960868835449218750 HTTP/1.1" 200 - "-" "WordPress/6.9; https://bahiaparaisosuites.com"
136.243.228.195 - - [24/Dec/2025:07:16:01 -0500] "GET /?_g=1225068 HTTP/1.1" 200 215329 "-" "Mozilla/5.0 (compatible; DataForSeoBot/1.0; +https://dataforseo.com/dataforseo-bot)"
136.243.228.195 - - [24/Dec/2025:07:16:06 -0500] "GET /?_g=1426778 HTTP/1.1" 200 215329 "-" "Mozilla/5.0 (compatible; DataForSeoBot/1.0; +https://dataforseo.com/dataforseo-bot)"
85.208.96.209 - - [24/Dec/2025:07:16:07 -0500] "GET /?_g=1267522 HTTP/1.1" 200 215329 "-" "Mozilla/5.0 (compatible; SemrushBot/7~bl; +http://www.semrush.com/bot.html)"
198.50.127.198 - - [24/Dec/2025:07:16:10 -0500] "POST /wp-cron.php?doing_wp_cron=1766578570.0882349014282226562500 HTTP/1.1" 200 - "-" "WordPress/6.9; https://bahiaparaisosuites.com"
136.243.228.195 - - [24/Dec/2025:07:16:09 -0500] "GET /?_g=340187 HTTP/1.1" 200 215329 "-" "Mozilla/5.0 (compatible; DataForSeoBot/1.0; +https://dataforseo.com/dataforseo-bot)"
136.243.228.195 - - [24/Dec/2025:07:16:13 -0500] "GET /?_g=3017672 HTTP/1.1" 200 215329 "-" "Mozilla/5.0 (compatible; DataForSeoBot/1.0; +https://dataforseo.com/dataforseo-bot)"
66.249.64.234 - - [24/Dec/2025:07:16:14 -0500] "GET /?_g=2536786 HTTP/1.1" 200 180511 "-" "Mozilla/5.0 (Linux; Android 6.0.1; Nexus 5X Build/MMB29P) AppleWebKit/537.36 (KHTML, like Gecko) Chrome/141.0.7390.122 Mobile Safari/537.36 (compatible; Googlebot/2.1; +http://www.google.com/bot.html)"
198.50.127.198 - - [24/Dec/2025:07:16:18 -0500] "POST /wp-cron.php?doing_wp_cron=1766578578.0385749340057373046875 HTTP/1.1" 200 - "-" "WordPress/6.9; https://bahiaparaisosuites.com"
136.243.228.195 - - [24/Dec/2025:07:16:17 -0500] "GET /?_g=3109063 HTTP/1.1" 200 215329 "-" "Mozilla/5.0 (compatible; DataForSeoBot/1.0; +https://dataforseo.com/dataforseo-bot)"
198.50.127.198 - - [24/Dec/2025:07:16:21 -0500] "POST /wp-cron.php?doing_wp_cron=1766578581.7467451095581054687500 HTTP/1.1" 200 - "-" "WordPress/6.9; https://bahiaparaisosuites.com"
136.243.228.195 - - [24/Dec/2025:07:16:21 -0500] "GET /?_g=691144 HTTP/1.1" 200 215329 "-" "Mozilla/5.0 (compatible; DataForSeoBot/1.0; +https://dataforseo.com/dataforseo-bot)"
136.243.228.195 - - [24/Dec/2025:07:16:25 -0500] "GET /?_g=585801 HTTP/1.1" 200 215329 "-" "Mozilla/5.0 (compatible; DataForSeoBot/1.0; +https://dataforseo.com/dataforseo-bot)"
198.50.127.198 - - [24/Dec/2025:07:16:30 -0500] "POST /wp-cron.php?doing_wp_cron=1766578590.4454269409179687500000 HTTP/1.1" 200 - "-" "WordPress/6.9; https://bahiaparaisosuites.com"
136.243.228.195 - - [24/Dec/2025:07:16:30 -0500] "GET /?_g=952521 HTTP/1.1" 200 215329 "-" "Mozilla/5.0 (compatible; DataForSeoBot/1.0; +https://dataforseo.com/dataforseo-bot)"
85.208.96.209 - - [24/Dec/2025:07:16:33 -0500] "GET /?_g=4076738 HTTP/1.1" 200 215329 "-" "Mozilla/5.0 (compatible; SemrushBot/7~bl; +http://www.semrush.com/bot.html)"
