178.20.45.159 - - [24/Dec/2025:07:48:35 -0500] "POST /contacto/ HTTP/1.0" 200 63988 "https://bahiaparaisosuites.com/contacto/" "Mozilla/5.0 (Windows NT 10.0; Win64; x64) AppleWebKit/537.36 (KHTML, like Gecko) Chrome/130.0.0.0 Safari/537.36"
136.243.228.195 - - [24/Dec/2025:07:48:34 -0500] "GET /?_g=3229498 HTTP/1.1" 200 215329 "-" "Mozilla/5.0 (compatible; DataForSeoBot/1.0; +https://dataforseo.com/dataforseo-bot)"
136.243.228.195 - - [24/Dec/2025:07:48:38 -0500] "GET /?_g=2066270 HTTP/1.1" 200 215329 "-" "Mozilla/5.0 (compatible; DataForSeoBot/1.0; +https://dataforseo.com/dataforseo-bot)"
57.141.20.25 - - [24/Dec/2025:07:48:41 -0500] "GET /?_g=2986456 HTTP/1.1" 200 215329 "-" "meta-externalagent/1.1 (+https://developers.facebook.com/docs/sharing/webmasters/crawler)"
57.141.20.54 - - [24/Dec/2025:07:48:41 -0500] "GET /?_g=893734 HTTP/1.1" 200 215329 "-" "meta-externalagent/1.1 (+https://developers.facebook.com/docs/sharing/webmasters/crawler)"
136.243.228.195 - - [24/Dec/2025:07:48:42 -0500] "GET /?_g=1865469 HTTP/1.1" 200 215329 "-" "Mozilla/5.0 (compatible; DataForSeoBot/1.0; +https://dataforseo.com/dataforseo-bot)"
136.243.228.195 - - [24/Dec/2025:07:48:46 -0500] "GET /?_g=3396819 HTTP/1.1" 200 215329 "-" "Mozilla/5.0 (compatible; DataForSeoBot/1.0; +https://dataforseo.com/dataforseo-bot)"
57.141.20.46 - - [24/Dec/2025:07:48:47 -0500] "GET /?_g=2821242 HTTP/1.1" 200 215329 "-" "meta-externalagent/1.1 (+https://developers.facebook.com/docs/sharing/webmasters/crawler)"
57.141.20.56 - - [24/Dec/2025:07:48:47 -0500] "GET /?_g=3932977 HTTP/1.1" 200 215329 "-" "meta-externalagent/1.1 (+https://developers.facebook.com/docs/sharing/webmasters/crawler)"
57.141.20.30 - - [24/Dec/2025:07:48:50 -0500] "GET /?_g=3338354 HTTP/1.1" 200 215329 "-" "meta-externalagent/1.1 (+https://developers.facebook.com/docs/sharing/webmasters/crawler)"
136.243.228.195 - - [24/Dec/2025:07:48:50 -0500] "GET /?_g=1750874 HTTP/1.1" 200 215329 "-" "Mozilla/5.0 (compatible; DataForSeoBot/1.0; +https://dataforseo.com/dataforseo-bot)"
136.243.228.195 - - [24/Dec/2025:07:48:54 -0500] "GET /?_g=2267948 HTTP/1.1" 200 215329 "-" "Mozilla/5.0 (compatible; DataForSeoBot/1.0; +https://dataforseo.com/dataforseo-bot)"
136.243.228.195 - - [24/Dec/2025:07:48:59 -0500] "GET /?_g=1590296 HTTP/1.1" 200 215329 "-" "Mozilla/5.0 (compatible; DataForSeoBot/1.0; +https://dataforseo.com/dataforseo-bot)"
136.243.228.195 - - [24/Dec/2025:07:49:02 -0500] "GET /?_g=615297 HTTP/1.1" 200 215329 "-" "Mozilla/5.0 (compatible; DataForSeoBot/1.0; +https://dataforseo.com/dataforseo-bot)"
198.50.127.198 - - [24/Dec/2025:07:49:06 -0500] "POST /wp-cron.php?doing_wp_cron=1766580546.9235329627990722656250 HTTP/1.1" 200 - "-" "WordPress/6.9; https://bahiaparaisosuites.com"
136.243.228.195 - - [24/Dec/2025:07:49:06 -0500] "GET /?_g=4074002 HTTP/1.1" 200 215329 "-" "Mozilla/5.0 (compatible; DataForSeoBot/1.0; +https://dataforseo.com/dataforseo-bot)"
198.50.127.198 - - [24/Dec/2025:07:49:11 -0500] "POST /wp-cron.php?doing_wp_cron=1766580551.4199540615081787109375 HTTP/1.1" 200 - "-" "WordPress/6.9; https://bahiaparaisosuites.com"
136.243.228.195 - - [24/Dec/2025:07:49:11 -0500] "GET /?_g=896368 HTTP/1.1" 200 215329 "-" "Mozilla/5.0 (compatible; DataForSeoBot/1.0; +https://dataforseo.com/dataforseo-bot)"
85.208.96.193 - - [24/Dec/2025:07:49:14 -0500] "GET /?_g=3984952 HTTP/1.1" 200 215329 "-" "Mozilla/5.0 (compatible; SemrushBot/7~bl; +http://www.semrush.com/bot.html)"
136.243.228.195 - - [24/Dec/2025:07:49:14 -0500] "GET /?_g=297646 HTTP/1.1" 200 215329 "-" "Mozilla/5.0 (compatible; DataForSeoBot/1.0; +https://dataforseo.com/dataforseo-bot)"
198.50.127.198 - - [24/Dec/2025:07:49:19 -0500] "POST /wp-cron.php?doing_wp_cron=1766580559.0050420761108398437500 HTTP/1.1" 200 - "-" "WordPress/6.9; https://bahiaparaisosuites.com"
136.243.228.195 - - [24/Dec/2025:07:49:18 -0500] "GET /?_g=2803027 HTTP/1.1" 200 215329 "-" "Mozilla/5.0 (compatible; DataForSeoBot/1.0; +https://dataforseo.com/dataforseo-bot)"
85.208.96.212 - - [24/Dec/2025:07:49:19 -0500] "GET /?_g=1140978 HTTP/1.1" 200 215329 "-" "Mozilla/5.0 (compatible; SemrushBot/7~bl; +http://www.semrush.com/bot.html)"
136.243.228.195 - - [24/Dec/2025:07:49:22 -0500] "GET /?_g=600735 HTTP/1.1" 200 215329 "-" "Mozilla/5.0 (compatible; DataForSeoBot/1.0; +https://dataforseo.com/dataforseo-bot)"
57.141.20.41 - - [24/Dec/2025:07:49:27 -0500] "GET /?_g=1096407 HTTP/1.1" 200 215329 "-" "meta-externalagent/1.1 (+https://developers.facebook.com/docs/sharing/webmasters/crawler)"
136.243.228.195 - - [24/Dec/2025:07:49:26 -0500] "GET /?_g=1865684 HTTP/1.1" 200 215329 "-" "Mozilla/5.0 (compatible; DataForSeoBot/1.0; +https://dataforseo.com/dataforseo-bot)"
198.50.127.198 - - [24/Dec/2025:07:49:29 -0500] "HEAD /wp-content/uploads/font-awesome/v6.6.0/css/svg-with-js.css HTTP/1.1" 200 - "-" "WordPress/6.9; https://bahiaparaisosuites.com"
198.50.127.198 - - [24/Dec/2025:07:49:29 -0500] "POST /wp-cron.php?doing_wp_cron=1766580569.3945090770721435546875 HTTP/1.1" 200 - "-" "WordPress/6.9; https://bahiaparaisosuites.com"
154.16.81.142 - - [24/Dec/2025:07:49:29 -0500] "GET /wp-admin/user-new.php HTTP/1.1" 302 - "-" "Mozilla/5.0 (Windows NT 10.0; Win64; x64) AppleWebKit/537.36 (KHTML, like Gecko) Chrome/115.0.0.0 Safari/537.36 Edg/115.0.1901.203"
136.243.228.195 - - [24/Dec/2025:07:49:30 -0500] "GET /?_g=2207145 HTTP/1.1" 200 215329 "-" "Mozilla/5.0 (compatible; DataForSeoBot/1.0; +https://dataforseo.com/dataforseo-bot)"
136.243.228.195 - - [24/Dec/2025:07:49:34 -0500] "GET /?_g=3098986 HTTP/1.1" 200 215329 "-" "Mozilla/5.0 (compatible; DataForSeoBot/1.0; +https://dataforseo.com/dataforseo-bot)"
185.191.171.12 - - [24/Dec/2025:07:49:36 -0500] "GET /?_g=2474792 HTTP/1.1" 200 215329 "-" "Mozilla/5.0 (compatible; SemrushBot/7~bl; +http://www.semrush.com/bot.html)"
57.141.20.50 - - [24/Dec/2025:07:49:37 -0500] "GET /?_g=4050175 HTTP/1.1" 200 215329 "-" "meta-externalagent/1.1 (+https://developers.facebook.com/docs/sharing/webmasters/crawler)"
154.16.81.142 - - [24/Dec/2025:07:49:38 -0500] "GET /wp-login.php?redirect_to=https%3A%2F%2Fbahiaparaisosuites.com%2Fwp-admin%2Fuser-new.php&reauth=1 HTTP/1.1" 200 11032 "-" "Mozilla/5.0 (Windows NT 10.0; Win64; x64) AppleWebKit/537.36 (KHTML, like Gecko) Chrome/115.0.0.0 Safari/537.36 Edg/115.0.1901.203"
136.243.228.195 - - [24/Dec/2025:07:49:38 -0500] "GET /?_g=633382 HTTP/1.1" 200 215329 "-" "Mozilla/5.0 (compatible; DataForSeoBot/1.0; +https://dataforseo.com/dataforseo-bot)"
198.50.127.198 - - [24/Dec/2025:07:49:42 -0500] "POST /wp-cron.php?doing_wp_cron=1766580582.6894469261169433593750 HTTP/1.1" 200 - "-" "WordPress/6.9; https://bahiaparaisosuites.com"
136.243.228.195 - - [24/Dec/2025:07:49:42 -0500] "GET /?_g=2772148 HTTP/1.1" 200 215329 "-" "Mozilla/5.0 (compatible; DataForSeoBot/1.0; +https://dataforseo.com/dataforseo-bot)"
136.243.228.195 - - [24/Dec/2025:07:49:46 -0500] "GET /?_g=1686721 HTTP/1.1" 200 215329 "-" "Mozilla/5.0 (compatible; DataForSeoBot/1.0; +https://dataforseo.com/dataforseo-bot)"
154.16.81.142 - - [24/Dec/2025:07:49:47 -0500] "POST /wp-login.php HTTP/1.1" 503 19558 "https://bahiaparaisosuites.com/wp-login.php" "Mozilla/5.0 (Windows NT 10.0; Win64; x64) AppleWebKit/537.36 (KHTML, like Gecko) Chrome/115.0.0.0 Safari/537.36 Edg/115.0.1901.203"
198.50.127.198 - - [24/Dec/2025:07:49:51 -0500] "POST /wp-cron.php?doing_wp_cron=1766580591.5010299682617187500000 HTTP/1.1" 200 - "-" "WordPress/6.9; https://bahiaparaisosuites.com"
136.243.228.195 - - [24/Dec/2025:07:49:51 -0500] "GET /?_g=168481 HTTP/1.1" 200 215329 "-" "Mozilla/5.0 (compatible; DataForSeoBot/1.0; +https://dataforseo.com/dataforseo-bot)"
57.141.20.43 - - [24/Dec/2025:07:49:52 -0500] "GET /?_g=61363 HTTP/1.1" 200 215329 "-" "meta-externalagent/1.1 (+https://developers.facebook.com/docs/sharing/webmasters/crawler)"
57.141.20.43 - - [24/Dec/2025:07:49:52 -0500] "GET /?_g=2309723 HTTP/1.1" 200 215329 "-" "meta-externalagent/1.1 (+https://developers.facebook.com/docs/sharing/webmasters/crawler)"
136.243.228.195 - - [24/Dec/2025:07:49:54 -0500] "GET /?_g=1646358 HTTP/1.1" 200 215329 "-" "Mozilla/5.0 (compatible; DataForSeoBot/1.0; +https://dataforseo.com/dataforseo-bot)"
136.243.228.195 - - [24/Dec/2025:07:49:58 -0500] "GET /?_g=919844 HTTP/1.1" 200 215329 "-" "Mozilla/5.0 (compatible; DataForSeoBot/1.0; +https://dataforseo.com/dataforseo-bot)"
198.50.127.198 - - [24/Dec/2025:07:50:02 -0500] "POST /wp-cron.php?doing_wp_cron=1766580602.7817609310150146484375 HTTP/1.1" 200 - "-" "WordPress/6.9; https://bahiaparaisosuites.com"
136.243.228.195 - - [24/Dec/2025:07:50:02 -0500] "GET /?_g=2572090 HTTP/1.1" 200 215329 "-" "Mozilla/5.0 (compatible; DataForSeoBot/1.0; +https://dataforseo.com/dataforseo-bot)"
136.243.228.195 - - [24/Dec/2025:07:50:06 -0500] "GET /?_g=3012312 HTTP/1.1" 200 215329 "-" "Mozilla/5.0 (compatible; DataForSeoBot/1.0; +https://dataforseo.com/dataforseo-bot)"
198.50.127.198 - - [24/Dec/2025:07:50:10 -0500] "POST /wp-cron.php?doing_wp_cron=1766580610.6931040287017822265625 HTTP/1.1" 200 - "-" "WordPress/6.9; https://bahiaparaisosuites.com"
136.243.228.195 - - [24/Dec/2025:07:50:10 -0500] "GET /?_g=319240 HTTP/1.1" 200 215329 "-" "Mozilla/5.0 (compatible; DataForSeoBot/1.0; +https://dataforseo.com/dataforseo-bot)"
85.208.96.198 - - [24/Dec/2025:07:50:15 -0500] "GET /?_g=218468 HTTP/1.1" 200 215329 "-" "Mozilla/5.0 (compatible; SemrushBot/7~bl; +http://www.semrush.com/bot.html)"
136.243.228.195 - - [24/Dec/2025:07:50:14 -0500] "GET /?_g=1757975 HTTP/1.1" 200 215329 "-" "Mozilla/5.0 (compatible; DataForSeoBot/1.0; +https://dataforseo.com/dataforseo-bot)"
198.50.127.198 - - [24/Dec/2025:07:50:18 -0500] "POST /wp-cron.php?doing_wp_cron=1766580618.8335349559783935546875 HTTP/1.1" 200 - "-" "WordPress/6.9; https://bahiaparaisosuites.com"
198.50.127.198 - - [24/Dec/2025:07:50:19 -0500] "POST /wp-cron.php?doing_wp_cron=1766580619.2022240161895751953125 HTTP/1.1" 200 - "-" "WordPress/6.9; https://bahiaparaisosuites.com"
185.191.171.12 - - [24/Dec/2025:07:50:18 -0500] "GET /?_g=2726825 HTTP/1.1" 200 215329 "-" "Mozilla/5.0 (compatible; SemrushBot/7~bl; +http://www.semrush.com/bot.html)"
136.243.228.195 - - [24/Dec/2025:07:50:18 -0500] "GET /?_g=2480962 HTTP/1.1" 200 215329 "-" "Mozilla/5.0 (compatible; DataForSeoBot/1.0; +https://dataforseo.com/dataforseo-bot)"
57.141.20.44 - - [24/Dec/2025:07:50:21 -0500] "GET /?_g=3861859 HTTP/1.1" 200 215329 "-" "meta-externalagent/1.1 (+https://developers.facebook.com/docs/sharing/webmasters/crawler)"
136.243.228.195 - - [24/Dec/2025:07:50:23 -0500] "GET /?_g=3892157 HTTP/1.1" 200 215329 "-" "Mozilla/5.0 (compatible; DataForSeoBot/1.0; +https://dataforseo.com/dataforseo-bot)"
136.243.228.195 - - [24/Dec/2025:07:50:26 -0500] "GET /?_g=3096277 HTTP/1.1" 200 215329 "-" "Mozilla/5.0 (compatible; DataForSeoBot/1.0; +https://dataforseo.com/dataforseo-bot)"
57.141.20.25 - - [24/Dec/2025:07:50:30 -0500] "GET /?_g=874067 HTTP/1.1" 200 215329 "-" "meta-externalagent/1.1 (+https://developers.facebook.com/docs/sharing/webmasters/crawler)"
136.243.228.195 - - [24/Dec/2025:07:50:30 -0500] "GET /?_g=1892177 HTTP/1.1" 200 215329 "-" "Mozilla/5.0 (compatible; DataForSeoBot/1.0; +https://dataforseo.com/dataforseo-bot)"
136.243.228.195 - - [24/Dec/2025:07:50:34 -0500] "GET /?_g=950737 HTTP/1.1" 200 215329 "-" "Mozilla/5.0 (compatible; DataForSeoBot/1.0; +https://dataforseo.com/dataforseo-bot)"
136.243.228.195 - - [24/Dec/2025:07:50:38 -0500] "GET /?_g=832227 HTTP/1.1" 200 215329 "-" "Mozilla/5.0 (compatible; DataForSeoBot/1.0; +https://dataforseo.com/dataforseo-bot)"
136.243.228.195 - - [24/Dec/2025:07:50:42 -0500] "GET /?_g=1288778 HTTP/1.1" 200 215329 "-" "Mozilla/5.0 (compatible; DataForSeoBot/1.0; +https://dataforseo.com/dataforseo-bot)"
57.141.20.18 - - [24/Dec/2025:07:50:44 -0500] "GET /?_g=325131 HTTP/1.1" 200 215329 "-" "meta-externalagent/1.1 (+https://developers.facebook.com/docs/sharing/webmasters/crawler)"
136.243.228.195 - - [24/Dec/2025:07:50:47 -0500] "GET /?_g=1689411 HTTP/1.1" 200 215329 "-" "Mozilla/5.0 (compatible; DataForSeoBot/1.0; +https://dataforseo.com/dataforseo-bot)"
185.191.171.15 - - [24/Dec/2025:07:50:50 -0500] "GET /?_g=3198157 HTTP/1.1" 200 215329 "-" "Mozilla/5.0 (compatible; SemrushBot/7~bl; +http://www.semrush.com/bot.html)"
136.243.228.195 - - [24/Dec/2025:07:50:50 -0500] "GET /?_g=82980 HTTP/1.1" 200 215329 "-" "Mozilla/5.0 (compatible; DataForSeoBot/1.0; +https://dataforseo.com/dataforseo-bot)"
85.208.96.196 - - [24/Dec/2025:07:50:54 -0500] "GET /?_g=2069183 HTTP/1.1" 200 215329 "-" "Mozilla/5.0 (compatible; SemrushBot/7~bl; +http://www.semrush.com/bot.html)"
136.243.228.195 - - [24/Dec/2025:07:50:54 -0500] "GET /?_g=2504934 HTTP/1.1" 200 215329 "-" "Mozilla/5.0 (compatible; DataForSeoBot/1.0; +https://dataforseo.com/dataforseo-bot)"
185.191.171.6 - - [24/Dec/2025:07:50:57 -0500] "GET /?_g=3316841 HTTP/1.1" 200 215329 "-" "Mozilla/5.0 (compatible; SemrushBot/7~bl; +http://www.semrush.com/bot.html)"
57.141.20.43 - - [24/Dec/2025:07:50:57 -0500] "GET /?_g=3556844 HTTP/1.1" 200 215329 "-" "meta-externalagent/1.1 (+https://developers.facebook.com/docs/sharing/webmasters/crawler)"
57.141.20.20 - - [24/Dec/2025:07:50:58 -0500] "GET /?_g=738039 HTTP/1.1" 200 215329 "-" "meta-externalagent/1.1 (+https://developers.facebook.com/docs/sharing/webmasters/crawler)"
136.243.228.195 - - [24/Dec/2025:07:50:58 -0500] "GET /?_g=1329586 HTTP/1.1" 200 215329 "-" "Mozilla/5.0 (compatible; DataForSeoBot/1.0; +https://dataforseo.com/dataforseo-bot)"
185.191.171.17 - - [24/Dec/2025:07:51:01 -0500] "GET /?_g=1099400 HTTP/1.1" 200 215329 "-" "Mozilla/5.0 (compatible; SemrushBot/7~bl; +http://www.semrush.com/bot.html)"
136.243.228.195 - - [24/Dec/2025:07:51:02 -0500] "GET /?_g=4068836 HTTP/1.1" 200 215329 "-" "Mozilla/5.0 (compatible; DataForSeoBot/1.0; +https://dataforseo.com/dataforseo-bot)"
58.189.76.101 - - [24/Dec/2025:07:51:05 -0500] "GET /?_g=3260066 HTTP/1.1" 301 - "-" "Mozilla/5.0 (Windows NT 10.0; Win64; x64) AppleWebKit/537.36 (KHTML, like Gecko) Chrome/143.0.0.0 Safari/537.36 Edg/143.0.0.0"
58.189.76.101 - - [24/Dec/2025:07:51:07 -0500] "GET /wp-content/cache/minify/77d94.css HTTP/1.1" 200 2177 "https://bahiaparaisosuites.com/?_g=3260066" "Mozilla/5.0 (Windows NT 10.0; Win64; x64) AppleWebKit/537.36 (KHTML, like Gecko) Chrome/143.0.0.0 Safari/537.36 Edg/143.0.0.0"
58.189.76.101 - - [24/Dec/2025:07:51:06 -0500] "GET /?_g=3260066 HTTP/1.1" 200 215329 "-" "Mozilla/5.0 (Windows NT 10.0; Win64; x64) AppleWebKit/537.36 (KHTML, like Gecko) Chrome/143.0.0.0 Safari/537.36 Edg/143.0.0.0"
58.189.76.101 - - [24/Dec/2025:07:51:08 -0500] "GET /wp-content/cache/minify/74931.css HTTP/1.1" 200 8516 "https://bahiaparaisosuites.com/?_g=3260066" "Mozilla/5.0 (Windows NT 10.0; Win64; x64) AppleWebKit/537.36 (KHTML, like Gecko) Chrome/143.0.0.0 Safari/537.36 Edg/143.0.0.0"
58.189.76.101 - - [24/Dec/2025:07:51:07 -0500] "GET /wp-content/cache/minify/62cc2.css HTTP/1.1" 200 50968 "https://bahiaparaisosuites.com/?_g=3260066" "Mozilla/5.0 (Windows NT 10.0; Win64; x64) AppleWebKit/537.36 (KHTML, like Gecko) Chrome/143.0.0.0 Safari/537.36 Edg/143.0.0.0"
58.189.76.101 - - [24/Dec/2025:07:51:08 -0500] "GET /wp-content/cache/minify/94381.css HTTP/1.1" 200 38446 "https://bahiaparaisosuites.com/?_g=3260066" "Mozilla/5.0 (Windows NT 10.0; Win64; x64) AppleWebKit/537.36 (KHTML, like Gecko) Chrome/143.0.0.0 Safari/537.36 Edg/143.0.0.0"
58.189.76.101 - - [24/Dec/2025:07:51:08 -0500] "GET /wp-content/cache/minify/d4f8f.css HTTP/1.1" 200 17993 "https://bahiaparaisosuites.com/?_g=3260066" "Mozilla/5.0 (Windows NT 10.0; Win64; x64) AppleWebKit/537.36 (KHTML, like Gecko) Chrome/143.0.0.0 Safari/537.36 Edg/143.0.0.0"
58.189.76.101 - - [24/Dec/2025:07:51:08 -0500] "GET /wp-content/cache/minify/efe35.js HTTP/1.1" 200 4528 "https://bahiaparaisosuites.com/?_g=3260066" "Mozilla/5.0 (Windows NT 10.0; Win64; x64) AppleWebKit/537.36 (KHTML, like Gecko) Chrome/143.0.0.0 Safari/537.36 Edg/143.0.0.0"
58.189.76.101 - - [24/Dec/2025:07:51:08 -0500] "GET /wp-content/cache/minify/818c0.js HTTP/1.1" 200 34334 "https://bahiaparaisosuites.com/?_g=3260066" "Mozilla/5.0 (Windows NT 10.0; Win64; x64) AppleWebKit/537.36 (KHTML, like Gecko) Chrome/143.0.0.0 Safari/537.36 Edg/143.0.0.0"
58.189.76.101 - - [24/Dec/2025:07:51:08 -0500] "GET /wp-content/cache/minify/c28b2.css HTTP/1.1" 200 10212 "https://bahiaparaisosuites.com/?_g=3260066" "Mozilla/5.0 (Windows NT 10.0; Win64; x64) AppleWebKit/537.36 (KHTML, like Gecko) Chrome/143.0.0.0 Safari/537.36 Edg/143.0.0.0"
58.189.76.101 - - [24/Dec/2025:07:51:08 -0500] "GET /wp-content/cache/minify/48021.js HTTP/1.1" 200 51052 "https://bahiaparaisosuites.com/?_g=3260066" "Mozilla/5.0 (Windows NT 10.0; Win64; x64) AppleWebKit/537.36 (KHTML, like Gecko) Chrome/143.0.0.0 Safari/537.36 Edg/143.0.0.0"
58.189.76.101 - - [24/Dec/2025:07:51:08 -0500] "GET /wp-content/cache/minify/c0b5c.js HTTP/1.1" 200 38371 "https://bahiaparaisosuites.com/?_g=3260066" "Mozilla/5.0 (Windows NT 10.0; Win64; x64) AppleWebKit/537.36 (KHTML, like Gecko) Chrome/143.0.0.0 Safari/537.36 Edg/143.0.0.0"
58.189.76.101 - - [24/Dec/2025:07:51:08 -0500] "GET /wp-content/cache/minify/501dc.js HTTP/1.1" 200 3859 "https://bahiaparaisosuites.com/?_g=3260066" "Mozilla/5.0 (Windows NT 10.0; Win64; x64) AppleWebKit/537.36 (KHTML, like Gecko) Chrome/143.0.0.0 Safari/537.36 Edg/143.0.0.0"
58.189.76.101 - - [24/Dec/2025:07:51:08 -0500] "GET /wp-content/cache/minify/1f540.js HTTP/1.1" 200 3477 "https://bahiaparaisosuites.com/?_g=3260066" "Mozilla/5.0 (Windows NT 10.0; Win64; x64) AppleWebKit/537.36 (KHTML, like Gecko) Chrome/143.0.0.0 Safari/537.36 Edg/143.0.0.0"
58.189.76.101 - - [24/Dec/2025:07:51:08 -0500] "GET /wp-content/cache/minify/e6deb.js HTTP/1.1" 200 11815 "https://bahiaparaisosuites.com/?_g=3260066" "Mozilla/5.0 (Windows NT 10.0; Win64; x64) AppleWebKit/537.36 (KHTML, like Gecko) Chrome/143.0.0.0 Safari/537.36 Edg/143.0.0.0"
58.189.76.101 - - [24/Dec/2025:07:51:08 -0500] "GET /wp-content/cache/minify/fef4b.js HTTP/1.1" 200 3248 "https://bahiaparaisosuites.com/?_g=3260066" "Mozilla/5.0 (Windows NT 10.0; Win64; x64) AppleWebKit/537.36 (KHTML, like Gecko) Chrome/143.0.0.0 Safari/537.36 Edg/143.0.0.0"
58.189.76.101 - - [24/Dec/2025:07:51:08 -0500] "GET /wp-content/cache/minify/ac4a8.js HTTP/1.1" 200 16459 "https://bahiaparaisosuites.com/?_g=3260066" "Mozilla/5.0 (Windows NT 10.0; Win64; x64) AppleWebKit/537.36 (KHTML, like Gecko) Chrome/143.0.0.0 Safari/537.36 Edg/143.0.0.0"
58.189.76.101 - - [24/Dec/2025:07:51:08 -0500] "GET /wp-content/cache/minify/5a51b.js HTTP/1.1" 200 3370 "https://bahiaparaisosuites.com/?_g=3260066" "Mozilla/5.0 (Windows NT 10.0; Win64; x64) AppleWebKit/537.36 (KHTML, like Gecko) Chrome/143.0.0.0 Safari/537.36 Edg/143.0.0.0"
58.189.76.101 - - [24/Dec/2025:07:51:08 -0500] "GET /wp-content/cache/minify/1615d.js HTTP/1.1" 200 2814 "https://bahiaparaisosuites.com/?_g=3260066" "Mozilla/5.0 (Windows NT 10.0; Win64; x64) AppleWebKit/537.36 (KHTML, like Gecko) Chrome/143.0.0.0 Safari/537.36 Edg/143.0.0.0"
58.189.76.101 - - [24/Dec/2025:07:51:08 -0500] "GET /wp-content/plugins/elementor/assets/lib/font-awesome/webfonts/fa-solid-900.woff2 HTTP/1.1" 200 78196 "https://bahiaparaisosuites.com/wp-content/cache/minify/94381.css" "Mozilla/5.0 (Windows NT 10.0; Win64; x64) AppleWebKit/537.36 (KHTML, like Gecko) Chrome/143.0.0.0 Safari/537.36 Edg/143.0.0.0"
136.243.228.195 - - [24/Dec/2025:07:51:07 -0500] "GET /?_g=3180459 HTTP/1.1" 200 215329 "-" "Mozilla/5.0 (compatible; DataForSeoBot/1.0; +https://dataforseo.com/dataforseo-bot)"
58.189.76.101 - - [24/Dec/2025:07:51:08 -0500] "GET /wp-content/uploads/elementor/google-fonts/fonts/montserrat-jtusjig1_i6t8kchkm459wlhyw.woff2 HTTP/1.1" 200 37828 "https://bahiaparaisosuites.com/wp-content/cache/minify/d4f8f.css" "Mozilla/5.0 (Windows NT 10.0; Win64; x64) AppleWebKit/537.36 (KHTML, like Gecko) Chrome/143.0.0.0 Safari/537.36 Edg/143.0.0.0"
58.189.76.101 - - [24/Dec/2025:07:51:08 -0500] "GET /wp-content/uploads/elementor/custom-icons/social-1/font/social.woff2?9279205 HTTP/1.1" 200 3016 "https://bahiaparaisosuites.com/wp-content/cache/minify/d4f8f.css" "Mozilla/5.0 (Windows NT 10.0; Win64; x64) AppleWebKit/537.36 (KHTML, like Gecko) Chrome/143.0.0.0 Safari/537.36 Edg/143.0.0.0"
58.189.76.101 - - [24/Dec/2025:07:51:08 -0500] "GET /wp-content/uploads/2024/11/Hotel-Bahia-Paraiso-Paisaje-Exterior-web-min.jpg HTTP/1.1" 200 990484 "https://bahiaparaisosuites.com/wp-content/cache/minify/94381.css" "Mozilla/5.0 (Windows NT 10.0; Win64; x64) AppleWebKit/537.36 (KHTML, like Gecko) Chrome/143.0.0.0 Safari/537.36 Edg/143.0.0.0"
58.189.76.101 - - [24/Dec/2025:07:51:08 -0500] "GET /wp-content/uploads/elementor/google-fonts/fonts/robotocondensed-ievl2zhzi2ecn5jzbjeets9weq8-19k7dq.woff2 HTTP/1.1" 200 51404 "https://bahiaparaisosuites.com/wp-content/cache/minify/d4f8f.css" "Mozilla/5.0 (Windows NT 10.0; Win64; x64) AppleWebKit/537.36 (KHTML, like Gecko) Chrome/143.0.0.0 Safari/537.36 Edg/143.0.0.0"
58.189.76.101 - - [24/Dec/2025:07:51:08 -0500] "GET /wp-content/uploads/elementor/google-fonts/fonts/roboto-kfo7cnqeu92fr1me7ksn66agldtyluama3yuba.woff2 HTTP/1.1" 200 40128 "https://bahiaparaisosuites.com/wp-content/cache/minify/d4f8f.css" "Mozilla/5.0 (Windows NT 10.0; Win64; x64) AppleWebKit/537.36 (KHTML, like Gecko) Chrome/143.0.0.0 Safari/537.36 Edg/143.0.0.0"
58.189.76.101 - - [24/Dec/2025:07:51:08 -0500] "GET /wp-content/uploads/2024/11/Hotel-Bahia-Paraiso-Paisaje-01-Exterior-web-min.jpg HTTP/1.1" 200 323221 "https://bahiaparaisosuites.com/wp-content/cache/minify/94381.css" "Mozilla/5.0 (Windows NT 10.0; Win64; x64) AppleWebKit/537.36 (KHTML, like Gecko) Chrome/143.0.0.0 Safari/537.36 Edg/143.0.0.0"
58.189.76.101 - - [24/Dec/2025:07:51:08 -0500] "GET /wp-content/plugins/elementor/assets/lib/font-awesome/webfonts/fa-brands-400.woff2 HTTP/1.1" 200 81612 "https://bahiaparaisosuites.com/wp-content/cache/minify/94381.css" "Mozilla/5.0 (Windows NT 10.0; Win64; x64) AppleWebKit/537.36 (KHTML, like Gecko) Chrome/143.0.0.0 Safari/537.36 Edg/143.0.0.0"
58.189.76.101 - - [24/Dec/2025:07:51:09 -0500] "GET /wp-content/uploads/elementor/google-fonts/fonts/roboto-kfo7cnqeu92fr1me7ksn66agldtyluamaxkubgee.woff2 HTTP/1.1" 200 20408 "https://bahiaparaisosuites.com/wp-content/cache/minify/d4f8f.css" "Mozilla/5.0 (Windows NT 10.0; Win64; x64) AppleWebKit/537.36 (KHTML, like Gecko) Chrome/143.0.0.0 Safari/537.36 Edg/143.0.0.0"
58.189.76.101 - - [24/Dec/2025:07:51:09 -0500] "GET /wp-content/uploads/2025/10/fondo-pop-up.jpg HTTP/1.1" 200 6278 "https://bahiaparaisosuites.com/?_g=3260066" "Mozilla/5.0 (Windows NT 10.0; Win64; x64) AppleWebKit/537.36 (KHTML, like Gecko) Chrome/143.0.0.0 Safari/537.36 Edg/143.0.0.0"
58.189.76.101 - - [24/Dec/2025:07:51:09 -0500] "GET /wp-content/uploads/2024/11/Hotel-Bahia-Paraiso-Exterior-web-min-1024x768.jpg HTTP/1.1" 200 191442 "https://bahiaparaisosuites.com/?_g=3260066" "Mozilla/5.0 (Windows NT 10.0; Win64; x64) AppleWebKit/537.36 (KHTML, like Gecko) Chrome/143.0.0.0 Safari/537.36 Edg/143.0.0.0"
58.189.76.101 - - [24/Dec/2025:07:51:09 -0500] "GET /wp-content/uploads/2021/08/logo-21.png HTTP/1.1" 200 13944 "https://bahiaparaisosuites.com/?_g=3260066" "Mozilla/5.0 (Windows NT 10.0; Win64; x64) AppleWebKit/537.36 (KHTML, like Gecko) Chrome/143.0.0.0 Safari/537.36 Edg/143.0.0.0"
58.189.76.101 - - [24/Dec/2025:07:51:09 -0500] "GET /wp-content/uploads/2021/08/logo-v.png HTTP/1.1" 200 58496 "https://bahiaparaisosuites.com/?_g=3260066" "Mozilla/5.0 (Windows NT 10.0; Win64; x64) AppleWebKit/537.36 (KHTML, like Gecko) Chrome/143.0.0.0 Safari/537.36 Edg/143.0.0.0"
58.189.76.101 - - [24/Dec/2025:07:51:09 -0500] "GET /wp-content/plugins/elementor/assets/js/shared-frontend-handlers.03caa53373b56d3bab67.bundle.min.js HTTP/1.1" 200 8481 "https://bahiaparaisosuites.com/?_g=3260066" "Mozilla/5.0 (Windows NT 10.0; Win64; x64) AppleWebKit/537.36 (KHTML, like Gecko) Chrome/143.0.0.0 Safari/537.36 Edg/143.0.0.0"
58.189.76.101 - - [24/Dec/2025:07:51:09 -0500] "GET /wp-content/plugins/pro-elements/assets/js/nav-menu.a23fbd67486c5bedf26c.bundle.min.js HTTP/1.1" 200 5281 "https://bahiaparaisosuites.com/?_g=3260066" "Mozilla/5.0 (Windows NT 10.0; Win64; x64) AppleWebKit/537.36 (KHTML, like Gecko) Chrome/143.0.0.0 Safari/537.36 Edg/143.0.0.0"
58.189.76.101 - - [24/Dec/2025:07:51:09 -0500] "GET /wp-content/plugins/elementor/assets/js/section-frontend-handlers.d85ab872da118940910d.bundle.min.js HTTP/1.1" 200 449 "https://bahiaparaisosuites.com/?_g=3260066" "Mozilla/5.0 (Windows NT 10.0; Win64; x64) AppleWebKit/537.36 (KHTML, like Gecko) Chrome/143.0.0.0 Safari/537.36 Edg/143.0.0.0"
58.189.76.101 - - [24/Dec/2025:07:51:09 -0500] "GET /wp-content/plugins/elementor/assets/js/text-editor.45609661e409413f1cef.bundle.min.js HTTP/1.1" 200 1348 "https://bahiaparaisosuites.com/?_g=3260066" "Mozilla/5.0 (Windows NT 10.0; Win64; x64) AppleWebKit/537.36 (KHTML, like Gecko) Chrome/143.0.0.0 Safari/537.36 Edg/143.0.0.0"
58.189.76.101 - - [24/Dec/2025:07:51:10 -0500] "GET /wp-content/uploads/2024/11/Habitacion-Premium-Portada-Vertical-Hotel-Bahia-Paraiso-min.jpg HTTP/1.1" 200 523822 "https://bahiaparaisosuites.com/?_g=3260066" "Mozilla/5.0 (Windows NT 10.0; Win64; x64) AppleWebKit/537.36 (KHTML, like Gecko) Chrome/143.0.0.0 Safari/537.36 Edg/143.0.0.0"
58.189.76.101 - - [24/Dec/2025:07:51:10 -0500] "GET /wp-content/uploads/2024/11/Suite-01-Vertical-Hotel-Bahia-Paraiso-minn.jpg HTTP/1.1" 200 428811 "https://bahiaparaisosuites.com/?_g=3260066" "Mozilla/5.0 (Windows NT 10.0; Win64; x64) AppleWebKit/537.36 (KHTML, like Gecko) Chrome/143.0.0.0 Safari/537.36 Edg/143.0.0.0"
58.189.76.101 - - [24/Dec/2025:07:51:10 -0500] "GET /wp-content/uploads/2024/11/Duplex-Portada-Vertical-Hotel-Bahia-Paraiso-min.jpg HTTP/1.1" 200 535022 "https://bahiaparaisosuites.com/?_g=3260066" "Mozilla/5.0 (Windows NT 10.0; Win64; x64) AppleWebKit/537.36 (KHTML, like Gecko) Chrome/143.0.0.0 Safari/537.36 Edg/143.0.0.0"
58.189.76.101 - - [24/Dec/2025:07:51:10 -0500] "GET /wp-content/uploads/2024/11/Departamento-Vista-al-Lago-Portada-Vertical-Hotel-Bahia-Paraiso-min.jpg HTTP/1.1" 200 625885 "https://bahiaparaisosuites.com/?_g=3260066" "Mozilla/5.0 (Windows NT 10.0; Win64; x64) AppleWebKit/537.36 (KHTML, like Gecko) Chrome/143.0.0.0 Safari/537.36 Edg/143.0.0.0"
58.189.76.101 - - [24/Dec/2025:07:51:11 -0500] "GET /wp-content/uploads/2024/11/Suite-01-Vertical-Hotel-Bahia-Paraiso-minn.jpg HTTP/1.1" 200 428811 "https://bahiaparaisosuites.com/?_g=3260066" "Mozilla/5.0 (Windows NT 10.0; Win64; x64) AppleWebKit/537.36 (KHTML, like Gecko) Chrome/143.0.0.0 Safari/537.36 Edg/143.0.0.0"
58.189.76.101 - - [24/Dec/2025:07:51:11 -0500] "GET /wp-content/uploads/2024/11/testimonials.jpg HTTP/1.1" 200 63372 "https://bahiaparaisosuites.com/?_g=3260066" "Mozilla/5.0 (Windows NT 10.0; Win64; x64) AppleWebKit/537.36 (KHTML, like Gecko) Chrome/143.0.0.0 Safari/537.36 Edg/143.0.0.0"
58.189.76.101 - - [24/Dec/2025:07:51:11 -0500] "GET /wp-content/uploads/2024/11/Habitacion-Premium-Portada-Vertical-Hotel-Bahia-Paraiso-min.jpg HTTP/1.1" 200 523822 "https://bahiaparaisosuites.com/?_g=3260066" "Mozilla/5.0 (Windows NT 10.0; Win64; x64) AppleWebKit/537.36 (KHTML, like Gecko) Chrome/143.0.0.0 Safari/537.36 Edg/143.0.0.0"
58.189.76.101 - - [24/Dec/2025:07:51:11 -0500] "GET /wp-content/uploads/2024/11/Departamento-Vista-al-Lago-Portada-Vertical-Hotel-Bahia-Paraiso-min.jpg HTTP/1.1" 200 625885 "https://bahiaparaisosuites.com/?_g=3260066" "Mozilla/5.0 (Windows NT 10.0; Win64; x64) AppleWebKit/537.36 (KHTML, like Gecko) Chrome/143.0.0.0 Safari/537.36 Edg/143.0.0.0"
136.243.228.195 - - [24/Dec/2025:07:51:11 -0500] "GET /?_g=3514027 HTTP/1.1" 200 215329 "-" "Mozilla/5.0 (compatible; DataForSeoBot/1.0; +https://dataforseo.com/dataforseo-bot)"
58.189.76.101 - - [24/Dec/2025:07:51:11 -0500] "GET /wp-content/uploads/2024/11/Duplex-Portada-Vertical-Hotel-Bahia-Paraiso-min.jpg HTTP/1.1" 200 535022 "https://bahiaparaisosuites.com/?_g=3260066" "Mozilla/5.0 (Windows NT 10.0; Win64; x64) AppleWebKit/537.36 (KHTML, like Gecko) Chrome/143.0.0.0 Safari/537.36 Edg/143.0.0.0"
58.189.76.101 - - [24/Dec/2025:07:51:13 -0500] "GET /wp-content/uploads/2021/08/bp-avatar-150x150.png HTTP/1.1" 200 11361 "https://bahiaparaisosuites.com/?_g=3260066" "Mozilla/5.0 (Windows NT 10.0; Win64; x64) AppleWebKit/537.36 (KHTML, like Gecko) Chrome/143.0.0.0 Safari/537.36 Edg/143.0.0.0"
176.123.4.135 - - [24/Dec/2025:07:51:12 -0500] "GET /wp-login.php HTTP/1.1" 200 10902 "https://wordpress.org/" "Mozilla/5.0 (Windows NT 10.0; Win64; x64; rv:119.0) Gecko/20100101 Firefox/119.0"
176.123.4.135 - - [24/Dec/2025:07:51:13 -0500] "GET /?author=1 HTTP/1.1" 500 2528 "https://duckduckgo.com/" "Mozilla/5.0 (Macintosh; Intel Mac OS X 13_6_1) AppleWebKit/605.1.15 (KHTML, like Gecko) Version/16.6 Safari/605.1.15"
136.243.228.195 - - [24/Dec/2025:07:51:14 -0500] "GET /?_g=2082192 HTTP/1.1" 200 215329 "-" "Mozilla/5.0 (compatible; DataForSeoBot/1.0; +https://dataforseo.com/dataforseo-bot)"
136.243.228.195 - - [24/Dec/2025:07:51:18 -0500] "GET /?_g=2859067 HTTP/1.1" 200 215329 "-" "Mozilla/5.0 (compatible; DataForSeoBot/1.0; +https://dataforseo.com/dataforseo-bot)"
198.50.127.198 - - [24/Dec/2025:07:51:21 -0500] "POST /wp-cron.php?doing_wp_cron=1766580681.4559259414672851562500 HTTP/1.1" 200 - "-" "WordPress/6.9; https://bahiaparaisosuites.com"
57.141.20.31 - - [24/Dec/2025:07:51:21 -0500] "GET /?_g=1212156 HTTP/1.1" 200 215329 "-" "meta-externalagent/1.1 (+https://developers.facebook.com/docs/sharing/webmasters/crawler)"
136.243.228.195 - - [24/Dec/2025:07:51:23 -0500] "GET /?_g=1963295 HTTP/1.1" 200 215329 "-" "Mozilla/5.0 (compatible; DataForSeoBot/1.0; +https://dataforseo.com/dataforseo-bot)"
57.141.20.6 - - [24/Dec/2025:07:51:26 -0500] "GET /?_g=1608315 HTTP/1.1" 200 215329 "-" "meta-externalagent/1.1 (+https://developers.facebook.com/docs/sharing/webmasters/crawler)"
176.123.4.135 - - [24/Dec/2025:07:51:26 -0500] "GET /?author=2 HTTP/1.1" 500 2528 "" "Mozilla/5.0 (X11; Ubuntu; Linux x86_64) AppleWebKit/537.36 (KHTML, like Gecko) Chrome/121.0.0.0 Safari/537.36"
136.243.228.195 - - [24/Dec/2025:07:51:26 -0500] "GET /?_g=3494957 HTTP/1.1" 200 215329 "-" "Mozilla/5.0 (compatible; DataForSeoBot/1.0; +https://dataforseo.com/dataforseo-bot)"
198.50.127.198 - - [24/Dec/2025:07:51:31 -0500] "POST /wp-cron.php?doing_wp_cron=1766580691.0647900104522705078125 HTTP/1.1" 200 - "-" "WordPress/6.9; https://bahiaparaisosuites.com"
57.141.20.31 - - [24/Dec/2025:07:51:31 -0500] "GET /?_g=3782488 HTTP/1.1" 200 215329 "-" "meta-externalagent/1.1 (+https://developers.facebook.com/docs/sharing/webmasters/crawler)"
136.243.228.195 - - [24/Dec/2025:07:51:30 -0500] "GET /?_g=1534018 HTTP/1.1" 200 215329 "-" "Mozilla/5.0 (compatible; DataForSeoBot/1.0; +https://dataforseo.com/dataforseo-bot)"
85.208.96.193 - - [24/Dec/2025:07:51:32 -0500] "GET /?_g=2408523 HTTP/1.1" 200 215329 "-" "Mozilla/5.0 (compatible; SemrushBot/7~bl; +http://www.semrush.com/bot.html)"
85.208.96.202 - - [24/Dec/2025:07:51:33 -0500] "GET /?_g=1456104 HTTP/1.1" 200 215329 "-" "Mozilla/5.0 (compatible; SemrushBot/7~bl; +http://www.semrush.com/bot.html)"
136.243.228.195 - - [24/Dec/2025:07:51:34 -0500] "GET /?_g=3517409 HTTP/1.1" 200 215329 "-" "Mozilla/5.0 (compatible; DataForSeoBot/1.0; +https://dataforseo.com/dataforseo-bot)"
57.141.20.43 - - [24/Dec/2025:07:51:38 -0500] "GET /?_g=1116797 HTTP/1.1" 200 215329 "-" "meta-externalagent/1.1 (+https://developers.facebook.com/docs/sharing/webmasters/crawler)"
136.243.228.195 - - [24/Dec/2025:07:51:38 -0500] "GET /?_g=3113743 HTTP/1.1" 200 215329 "-" "Mozilla/5.0 (compatible; DataForSeoBot/1.0; +https://dataforseo.com/dataforseo-bot)"
198.50.127.198 - - [24/Dec/2025:07:51:40 -0500] "POST /wp-cron.php?doing_wp_cron=1766580700.0912120342254638671875 HTTP/1.1" 200 - "-" "WordPress/6.9; https://bahiaparaisosuites.com"
176.123.4.135 - - [24/Dec/2025:07:51:39 -0500] "GET /?author=3 HTTP/1.1" 500 2528 "-" "Mozilla/5.0 (Windows NT 11.0; Win64; x64) AppleWebKit/537.36 (KHTML, like Gecko) Chrome/119.0.0.0 Safari/537.36"
85.208.96.212 - - [24/Dec/2025:07:51:39 -0500] "GET /?_g=2570952 HTTP/1.1" 200 215329 "-" "Mozilla/5.0 (compatible; SemrushBot/7~bl; +http://www.semrush.com/bot.html)"
57.141.20.57 - - [24/Dec/2025:07:51:42 -0500] "GET /?_g=137621 HTTP/1.1" 200 215329 "-" "meta-externalagent/1.1 (+https://developers.facebook.com/docs/sharing/webmasters/crawler)"
57.141.20.40 - - [24/Dec/2025:07:51:43 -0500] "GET /?_g=2890087 HTTP/1.1" 200 215329 "-" "meta-externalagent/1.1 (+https://developers.facebook.com/docs/sharing/webmasters/crawler)"
136.243.228.195 - - [24/Dec/2025:07:51:43 -0500] "GET /?_g=2911026 HTTP/1.1" 200 215329 "-" "Mozilla/5.0 (compatible; DataForSeoBot/1.0; +https://dataforseo.com/dataforseo-bot)"
57.141.20.13 - - [24/Dec/2025:07:51:44 -0500] "GET /?_g=3363194 HTTP/1.1" 200 215329 "-" "meta-externalagent/1.1 (+https://developers.facebook.com/docs/sharing/webmasters/crawler)"
85.208.96.210 - - [24/Dec/2025:07:51:45 -0500] "GET /?_g=3987232 HTTP/1.1" 200 215329 "-" "Mozilla/5.0 (compatible; SemrushBot/7~bl; +http://www.semrush.com/bot.html)"
185.191.171.17 - - [24/Dec/2025:07:51:46 -0500] "GET /?_g=3439782 HTTP/1.1" 200 215329 "-" "Mozilla/5.0 (compatible; SemrushBot/7~bl; +http://www.semrush.com/bot.html)"
136.243.228.195 - - [24/Dec/2025:07:51:46 -0500] "GET /?_g=2448366 HTTP/1.1" 200 215329 "-" "Mozilla/5.0 (compatible; DataForSeoBot/1.0; +https://dataforseo.com/dataforseo-bot)"
198.50.127.198 - - [24/Dec/2025:07:51:49 -0500] "POST /wp-cron.php?doing_wp_cron=1766580709.4546709060668945312500 HTTP/1.1" 200 - "-" "WordPress/6.9; https://bahiaparaisosuites.com"
57.141.20.17 - - [24/Dec/2025:07:51:49 -0500] "GET /?_g=366454 HTTP/1.1" 200 215329 "-" "meta-externalagent/1.1 (+https://developers.facebook.com/docs/sharing/webmasters/crawler)"
57.141.20.43 - - [24/Dec/2025:07:51:52 -0500] "GET /?_g=1415618 HTTP/1.1" 200 215329 "-" "meta-externalagent/1.1 (+https://developers.facebook.com/docs/sharing/webmasters/crawler)"
176.123.4.135 - - [24/Dec/2025:07:51:52 -0500] "GET /?author=4 HTTP/1.1" 500 2528 "https://www.google.com/" "Mozilla/5.0 (Macintosh; Intel Mac OS X 10_15_7) AppleWebKit/537.36 (KHTML, like Gecko) Chrome/121.0.0.0 Safari/537.36"
198.50.127.198 - - [24/Dec/2025:07:52:00 -0500] "POST /wp-cron.php?doing_wp_cron=1766580720.5990691184997558593750 HTTP/1.1" 200 - "-" "WordPress/6.9; https://bahiaparaisosuites.com"
85.208.96.196 - - [24/Dec/2025:07:52:00 -0500] "GET /?_g=1909604 HTTP/1.1" 200 215329 "-" "Mozilla/5.0 (compatible; SemrushBot/7~bl; +http://www.semrush.com/bot.html)"
176.123.4.135 - - [24/Dec/2025:07:52:06 -0500] "GET /?author=5 HTTP/1.1" 500 2528 "https://www.google.com/search?q=wordpress" "Mozilla/5.0 (Windows NT 11.0; Win64; x64; rv:119.0) Gecko/20100101 Firefox/119.0"
198.50.127.198 - - [24/Dec/2025:07:52:12 -0500] "POST /wp-cron.php?doing_wp_cron=1766580732.4252591133117675781250 HTTP/1.1" 200 - "-" "WordPress/6.9; https://bahiaparaisosuites.com"
57.141.20.43 - - [24/Dec/2025:07:52:12 -0500] "GET /?_g=1772888 HTTP/1.1" 200 215329 "-" "meta-externalagent/1.1 (+https://developers.facebook.com/docs/sharing/webmasters/crawler)"
106.152.232.2 - - [24/Dec/2025:07:52:14 -0500] "GET /?_g=685626 HTTP/1.1" 200 421 "https://www.google.com/" "Mozilla/5.0 (iPhone; CPU iPhone OS 18_7 like Mac OS X) AppleWebKit/605.1.15 (KHTML, like Gecko) Version/26.1 Mobile/15E148 Safari/604.1"
185.191.171.5 - - [24/Dec/2025:07:52:15 -0500] "GET /?_g=1864437 HTTP/1.1" 200 215329 "-" "Mozilla/5.0 (compatible; SemrushBot/7~bl; +http://www.semrush.com/bot.html)"
198.50.127.198 - - [24/Dec/2025:07:52:20 -0500] "POST /wp-cron.php?doing_wp_cron=1766580740.2889220714569091796875 HTTP/1.1" 200 - "-" "WordPress/6.9; https://bahiaparaisosuites.com"
57.141.20.3 - - [24/Dec/2025:07:52:19 -0500] "GET /?_g=2341575 HTTP/1.1" 200 215329 "-" "meta-externalagent/1.1 (+https://developers.facebook.com/docs/sharing/webmasters/crawler)"
198.50.127.198 - - [24/Dec/2025:07:52:20 -0500] "POST /wp-cron.php?doing_wp_cron=1766580740.5918591022491455078125 HTTP/1.1" 200 - "-" "WordPress/6.9; https://bahiaparaisosuites.com"
176.123.4.135 - - [24/Dec/2025:07:52:19 -0500] "GET /wp-json/wp/v2/users HTTP/1.1" 401 121 "https://www.google.com/" "Mozilla/5.0 (X11; Linux x86_64) AppleWebKit/537.36 (KHTML, like Gecko) Chrome/120.0.0.0 Safari/537.36"
176.123.4.135 - - [24/Dec/2025:07:52:20 -0500] "POST /wp-login.php HTTP/1.1" 503 19547 "https://bahiaparaisosuites.com/wp-login.php" "Mozilla/5.0 (Macintosh; Intel Mac OS X 13_6_1) AppleWebKit/605.1.15 (KHTML, like Gecko) Version/17.1 Safari/605.1.15"
66.249.64.233 - - [24/Dec/2025:07:52:21 -0500] "GET /?_g=2348087 HTTP/1.1" 200 184936 "-" "Mozilla/5.0 (compatible; Googlebot/2.1; +http://www.google.com/bot.html)"
85.208.96.205 - - [24/Dec/2025:07:52:25 -0500] "GET /?_g=3900683 HTTP/1.1" 200 215329 "-" "Mozilla/5.0 (compatible; SemrushBot/7~bl; +http://www.semrush.com/bot.html)"
57.141.20.4 - - [24/Dec/2025:07:52:25 -0500] "GET /?_g=509357 HTTP/1.1" 200 215329 "-" "meta-externalagent/1.1 (+https://developers.facebook.com/docs/sharing/webmasters/crawler)"
57.141.20.43 - - [24/Dec/2025:07:52:26 -0500] "GET /?_g=835135 HTTP/1.1" 200 215329 "-" "meta-externalagent/1.1 (+https://developers.facebook.com/docs/sharing/webmasters/crawler)"
57.141.20.43 - - [24/Dec/2025:07:52:30 -0500] "GET /?_g=263608 HTTP/1.1" 200 215329 "-" "meta-externalagent/1.1 (+https://developers.facebook.com/docs/sharing/webmasters/crawler)"
57.141.20.43 - - [24/Dec/2025:07:52:32 -0500] "GET /?_g=4089923 HTTP/1.1" 200 215329 "-" "meta-externalagent/1.1 (+https://developers.facebook.com/docs/sharing/webmasters/crawler)"
176.123.4.135 - - [24/Dec/2025:07:52:35 -0500] "GET /wp-admin/index.php HTTP/1.1" 503 19545 "https://bahiaparaisosuites.com/wp-login.php" "Mozilla/5.0 (Macintosh; Intel Mac OS X 13_6_1) AppleWebKit/605.1.15 (KHTML, like Gecko) Version/16.6 Safari/605.1.15"
57.141.20.39 - - [24/Dec/2025:07:52:37 -0500] "GET /?_g=2361975 HTTP/1.1" 200 215329 "-" "meta-externalagent/1.1 (+https://developers.facebook.com/docs/sharing/webmasters/crawler)"
136.243.228.195 - - [24/Dec/2025:07:52:41 -0500] "GET /?_g=3078402 HTTP/1.1" 200 215329 "-" "Mozilla/5.0 (compatible; DataForSeoBot/1.0; +https://dataforseo.com/dataforseo-bot)"
185.191.171.6 - - [24/Dec/2025:07:52:43 -0500] "GET /?_g=2219917 HTTP/1.1" 200 215329 "-" "Mozilla/5.0 (compatible; SemrushBot/7~bl; +http://www.semrush.com/bot.html)"
136.243.228.195 - - [24/Dec/2025:07:52:45 -0500] "GET /?_g=1538721 HTTP/1.1" 200 215329 "-" "Mozilla/5.0 (compatible; DataForSeoBot/1.0; +https://dataforseo.com/dataforseo-bot)"
176.123.4.135 - - [24/Dec/2025:07:52:49 -0500] "GET /wp-admin/profile.php HTTP/1.1" 503 19545 "https://bahiaparaisosuites.com/wp-login.php" "Mozilla/5.0 (Macintosh; Intel Mac OS X 13_6_1) AppleWebKit/605.1.15 (KHTML, like Gecko) Version/16.6 Safari/605.1.15"
136.243.228.195 - - [24/Dec/2025:07:52:49 -0500] "GET /?_g=2102234 HTTP/1.1" 200 215329 "-" "Mozilla/5.0 (compatible; DataForSeoBot/1.0; +https://dataforseo.com/dataforseo-bot)"
85.208.96.198 - - [24/Dec/2025:07:52:51 -0500] "GET /?_g=1954671 HTTP/1.1" 200 215329 "-" "Mozilla/5.0 (compatible; SemrushBot/7~bl; +http://www.semrush.com/bot.html)"
136.243.228.195 - - [24/Dec/2025:07:52:53 -0500] "GET /?_g=3125192 HTTP/1.1" 200 215329 "-" "Mozilla/5.0 (compatible; DataForSeoBot/1.0; +https://dataforseo.com/dataforseo-bot)"
57.141.20.46 - - [24/Dec/2025:07:52:54 -0500] "GET /?_g=3274976 HTTP/1.1" 200 215329 "-" "meta-externalagent/1.1 (+https://developers.facebook.com/docs/sharing/webmasters/crawler)"
57.141.20.43 - - [24/Dec/2025:07:52:55 -0500] "GET /?_g=2950886 HTTP/1.1" 200 215329 "-" "meta-externalagent/1.1 (+https://developers.facebook.com/docs/sharing/webmasters/crawler)"
136.243.228.195 - - [24/Dec/2025:07:52:57 -0500] "GET /?_g=4061080 HTTP/1.1" 200 215329 "-" "Mozilla/5.0 (compatible; DataForSeoBot/1.0; +https://dataforseo.com/dataforseo-bot)"
85.208.96.193 - - [24/Dec/2025:07:52:58 -0500] "GET /?_g=1134047 HTTP/1.1" 200 215329 "-" "Mozilla/5.0 (compatible; SemrushBot/7~bl; +http://www.semrush.com/bot.html)"
136.243.228.195 - - [24/Dec/2025:07:53:01 -0500] "GET /?_g=1592261 HTTP/1.1" 200 215329 "-" "Mozilla/5.0 (compatible; DataForSeoBot/1.0; +https://dataforseo.com/dataforseo-bot)"
207.46.13.86 - - [24/Dec/2025:07:53:02 -0500] "GET /index.php//?_g=329472 HTTP/1.1" 200 181081 "-" "Mozilla/5.0 AppleWebKit/537.36 (KHTML, like Gecko; compatible; bingbot/2.0; +http://www.bing.com/bingbot.htm) Chrome/116.0.1938.76 Safari/537.36"
176.123.4.135 - - [24/Dec/2025:07:53:02 -0500] "GET /wp-admin/edit.php HTTP/1.1" 503 19545 "https://bahiaparaisosuites.com/wp-login.php" "Mozilla/5.0 (Macintosh; Intel Mac OS X 13_6_1) AppleWebKit/605.1.15 (KHTML, like Gecko) Version/16.6 Safari/605.1.15"
66.249.64.43 - - [24/Dec/2025:07:53:02 -0500] "GET /?_g=2107225 HTTP/1.1" 200 183558 "-" "Mozilla/5.0 (compatible; Googlebot/2.1; +http://www.google.com/bot.html)"
136.243.228.195 - - [24/Dec/2025:07:53:05 -0500] "GET /?_g=3159126 HTTP/1.1" 200 215329 "-" "Mozilla/5.0 (compatible; DataForSeoBot/1.0; +https://dataforseo.com/dataforseo-bot)"
57.141.20.54 - - [24/Dec/2025:07:53:06 -0500] "GET /?_g=1496977 HTTP/1.1" 200 215329 "-" "meta-externalagent/1.1 (+https://developers.facebook.com/docs/sharing/webmasters/crawler)"
57.141.20.36 - - [24/Dec/2025:07:53:06 -0500] "GET /?_g=1007551 HTTP/1.1" 200 215329 "-" "meta-externalagent/1.1 (+https://developers.facebook.com/docs/sharing/webmasters/crawler)"
40.77.167.35 - - [24/Dec/2025:07:53:08 -0500] "GET /index.php//?_g=3711883 HTTP/1.1" 200 179221 "-" "Mozilla/5.0 AppleWebKit/537.36 (KHTML, like Gecko; compatible; bingbot/2.0; +http://www.bing.com/bingbot.htm) Chrome/116.0.1938.76 Safari/537.36"
136.243.228.195 - - [24/Dec/2025:07:53:09 -0500] "GET /?_g=1628333 HTTP/1.1" 200 215329 "-" "Mozilla/5.0 (compatible; DataForSeoBot/1.0; +https://dataforseo.com/dataforseo-bot)"
57.141.20.27 - - [24/Dec/2025:07:53:11 -0500] "GET /?_g=2687699 HTTP/1.1" 200 215329 "-" "meta-externalagent/1.1 (+https://developers.facebook.com/docs/sharing/webmasters/crawler)"
136.243.228.195 - - [24/Dec/2025:07:53:14 -0500] "GET /?_g=2051689 HTTP/1.1" 200 215329 "-" "Mozilla/5.0 (compatible; DataForSeoBot/1.0; +https://dataforseo.com/dataforseo-bot)"
176.123.4.135 - - [24/Dec/2025:07:53:15 -0500] "GET /wp-admin/plugins.php HTTP/1.1" 503 19545 "https://bahiaparaisosuites.com/wp-login.php" "Mozilla/5.0 (Macintosh; Intel Mac OS X 13_6_1) AppleWebKit/605.1.15 (KHTML, like Gecko) Version/16.6 Safari/605.1.15"
85.208.96.201 - - [24/Dec/2025:07:53:16 -0500] "GET /?_g=2790956 HTTP/1.1" 200 215329 "-" "Mozilla/5.0 (compatible; SemrushBot/7~bl; +http://www.semrush.com/bot.html)"
57.141.20.38 - - [24/Dec/2025:07:53:16 -0500] "GET /?_g=931507 HTTP/1.1" 200 215329 "-" "meta-externalagent/1.1 (+https://developers.facebook.com/docs/sharing/webmasters/crawler)"
136.243.228.195 - - [24/Dec/2025:07:53:17 -0500] "GET /?_g=3795486 HTTP/1.1" 200 215329 "-" "Mozilla/5.0 (compatible; DataForSeoBot/1.0; +https://dataforseo.com/dataforseo-bot)"
198.50.127.198 - - [24/Dec/2025:07:53:21 -0500] "POST /wp-cron.php?doing_wp_cron=1766580801.5769910812377929687500 HTTP/1.1" 200 - "-" "WordPress/6.9; https://bahiaparaisosuites.com"
185.191.171.7 - - [24/Dec/2025:07:53:21 -0500] "GET /?_g=1501646 HTTP/1.1" 200 215329 "-" "Mozilla/5.0 (compatible; SemrushBot/7~bl; +http://www.semrush.com/bot.html)"
198.50.127.198 - - [24/Dec/2025:07:53:21 -0500] "POST /wp-cron.php?doing_wp_cron=1766580801.9263269901275634765625 HTTP/1.1" 200 - "-" "WordPress/6.9; https://bahiaparaisosuites.com"
136.243.228.195 - - [24/Dec/2025:07:53:21 -0500] "GET /?_g=2180571 HTTP/1.1" 200 215329 "-" "Mozilla/5.0 (compatible; DataForSeoBot/1.0; +https://dataforseo.com/dataforseo-bot)"
136.243.228.195 - - [24/Dec/2025:07:53:25 -0500] "GET /?_g=4075954 HTTP/1.1" 200 215329 "-" "Mozilla/5.0 (compatible; DataForSeoBot/1.0; +https://dataforseo.com/dataforseo-bot)"
176.123.4.135 - - [24/Dec/2025:07:53:29 -0500] "POST /wp-login.php HTTP/1.1" 503 18253 "https://bahiaparaisosuites.com/wp-login.php" "Mozilla/5.0 (Macintosh; Intel Mac OS X 13_6_1; rv:121.0) Gecko/20100101 Firefox/121.0"
198.50.127.198 - - [24/Dec/2025:07:53:29 -0500] "POST /wp-cron.php?doing_wp_cron=1766580809.9274199008941650390625 HTTP/1.1" 200 - "-" "WordPress/6.9; https://bahiaparaisosuites.com"
198.50.127.198 - - [24/Dec/2025:07:53:29 -0500] "POST /?wordfence_syncAttackData=1766580809.6895 HTTP/1.1" 200 - "-" "WordPress/6.9; https://bahiaparaisosuites.com"
198.50.127.198 - - [24/Dec/2025:07:53:30 -0500] "POST /wp-cron.php?doing_wp_cron=1766580810.3046998977661132812500 HTTP/1.1" 200 - "-" "WordPress/6.9; https://bahiaparaisosuites.com"
136.243.228.195 - - [24/Dec/2025:07:53:29 -0500] "GET /?_g=3394106 HTTP/1.1" 200 215329 "-" "Mozilla/5.0 (compatible; DataForSeoBot/1.0; +https://dataforseo.com/dataforseo-bot)"
136.243.228.195 - - [24/Dec/2025:07:53:33 -0500] "GET /?_g=844173 HTTP/1.1" 200 215329 "-" "Mozilla/5.0 (compatible; DataForSeoBot/1.0; +https://dataforseo.com/dataforseo-bot)"
136.243.228.195 - - [24/Dec/2025:07:53:38 -0500] "GET /?_g=1552161 HTTP/1.1" 200 215329 "-" "Mozilla/5.0 (compatible; DataForSeoBot/1.0; +https://dataforseo.com/dataforseo-bot)"
176.123.4.135 - - [24/Dec/2025:07:53:42 -0500] "GET /wp-admin/index.php HTTP/1.1" 503 19545 "https://bahiaparaisosuites.com/wp-login.php" "Mozilla/5.0 (Windows NT 10.0; Win64; x64) AppleWebKit/537.36 (KHTML, like Gecko) Chrome/118.0.0.0 Safari/537.36"
136.243.228.195 - - [24/Dec/2025:07:53:41 -0500] "GET /?_g=1218386 HTTP/1.1" 200 215329 "-" "Mozilla/5.0 (compatible; DataForSeoBot/1.0; +https://dataforseo.com/dataforseo-bot)"
85.208.96.205 - - [24/Dec/2025:07:53:43 -0500] "GET /?_g=1672891 HTTP/1.1" 200 215329 "-" "Mozilla/5.0 (compatible; SemrushBot/7~bl; +http://www.semrush.com/bot.html)"
57.141.20.20 - - [24/Dec/2025:07:53:44 -0500] "GET /?_g=2825379 HTTP/1.1" 200 215329 "-" "meta-externalagent/1.1 (+https://developers.facebook.com/docs/sharing/webmasters/crawler)"
136.243.228.195 - - [24/Dec/2025:07:53:45 -0500] "GET /?_g=333337 HTTP/1.1" 200 215329 "-" "Mozilla/5.0 (compatible; DataForSeoBot/1.0; +https://dataforseo.com/dataforseo-bot)"
185.191.171.12 - - [24/Dec/2025:07:53:49 -0500] "GET /?_g=3462557 HTTP/1.1" 200 215329 "-" "Mozilla/5.0 (compatible; SemrushBot/7~bl; +http://www.semrush.com/bot.html)"
136.243.228.195 - - [24/Dec/2025:07:53:49 -0500] "GET /?_g=1290836 HTTP/1.1" 200 215329 "-" "Mozilla/5.0 (compatible; DataForSeoBot/1.0; +https://dataforseo.com/dataforseo-bot)"
57.141.20.26 - - [24/Dec/2025:07:53:50 -0500] "GET /?_g=2714215 HTTP/1.1" 200 215329 "-" "meta-externalagent/1.1 (+https://developers.facebook.com/docs/sharing/webmasters/crawler)"
57.141.20.43 - - [24/Dec/2025:07:53:51 -0500] "GET /?_g=2595627 HTTP/1.1" 200 215329 "-" "meta-externalagent/1.1 (+https://developers.facebook.com/docs/sharing/webmasters/crawler)"
207.46.13.86 - - [24/Dec/2025:07:53:51 -0500] "GET /index.php/shop/pg/1005024010//?_g=1550797 HTTP/1.1" 200 187270 "-" "Mozilla/5.0 AppleWebKit/537.36 (KHTML, like Gecko; compatible; bingbot/2.0; +http://www.bing.com/bingbot.htm) Chrome/116.0.1938.76 Safari/537.36"
57.141.20.48 - - [24/Dec/2025:07:53:53 -0500] "GET /?_g=1313005 HTTP/1.1" 200 215329 "-" "meta-externalagent/1.1 (+https://developers.facebook.com/docs/sharing/webmasters/crawler)"
136.243.228.195 - - [24/Dec/2025:07:53:53 -0500] "GET /?_g=1000760 HTTP/1.1" 200 215329 "-" "Mozilla/5.0 (compatible; DataForSeoBot/1.0; +https://dataforseo.com/dataforseo-bot)"
176.123.4.135 - - [24/Dec/2025:07:53:56 -0500] "GET /wp-admin/profile.php HTTP/1.1" 503 19545 "https://bahiaparaisosuites.com/wp-login.php" "Mozilla/5.0 (Windows NT 10.0; Win64; x64) AppleWebKit/537.36 (KHTML, like Gecko) Chrome/118.0.0.0 Safari/537.36"
57.141.20.13 - - [24/Dec/2025:07:53:57 -0500] "GET /?_g=1499373 HTTP/1.1" 200 215329 "-" "meta-externalagent/1.1 (+https://developers.facebook.com/docs/sharing/webmasters/crawler)"
136.243.228.195 - - [24/Dec/2025:07:53:57 -0500] "GET /?_g=1969169 HTTP/1.1" 200 215329 "-" "Mozilla/5.0 (compatible; DataForSeoBot/1.0; +https://dataforseo.com/dataforseo-bot)"
57.141.20.43 - - [24/Dec/2025:07:53:59 -0500] "GET /?_g=3576317 HTTP/1.1" 200 215329 "-" "meta-externalagent/1.1 (+https://developers.facebook.com/docs/sharing/webmasters/crawler)"
136.243.228.195 - - [24/Dec/2025:07:54:01 -0500] "GET /?_g=2456491 HTTP/1.1" 200 215329 "-" "Mozilla/5.0 (compatible; DataForSeoBot/1.0; +https://dataforseo.com/dataforseo-bot)"
136.243.228.195 - - [24/Dec/2025:07:54:05 -0500] "GET /?_g=310842 HTTP/1.1" 200 215329 "-" "Mozilla/5.0 (compatible; DataForSeoBot/1.0; +https://dataforseo.com/dataforseo-bot)"
176.123.4.135 - - [24/Dec/2025:07:54:10 -0500] "GET /wp-admin/edit.php HTTP/1.1" 503 19545 "https://bahiaparaisosuites.com/wp-login.php" "Mozilla/5.0 (Windows NT 10.0; Win64; x64) AppleWebKit/537.36 (KHTML, like Gecko) Chrome/118.0.0.0 Safari/537.36"
136.243.228.195 - - [24/Dec/2025:07:54:09 -0500] "GET /?_g=2337821 HTTP/1.1" 200 215329 "-" "Mozilla/5.0 (compatible; DataForSeoBot/1.0; +https://dataforseo.com/dataforseo-bot)"
136.243.228.195 - - [24/Dec/2025:07:54:13 -0500] "GET /?_g=163194 HTTP/1.1" 200 215329 "-" "Mozilla/5.0 (compatible; DataForSeoBot/1.0; +https://dataforseo.com/dataforseo-bot)"
52.167.144.171 - - [24/Dec/2025:07:54:16 -0500] "GET /index.php//?_g=359736 HTTP/1.1" 200 179587 "-" "Mozilla/5.0 AppleWebKit/537.36 (KHTML, like Gecko; compatible; bingbot/2.0; +http://www.bing.com/bingbot.htm) Chrome/116.0.1938.76 Safari/537.36"
136.243.228.195 - - [24/Dec/2025:07:54:17 -0500] "GET /?_g=88019 HTTP/1.1" 200 215329 "-" "Mozilla/5.0 (compatible; DataForSeoBot/1.0; +https://dataforseo.com/dataforseo-bot)"
136.243.228.195 - - [24/Dec/2025:07:54:21 -0500] "GET /?_g=1436100 HTTP/1.1" 200 215329 "-" "Mozilla/5.0 (compatible; DataForSeoBot/1.0; +https://dataforseo.com/dataforseo-bot)"
