74.7.227.39 - - [24/Dec/2025:08:11:22 -0500] "GET /?_g=653280 HTTP/1.1" 200 215329 "-" "Mozilla/5.0 AppleWebKit/537.36 (KHTML, like Gecko; compatible; GPTBot/1.3; +https://openai.com/gptbot)"
74.7.227.39 - - [24/Dec/2025:08:11:23 -0500] "GET /?_g=142036 HTTP/1.1" 200 215329 "-" "Mozilla/5.0 AppleWebKit/537.36 (KHTML, like Gecko; compatible; GPTBot/1.3; +https://openai.com/gptbot)"
136.243.228.195 - - [24/Dec/2025:08:11:22 -0500] "GET /?_g=3087199 HTTP/1.1" 200 215329 "-" "Mozilla/5.0 (compatible; DataForSeoBot/1.0; +https://dataforseo.com/dataforseo-bot)"
74.7.227.39 - - [24/Dec/2025:08:11:23 -0500] "GET /?_g=531426 HTTP/1.1" 200 215329 "-" "Mozilla/5.0 AppleWebKit/537.36 (KHTML, like Gecko; compatible; GPTBot/1.3; +https://openai.com/gptbot)"
74.7.227.39 - - [24/Dec/2025:08:11:24 -0500] "GET /?_g=480692 HTTP/1.1" 200 215329 "-" "Mozilla/5.0 AppleWebKit/537.36 (KHTML, like Gecko; compatible; GPTBot/1.3; +https://openai.com/gptbot)"
74.7.227.39 - - [24/Dec/2025:08:11:24 -0500] "GET /?_g=925716 HTTP/1.1" 200 215329 "-" "Mozilla/5.0 AppleWebKit/537.36 (KHTML, like Gecko; compatible; GPTBot/1.3; +https://openai.com/gptbot)"
74.7.227.39 - - [24/Dec/2025:08:11:25 -0500] "GET /?_g=708962 HTTP/1.1" 200 215329 "-" "Mozilla/5.0 AppleWebKit/537.36 (KHTML, like Gecko; compatible; GPTBot/1.3; +https://openai.com/gptbot)"
74.7.227.39 - - [24/Dec/2025:08:11:25 -0500] "GET /?_g=235064 HTTP/1.1" 200 215329 "-" "Mozilla/5.0 AppleWebKit/537.36 (KHTML, like Gecko; compatible; GPTBot/1.3; +https://openai.com/gptbot)"
185.191.171.3 - - [24/Dec/2025:08:11:26 -0500] "GET /?_g=1582517 HTTP/1.1" 200 215329 "-" "Mozilla/5.0 (compatible; SemrushBot/7~bl; +http://www.semrush.com/bot.html)"
74.7.227.39 - - [24/Dec/2025:08:11:26 -0500] "GET /?_g=126795 HTTP/1.1" 200 215329 "-" "Mozilla/5.0 AppleWebKit/537.36 (KHTML, like Gecko; compatible; GPTBot/1.3; +https://openai.com/gptbot)"
66.249.64.233 - - [24/Dec/2025:08:11:26 -0500] "GET /?_g=6458 HTTP/1.1" 200 177804 "-" "Mozilla/5.0 (Linux; Android 6.0.1; Nexus 5X Build/MMB29P) AppleWebKit/537.36 (KHTML, like Gecko) Chrome/141.0.7390.122 Mobile Safari/537.36 (compatible; Googlebot/2.1; +http://www.google.com/bot.html)"
74.7.227.39 - - [24/Dec/2025:08:11:27 -0500] "GET /?_g=804935 HTTP/1.1" 200 215329 "-" "Mozilla/5.0 AppleWebKit/537.36 (KHTML, like Gecko; compatible; GPTBot/1.3; +https://openai.com/gptbot)"
136.243.228.195 - - [24/Dec/2025:08:11:26 -0500] "GET /?_g=2585955 HTTP/1.1" 200 215329 "-" "Mozilla/5.0 (compatible; DataForSeoBot/1.0; +https://dataforseo.com/dataforseo-bot)"
74.7.227.39 - - [24/Dec/2025:08:11:27 -0500] "GET /?_g=189624 HTTP/1.1" 200 215329 "-" "Mozilla/5.0 AppleWebKit/537.36 (KHTML, like Gecko; compatible; GPTBot/1.3; +https://openai.com/gptbot)"
74.7.227.39 - - [24/Dec/2025:08:11:28 -0500] "GET /?_g=864192 HTTP/1.1" 200 215329 "-" "Mozilla/5.0 AppleWebKit/537.36 (KHTML, like Gecko; compatible; GPTBot/1.3; +https://openai.com/gptbot)"
198.50.127.198 - - [24/Dec/2025:08:11:29 -0500] "POST /wp-cron.php?doing_wp_cron=1766581889.3130199909210205078125 HTTP/1.1" 200 - "-" "WordPress/6.9; https://bahiaparaisosuites.com"
74.7.227.39 - - [24/Dec/2025:08:11:28 -0500] "GET /?_g=623189 HTTP/1.1" 200 215329 "-" "Mozilla/5.0 AppleWebKit/537.36 (KHTML, like Gecko; compatible; GPTBot/1.3; +https://openai.com/gptbot)"
185.191.171.15 - - [24/Dec/2025:08:11:28 -0500] "GET /?_g=3509402 HTTP/1.1" 200 215329 "-" "Mozilla/5.0 (compatible; SemrushBot/7~bl; +http://www.semrush.com/bot.html)"
74.7.227.39 - - [24/Dec/2025:08:11:29 -0500] "GET /?_g=192384 HTTP/1.1" 200 215329 "-" "Mozilla/5.0 AppleWebKit/537.36 (KHTML, like Gecko; compatible; GPTBot/1.3; +https://openai.com/gptbot)"
74.7.227.39 - - [24/Dec/2025:08:11:30 -0500] "GET /?_g=956842 HTTP/1.1" 200 215329 "-" "Mozilla/5.0 AppleWebKit/537.36 (KHTML, like Gecko; compatible; GPTBot/1.3; +https://openai.com/gptbot)"
74.7.227.39 - - [24/Dec/2025:08:11:30 -0500] "GET /?_g=975241 HTTP/1.1" 200 215329 "-" "Mozilla/5.0 AppleWebKit/537.36 (KHTML, like Gecko; compatible; GPTBot/1.3; +https://openai.com/gptbot)"
74.7.227.39 - - [24/Dec/2025:08:11:31 -0500] "GET /?_g=853607 HTTP/1.1" 200 215329 "-" "Mozilla/5.0 AppleWebKit/537.36 (KHTML, like Gecko; compatible; GPTBot/1.3; +https://openai.com/gptbot)"
136.243.228.195 - - [24/Dec/2025:08:11:30 -0500] "GET /?_g=2444293 HTTP/1.1" 200 215329 "-" "Mozilla/5.0 (compatible; DataForSeoBot/1.0; +https://dataforseo.com/dataforseo-bot)"
74.7.227.39 - - [24/Dec/2025:08:11:31 -0500] "GET /?_g=386542 HTTP/1.1" 200 215329 "-" "Mozilla/5.0 AppleWebKit/537.36 (KHTML, like Gecko; compatible; GPTBot/1.3; +https://openai.com/gptbot)"
74.7.227.39 - - [24/Dec/2025:08:11:32 -0500] "GET /?_g=164972 HTTP/1.1" 200 215329 "-" "Mozilla/5.0 AppleWebKit/537.36 (KHTML, like Gecko; compatible; GPTBot/1.3; +https://openai.com/gptbot)"
74.7.227.39 - - [24/Dec/2025:08:11:32 -0500] "GET /?_g=278405 HTTP/1.1" 200 215329 "-" "Mozilla/5.0 AppleWebKit/537.36 (KHTML, like Gecko; compatible; GPTBot/1.3; +https://openai.com/gptbot)"
74.7.227.39 - - [24/Dec/2025:08:11:33 -0500] "GET /?_g=257310 HTTP/1.1" 200 215329 "-" "Mozilla/5.0 AppleWebKit/537.36 (KHTML, like Gecko; compatible; GPTBot/1.3; +https://openai.com/gptbot)"
74.7.227.39 - - [24/Dec/2025:08:11:34 -0500] "GET /?_g=514027 HTTP/1.1" 200 215329 "-" "Mozilla/5.0 AppleWebKit/537.36 (KHTML, like Gecko; compatible; GPTBot/1.3; +https://openai.com/gptbot)"
74.7.227.39 - - [24/Dec/2025:08:11:34 -0500] "GET /?_g=829370 HTTP/1.1" 200 215329 "-" "Mozilla/5.0 AppleWebKit/537.36 (KHTML, like Gecko; compatible; GPTBot/1.3; +https://openai.com/gptbot)"
136.243.228.195 - - [24/Dec/2025:08:11:34 -0500] "GET /?_g=2772666 HTTP/1.1" 200 215329 "-" "Mozilla/5.0 (compatible; DataForSeoBot/1.0; +https://dataforseo.com/dataforseo-bot)"
74.7.227.39 - - [24/Dec/2025:08:11:35 -0500] "GET /?_g=2741111 HTTP/1.1" 200 215329 "-" "Mozilla/5.0 AppleWebKit/537.36 (KHTML, like Gecko; compatible; GPTBot/1.3; +https://openai.com/gptbot)"
176.123.4.135 - - [24/Dec/2025:08:11:36 -0500] "GET /wp-admin/edit.php HTTP/1.1" 503 19545 "https://bahiaparaisosuites.com/wp-login.php" "Mozilla/5.0 (Windows NT 10.0; Win64; x64; rv:118.0) Gecko/20100101 Firefox/118.0"
74.7.227.39 - - [24/Dec/2025:08:11:35 -0500] "GET /?_g=3333526 HTTP/1.1" 200 215329 "-" "Mozilla/5.0 AppleWebKit/537.36 (KHTML, like Gecko; compatible; GPTBot/1.3; +https://openai.com/gptbot)"
74.7.227.39 - - [24/Dec/2025:08:11:36 -0500] "GET /?_g=3333516 HTTP/1.1" 200 215329 "-" "Mozilla/5.0 AppleWebKit/537.36 (KHTML, like Gecko; compatible; GPTBot/1.3; +https://openai.com/gptbot)"
74.7.227.39 - - [24/Dec/2025:08:11:37 -0500] "GET /?_g=3955557 HTTP/1.1" 200 215329 "-" "Mozilla/5.0 AppleWebKit/537.36 (KHTML, like Gecko; compatible; GPTBot/1.3; +https://openai.com/gptbot)"
74.7.227.39 - - [24/Dec/2025:08:11:37 -0500] "GET /?_g=898302 HTTP/1.1" 200 215329 "-" "Mozilla/5.0 AppleWebKit/537.36 (KHTML, like Gecko; compatible; GPTBot/1.3; +https://openai.com/gptbot)"
74.7.227.39 - - [24/Dec/2025:08:11:38 -0500] "GET /?_g=223684 HTTP/1.1" 200 215329 "-" "Mozilla/5.0 AppleWebKit/537.36 (KHTML, like Gecko; compatible; GPTBot/1.3; +https://openai.com/gptbot)"
198.50.127.198 - - [24/Dec/2025:08:11:39 -0500] "POST /wp-cron.php?doing_wp_cron=1766581899.3322570323944091796875 HTTP/1.1" 200 - "-" "WordPress/6.9; https://bahiaparaisosuites.com"
74.7.227.39 - - [24/Dec/2025:08:11:38 -0500] "GET /?_g=961739 HTTP/1.1" 200 215329 "-" "Mozilla/5.0 AppleWebKit/537.36 (KHTML, like Gecko; compatible; GPTBot/1.3; +https://openai.com/gptbot)"
74.7.227.39 - - [24/Dec/2025:08:11:39 -0500] "GET /?_g=670871 HTTP/1.1" 200 215329 "-" "Mozilla/5.0 AppleWebKit/537.36 (KHTML, like Gecko; compatible; GPTBot/1.3; +https://openai.com/gptbot)"
136.243.228.195 - - [24/Dec/2025:08:11:39 -0500] "GET /?_g=1597076 HTTP/1.1" 200 215329 "-" "Mozilla/5.0 (compatible; DataForSeoBot/1.0; +https://dataforseo.com/dataforseo-bot)"
74.7.227.39 - - [24/Dec/2025:08:11:40 -0500] "GET /?_g=159792 HTTP/1.1" 200 215329 "-" "Mozilla/5.0 AppleWebKit/537.36 (KHTML, like Gecko; compatible; GPTBot/1.3; +https://openai.com/gptbot)"
74.7.227.39 - - [24/Dec/2025:08:11:40 -0500] "GET /?_g=856235 HTTP/1.1" 200 215329 "-" "Mozilla/5.0 AppleWebKit/537.36 (KHTML, like Gecko; compatible; GPTBot/1.3; +https://openai.com/gptbot)"
74.7.227.39 - - [24/Dec/2025:08:11:41 -0500] "GET /?_g=290894 HTTP/1.1" 200 215329 "-" "Mozilla/5.0 AppleWebKit/537.36 (KHTML, like Gecko; compatible; GPTBot/1.3; +https://openai.com/gptbot)"
74.7.227.39 - - [24/Dec/2025:08:11:41 -0500] "GET /?_g=931461 HTTP/1.1" 200 215329 "-" "Mozilla/5.0 AppleWebKit/537.36 (KHTML, like Gecko; compatible; GPTBot/1.3; +https://openai.com/gptbot)"
85.208.96.198 - - [24/Dec/2025:08:11:42 -0500] "GET /?_g=3958736 HTTP/1.1" 200 215329 "-" "Mozilla/5.0 (compatible; SemrushBot/7~bl; +http://www.semrush.com/bot.html)"
74.7.227.39 - - [24/Dec/2025:08:11:42 -0500] "GET /?_g=302507 HTTP/1.1" 200 215329 "-" "Mozilla/5.0 AppleWebKit/537.36 (KHTML, like Gecko; compatible; GPTBot/1.3; +https://openai.com/gptbot)"
74.7.227.39 - - [24/Dec/2025:08:11:43 -0500] "GET /?_g=842962 HTTP/1.1" 200 215329 "-" "Mozilla/5.0 AppleWebKit/537.36 (KHTML, like Gecko; compatible; GPTBot/1.3; +https://openai.com/gptbot)"
136.243.228.195 - - [24/Dec/2025:08:11:42 -0500] "GET /?_g=2897977 HTTP/1.1" 200 215329 "-" "Mozilla/5.0 (compatible; DataForSeoBot/1.0; +https://dataforseo.com/dataforseo-bot)"
74.7.227.39 - - [24/Dec/2025:08:11:43 -0500] "GET /?_g=213461 HTTP/1.1" 200 215329 "-" "Mozilla/5.0 AppleWebKit/537.36 (KHTML, like Gecko; compatible; GPTBot/1.3; +https://openai.com/gptbot)"
74.7.227.39 - - [24/Dec/2025:08:11:44 -0500] "GET /?_g=831621 HTTP/1.1" 200 215329 "-" "Mozilla/5.0 AppleWebKit/537.36 (KHTML, like Gecko; compatible; GPTBot/1.3; +https://openai.com/gptbot)"
74.7.227.39 - - [24/Dec/2025:08:11:44 -0500] "GET /?_g=497761 HTTP/1.1" 200 215329 "-" "Mozilla/5.0 AppleWebKit/537.36 (KHTML, like Gecko; compatible; GPTBot/1.3; +https://openai.com/gptbot)"
74.7.227.39 - - [24/Dec/2025:08:11:45 -0500] "GET /?_g=117084 HTTP/1.1" 200 215329 "-" "Mozilla/5.0 AppleWebKit/537.36 (KHTML, like Gecko; compatible; GPTBot/1.3; +https://openai.com/gptbot)"
185.191.171.19 - - [24/Dec/2025:08:11:45 -0500] "GET /?_g=1514509 HTTP/1.1" 200 215329 "-" "Mozilla/5.0 (compatible; SemrushBot/7~bl; +http://www.semrush.com/bot.html)"
74.7.227.39 - - [24/Dec/2025:08:11:46 -0500] "GET /?_g=119206 HTTP/1.1" 200 215329 "-" "Mozilla/5.0 AppleWebKit/537.36 (KHTML, like Gecko; compatible; GPTBot/1.3; +https://openai.com/gptbot)"
74.7.227.39 - - [24/Dec/2025:08:11:46 -0500] "GET /?_g=275088 HTTP/1.1" 200 215329 "-" "Mozilla/5.0 AppleWebKit/537.36 (KHTML, like Gecko; compatible; GPTBot/1.3; +https://openai.com/gptbot)"
136.243.228.195 - - [24/Dec/2025:08:11:46 -0500] "GET /?_g=2908296 HTTP/1.1" 200 215329 "-" "Mozilla/5.0 (compatible; DataForSeoBot/1.0; +https://dataforseo.com/dataforseo-bot)"
74.7.227.39 - - [24/Dec/2025:08:11:47 -0500] "GET /?_g=535786 HTTP/1.1" 200 215329 "-" "Mozilla/5.0 AppleWebKit/537.36 (KHTML, like Gecko; compatible; GPTBot/1.3; +https://openai.com/gptbot)"
74.7.227.39 - - [24/Dec/2025:08:11:48 -0500] "GET /?_g=985322 HTTP/1.1" 200 215329 "-" "Mozilla/5.0 AppleWebKit/537.36 (KHTML, like Gecko; compatible; GPTBot/1.3; +https://openai.com/gptbot)"
198.50.127.198 - - [24/Dec/2025:08:11:49 -0500] "POST /wp-cron.php?doing_wp_cron=1766581909.0008180141448974609375 HTTP/1.1" 200 - "-" "WordPress/6.9; https://bahiaparaisosuites.com"
74.7.227.39 - - [24/Dec/2025:08:11:48 -0500] "GET /?_g=818057 HTTP/1.1" 200 215329 "-" "Mozilla/5.0 AppleWebKit/537.36 (KHTML, like Gecko; compatible; GPTBot/1.3; +https://openai.com/gptbot)"
74.7.227.39 - - [24/Dec/2025:08:11:49 -0500] "GET /?_g=735245 HTTP/1.1" 200 215329 "-" "Mozilla/5.0 AppleWebKit/537.36 (KHTML, like Gecko; compatible; GPTBot/1.3; +https://openai.com/gptbot)"
74.7.227.39 - - [24/Dec/2025:08:11:49 -0500] "GET /?_g=141723 HTTP/1.1" 200 215329 "-" "Mozilla/5.0 AppleWebKit/537.36 (KHTML, like Gecko; compatible; GPTBot/1.3; +https://openai.com/gptbot)"
176.123.4.135 - - [24/Dec/2025:08:11:50 -0500] "GET /wp-admin/plugins.php HTTP/1.1" 503 19545 "https://bahiaparaisosuites.com/wp-login.php" "Mozilla/5.0 (Windows NT 10.0; Win64; x64; rv:118.0) Gecko/20100101 Firefox/118.0"
74.7.227.39 - - [24/Dec/2025:08:11:50 -0500] "GET /?_g=479010 HTTP/1.1" 200 215329 "-" "Mozilla/5.0 AppleWebKit/537.36 (KHTML, like Gecko; compatible; GPTBot/1.3; +https://openai.com/gptbot)"
57.141.20.19 - - [24/Dec/2025:08:11:50 -0500] "GET /?_g=1349571 HTTP/1.1" 200 215329 "-" "meta-externalagent/1.1 (+https://developers.facebook.com/docs/sharing/webmasters/crawler)"
85.208.96.194 - - [24/Dec/2025:08:11:50 -0500] "GET /?_g=3259214 HTTP/1.1" 200 215329 "-" "Mozilla/5.0 (compatible; SemrushBot/7~bl; +http://www.semrush.com/bot.html)"
74.7.227.39 - - [24/Dec/2025:08:11:50 -0500] "GET /?_g=420588 HTTP/1.1" 200 215329 "-" "Mozilla/5.0 AppleWebKit/537.36 (KHTML, like Gecko; compatible; GPTBot/1.3; +https://openai.com/gptbot)"
136.243.228.195 - - [24/Dec/2025:08:11:50 -0500] "GET /?_g=2254672 HTTP/1.1" 200 215329 "-" "Mozilla/5.0 (compatible; DataForSeoBot/1.0; +https://dataforseo.com/dataforseo-bot)"
74.7.227.39 - - [24/Dec/2025:08:11:51 -0500] "GET /?_g=523309 HTTP/1.1" 200 215329 "-" "Mozilla/5.0 AppleWebKit/537.36 (KHTML, like Gecko; compatible; GPTBot/1.3; +https://openai.com/gptbot)"
74.7.227.39 - - [24/Dec/2025:08:11:52 -0500] "GET /?_g=501024 HTTP/1.1" 200 215329 "-" "Mozilla/5.0 AppleWebKit/537.36 (KHTML, like Gecko; compatible; GPTBot/1.3; +https://openai.com/gptbot)"
74.7.227.39 - - [24/Dec/2025:08:11:52 -0500] "GET /?_g=775649 HTTP/1.1" 200 215329 "-" "Mozilla/5.0 AppleWebKit/537.36 (KHTML, like Gecko; compatible; GPTBot/1.3; +https://openai.com/gptbot)"
74.7.227.39 - - [24/Dec/2025:08:11:53 -0500] "GET /?_g=362911 HTTP/1.1" 200 215329 "-" "Mozilla/5.0 AppleWebKit/537.36 (KHTML, like Gecko; compatible; GPTBot/1.3; +https://openai.com/gptbot)"
74.7.227.39 - - [24/Dec/2025:08:11:54 -0500] "GET /?_g=866547 HTTP/1.1" 200 215329 "-" "Mozilla/5.0 AppleWebKit/537.36 (KHTML, like Gecko; compatible; GPTBot/1.3; +https://openai.com/gptbot)"
74.7.227.39 - - [24/Dec/2025:08:11:54 -0500] "GET /?_g=273963 HTTP/1.1" 200 215329 "-" "Mozilla/5.0 AppleWebKit/537.36 (KHTML, like Gecko; compatible; GPTBot/1.3; +https://openai.com/gptbot)"
57.141.20.7 - - [24/Dec/2025:08:11:54 -0500] "GET /?_g=3753679 HTTP/1.1" 200 215329 "-" "meta-externalagent/1.1 (+https://developers.facebook.com/docs/sharing/webmasters/crawler)"
74.7.227.39 - - [24/Dec/2025:08:11:55 -0500] "GET /?_g=749534 HTTP/1.1" 200 215329 "-" "Mozilla/5.0 AppleWebKit/537.36 (KHTML, like Gecko; compatible; GPTBot/1.3; +https://openai.com/gptbot)"
74.7.227.39 - - [24/Dec/2025:08:11:55 -0500] "GET /?_g=353749 HTTP/1.1" 200 215329 "-" "Mozilla/5.0 AppleWebKit/537.36 (KHTML, like Gecko; compatible; GPTBot/1.3; +https://openai.com/gptbot)"
136.243.228.195 - - [24/Dec/2025:08:11:54 -0500] "GET /?_g=1411364 HTTP/1.1" 200 215329 "-" "Mozilla/5.0 (compatible; DataForSeoBot/1.0; +https://dataforseo.com/dataforseo-bot)"
74.7.227.39 - - [24/Dec/2025:08:11:56 -0500] "GET /?_g=963380 HTTP/1.1" 200 215329 "-" "Mozilla/5.0 AppleWebKit/537.36 (KHTML, like Gecko; compatible; GPTBot/1.3; +https://openai.com/gptbot)"
74.7.227.39 - - [24/Dec/2025:08:11:56 -0500] "GET /?_g=298618 HTTP/1.1" 200 215329 "-" "Mozilla/5.0 AppleWebKit/537.36 (KHTML, like Gecko; compatible; GPTBot/1.3; +https://openai.com/gptbot)"
74.7.227.39 - - [24/Dec/2025:08:11:57 -0500] "GET /?_g=747810 HTTP/1.1" 200 215329 "-" "Mozilla/5.0 AppleWebKit/537.36 (KHTML, like Gecko; compatible; GPTBot/1.3; +https://openai.com/gptbot)"
74.7.227.39 - - [24/Dec/2025:08:11:57 -0500] "GET /?_g=334015 HTTP/1.1" 200 215329 "-" "Mozilla/5.0 AppleWebKit/537.36 (KHTML, like Gecko; compatible; GPTBot/1.3; +https://openai.com/gptbot)"
57.141.20.46 - - [24/Dec/2025:08:11:58 -0500] "GET /?_g=3225975 HTTP/1.1" 200 215329 "-" "meta-externalagent/1.1 (+https://developers.facebook.com/docs/sharing/webmasters/crawler)"
74.7.227.39 - - [24/Dec/2025:08:11:58 -0500] "GET /?_g=251203 HTTP/1.1" 200 215329 "-" "Mozilla/5.0 AppleWebKit/537.36 (KHTML, like Gecko; compatible; GPTBot/1.3; +https://openai.com/gptbot)"
198.50.127.198 - - [24/Dec/2025:08:11:59 -0500] "POST /wp-cron.php?doing_wp_cron=1766581919.4679539203643798828125 HTTP/1.1" 200 - "-" "WordPress/6.9; https://bahiaparaisosuites.com"
74.7.227.39 - - [24/Dec/2025:08:11:59 -0500] "GET /?_g=626395 HTTP/1.1" 200 215329 "-" "Mozilla/5.0 AppleWebKit/537.36 (KHTML, like Gecko; compatible; GPTBot/1.3; +https://openai.com/gptbot)"
136.243.228.195 - - [24/Dec/2025:08:11:59 -0500] "GET /?_g=1886833 HTTP/1.1" 200 215329 "-" "Mozilla/5.0 (compatible; DataForSeoBot/1.0; +https://dataforseo.com/dataforseo-bot)"
74.7.227.39 - - [24/Dec/2025:08:11:59 -0500] "GET /?_g=362028 HTTP/1.1" 200 215329 "-" "Mozilla/5.0 AppleWebKit/537.36 (KHTML, like Gecko; compatible; GPTBot/1.3; +https://openai.com/gptbot)"
74.7.227.39 - - [24/Dec/2025:08:12:00 -0500] "GET /?_g=523376 HTTP/1.1" 200 215329 "-" "Mozilla/5.0 AppleWebKit/537.36 (KHTML, like Gecko; compatible; GPTBot/1.3; +https://openai.com/gptbot)"
74.7.227.39 - - [24/Dec/2025:08:12:01 -0500] "GET /?_g=315958 HTTP/1.1" 200 215329 "-" "Mozilla/5.0 AppleWebKit/537.36 (KHTML, like Gecko; compatible; GPTBot/1.3; +https://openai.com/gptbot)"
74.7.227.39 - - [24/Dec/2025:08:12:01 -0500] "GET /?_g=449352 HTTP/1.1" 200 215329 "-" "Mozilla/5.0 AppleWebKit/537.36 (KHTML, like Gecko; compatible; GPTBot/1.3; +https://openai.com/gptbot)"
74.7.227.39 - - [24/Dec/2025:08:12:02 -0500] "GET /?_g=205659 HTTP/1.1" 200 215329 "-" "Mozilla/5.0 AppleWebKit/537.36 (KHTML, like Gecko; compatible; GPTBot/1.3; +https://openai.com/gptbot)"
74.7.227.39 - - [24/Dec/2025:08:12:02 -0500] "GET /?_g=687499 HTTP/1.1" 200 215329 "-" "Mozilla/5.0 AppleWebKit/537.36 (KHTML, like Gecko; compatible; GPTBot/1.3; +https://openai.com/gptbot)"
74.7.227.39 - - [24/Dec/2025:08:12:03 -0500] "GET /?_g=658990 HTTP/1.1" 200 215329 "-" "Mozilla/5.0 AppleWebKit/537.36 (KHTML, like Gecko; compatible; GPTBot/1.3; +https://openai.com/gptbot)"
136.243.228.195 - - [24/Dec/2025:08:12:02 -0500] "GET /?_g=628490 HTTP/1.1" 200 215329 "-" "Mozilla/5.0 (compatible; DataForSeoBot/1.0; +https://dataforseo.com/dataforseo-bot)"
74.7.227.39 - - [24/Dec/2025:08:12:03 -0500] "GET /?_g=168854 HTTP/1.1" 200 215329 "-" "Mozilla/5.0 AppleWebKit/537.36 (KHTML, like Gecko; compatible; GPTBot/1.3; +https://openai.com/gptbot)"
74.7.227.39 - - [24/Dec/2025:08:12:04 -0500] "GET /?_g=460976 HTTP/1.1" 200 215329 "-" "Mozilla/5.0 AppleWebKit/537.36 (KHTML, like Gecko; compatible; GPTBot/1.3; +https://openai.com/gptbot)"
176.123.4.135 - - [24/Dec/2025:08:12:05 -0500] "POST /wp-login.php HTTP/1.1" 503 18253 "https://bahiaparaisosuites.com/wp-login.php" "Mozilla/5.0 (Windows NT 11.0; Win64; x64) AppleWebKit/537.36 (KHTML, like Gecko) Chrome/120.0.0.0 Safari/537.36"
74.7.227.39 - - [24/Dec/2025:08:12:05 -0500] "GET /?_g=493362 HTTP/1.1" 200 215329 "-" "Mozilla/5.0 AppleWebKit/537.36 (KHTML, like Gecko; compatible; GPTBot/1.3; +https://openai.com/gptbot)"
198.50.127.198 - - [24/Dec/2025:08:12:05 -0500] "POST /?wordfence_syncAttackData=1766581925.8287 HTTP/1.1" 200 - "-" "WordPress/6.9; https://bahiaparaisosuites.com"
74.7.227.39 - - [24/Dec/2025:08:12:05 -0500] "GET /?_g=744206 HTTP/1.1" 200 215329 "-" "Mozilla/5.0 AppleWebKit/537.36 (KHTML, like Gecko; compatible; GPTBot/1.3; +https://openai.com/gptbot)"
74.7.227.39 - - [24/Dec/2025:08:12:06 -0500] "GET /?_g=479660 HTTP/1.1" 200 215329 "-" "Mozilla/5.0 AppleWebKit/537.36 (KHTML, like Gecko; compatible; GPTBot/1.3; +https://openai.com/gptbot)"
74.7.227.39 - - [24/Dec/2025:08:12:07 -0500] "GET /?_g=934428 HTTP/1.1" 200 215329 "-" "Mozilla/5.0 AppleWebKit/537.36 (KHTML, like Gecko; compatible; GPTBot/1.3; +https://openai.com/gptbot)"
57.141.20.17 - - [24/Dec/2025:08:12:07 -0500] "GET /?_g=293058 HTTP/1.1" 200 215329 "-" "meta-externalagent/1.1 (+https://developers.facebook.com/docs/sharing/webmasters/crawler)"
136.243.228.195 - - [24/Dec/2025:08:12:07 -0500] "GET /?_g=1467092 HTTP/1.1" 200 215329 "-" "Mozilla/5.0 (compatible; DataForSeoBot/1.0; +https://dataforseo.com/dataforseo-bot)"
74.7.227.39 - - [24/Dec/2025:08:12:07 -0500] "GET /?_g=159668 HTTP/1.1" 200 215329 "-" "Mozilla/5.0 AppleWebKit/537.36 (KHTML, like Gecko; compatible; GPTBot/1.3; +https://openai.com/gptbot)"
74.7.227.39 - - [24/Dec/2025:08:12:08 -0500] "GET /?_g=232618 HTTP/1.1" 200 215329 "-" "Mozilla/5.0 AppleWebKit/537.36 (KHTML, like Gecko; compatible; GPTBot/1.3; +https://openai.com/gptbot)"
198.50.127.198 - - [24/Dec/2025:08:12:09 -0500] "POST /wp-cron.php?doing_wp_cron=1766581929.4214310646057128906250 HTTP/1.1" 200 - "-" "WordPress/6.9; https://bahiaparaisosuites.com"
74.7.227.39 - - [24/Dec/2025:08:12:09 -0500] "GET /?_g=958018 HTTP/1.1" 200 215329 "-" "Mozilla/5.0 AppleWebKit/537.36 (KHTML, like Gecko; compatible; GPTBot/1.3; +https://openai.com/gptbot)"
57.141.20.30 - - [24/Dec/2025:08:12:09 -0500] "GET /?_g=342343 HTTP/1.1" 200 215329 "-" "meta-externalagent/1.1 (+https://developers.facebook.com/docs/sharing/webmasters/crawler)"
74.7.227.39 - - [24/Dec/2025:08:12:09 -0500] "GET /?_g=606319 HTTP/1.1" 200 215329 "-" "Mozilla/5.0 AppleWebKit/537.36 (KHTML, like Gecko; compatible; GPTBot/1.3; +https://openai.com/gptbot)"
74.7.227.39 - - [24/Dec/2025:08:12:10 -0500] "GET /?_g=780472 HTTP/1.1" 200 215329 "-" "Mozilla/5.0 AppleWebKit/537.36 (KHTML, like Gecko; compatible; GPTBot/1.3; +https://openai.com/gptbot)"
74.7.227.39 - - [24/Dec/2025:08:12:10 -0500] "GET /?_g=583804 HTTP/1.1" 200 215329 "-" "Mozilla/5.0 AppleWebKit/537.36 (KHTML, like Gecko; compatible; GPTBot/1.3; +https://openai.com/gptbot)"
185.191.171.14 - - [24/Dec/2025:08:12:10 -0500] "GET /?_g=786545 HTTP/1.1" 200 215329 "-" "Mozilla/5.0 (compatible; SemrushBot/7~bl; +http://www.semrush.com/bot.html)"
74.7.227.39 - - [24/Dec/2025:08:12:11 -0500] "GET /?_g=851675 HTTP/1.1" 200 215329 "-" "Mozilla/5.0 AppleWebKit/537.36 (KHTML, like Gecko; compatible; GPTBot/1.3; +https://openai.com/gptbot)"
136.243.228.195 - - [24/Dec/2025:08:12:10 -0500] "GET /?_g=2281292 HTTP/1.1" 200 215329 "-" "Mozilla/5.0 (compatible; DataForSeoBot/1.0; +https://dataforseo.com/dataforseo-bot)"
74.7.227.39 - - [24/Dec/2025:08:12:12 -0500] "GET /?_g=364860 HTTP/1.1" 200 215329 "-" "Mozilla/5.0 AppleWebKit/537.36 (KHTML, like Gecko; compatible; GPTBot/1.3; +https://openai.com/gptbot)"
74.7.227.39 - - [24/Dec/2025:08:12:12 -0500] "GET /?_g=374149 HTTP/1.1" 200 215329 "-" "Mozilla/5.0 AppleWebKit/537.36 (KHTML, like Gecko; compatible; GPTBot/1.3; +https://openai.com/gptbot)"
74.7.227.39 - - [24/Dec/2025:08:12:13 -0500] "GET /?_g=957514 HTTP/1.1" 200 215329 "-" "Mozilla/5.0 AppleWebKit/537.36 (KHTML, like Gecko; compatible; GPTBot/1.3; +https://openai.com/gptbot)"
74.7.227.39 - - [24/Dec/2025:08:12:13 -0500] "GET /?_g=420485 HTTP/1.1" 200 215329 "-" "Mozilla/5.0 AppleWebKit/537.36 (KHTML, like Gecko; compatible; GPTBot/1.3; +https://openai.com/gptbot)"
57.141.20.32 - - [24/Dec/2025:08:12:14 -0500] "GET /?_g=1215820 HTTP/1.1" 200 215329 "-" "meta-externalagent/1.1 (+https://developers.facebook.com/docs/sharing/webmasters/crawler)"
74.7.227.39 - - [24/Dec/2025:08:12:14 -0500] "GET /?_g=726880 HTTP/1.1" 200 215329 "-" "Mozilla/5.0 AppleWebKit/537.36 (KHTML, like Gecko; compatible; GPTBot/1.3; +https://openai.com/gptbot)"
74.7.227.39 - - [24/Dec/2025:08:12:15 -0500] "GET /?_g=670515 HTTP/1.1" 200 215329 "-" "Mozilla/5.0 AppleWebKit/537.36 (KHTML, like Gecko; compatible; GPTBot/1.3; +https://openai.com/gptbot)"
136.243.228.195 - - [24/Dec/2025:08:12:14 -0500] "GET /?_g=2186577 HTTP/1.1" 200 215329 "-" "Mozilla/5.0 (compatible; DataForSeoBot/1.0; +https://dataforseo.com/dataforseo-bot)"
74.7.227.39 - - [24/Dec/2025:08:12:15 -0500] "GET /?_g=921759 HTTP/1.1" 200 215329 "-" "Mozilla/5.0 AppleWebKit/537.36 (KHTML, like Gecko; compatible; GPTBot/1.3; +https://openai.com/gptbot)"
74.7.227.39 - - [24/Dec/2025:08:12:16 -0500] "GET /?_g=206114 HTTP/1.1" 200 215329 "-" "Mozilla/5.0 AppleWebKit/537.36 (KHTML, like Gecko; compatible; GPTBot/1.3; +https://openai.com/gptbot)"
74.7.227.39 - - [24/Dec/2025:08:12:16 -0500] "GET /?_g=749432 HTTP/1.1" 200 215329 "-" "Mozilla/5.0 AppleWebKit/537.36 (KHTML, like Gecko; compatible; GPTBot/1.3; +https://openai.com/gptbot)"
74.7.227.39 - - [24/Dec/2025:08:12:17 -0500] "GET /?_g=105138 HTTP/1.1" 200 215329 "-" "Mozilla/5.0 AppleWebKit/537.36 (KHTML, like Gecko; compatible; GPTBot/1.3; +https://openai.com/gptbot)"
198.50.127.198 - - [24/Dec/2025:08:12:18 -0500] "POST /wp-cron.php?doing_wp_cron=1766581938.3042640686035156250000 HTTP/1.1" 200 - "-" "WordPress/6.9; https://bahiaparaisosuites.com"
74.7.227.39 - - [24/Dec/2025:08:12:17 -0500] "GET /?_g=158626 HTTP/1.1" 200 215329 "-" "Mozilla/5.0 AppleWebKit/537.36 (KHTML, like Gecko; compatible; GPTBot/1.3; +https://openai.com/gptbot)"
74.7.227.39 - - [24/Dec/2025:08:12:18 -0500] "GET /?_g=980584 HTTP/1.1" 200 215329 "-" "Mozilla/5.0 AppleWebKit/537.36 (KHTML, like Gecko; compatible; GPTBot/1.3; +https://openai.com/gptbot)"
198.50.127.198 - - [24/Dec/2025:08:12:19 -0500] "POST /wp-cron.php?doing_wp_cron=1766581939.4899830818176269531250 HTTP/1.1" 200 - "-" "WordPress/6.9; https://bahiaparaisosuites.com"
74.7.227.39 - - [24/Dec/2025:08:12:19 -0500] "GET /?_g=326289 HTTP/1.1" 200 215329 "-" "Mozilla/5.0 AppleWebKit/537.36 (KHTML, like Gecko; compatible; GPTBot/1.3; +https://openai.com/gptbot)"
136.243.228.195 - - [24/Dec/2025:08:12:18 -0500] "GET /?_g=2485705 HTTP/1.1" 200 215329 "-" "Mozilla/5.0 (compatible; DataForSeoBot/1.0; +https://dataforseo.com/dataforseo-bot)"
74.7.227.39 - - [24/Dec/2025:08:12:19 -0500] "GET /?_g=725260 HTTP/1.1" 200 215329 "-" "Mozilla/5.0 AppleWebKit/537.36 (KHTML, like Gecko; compatible; GPTBot/1.3; +https://openai.com/gptbot)"
176.123.4.135 - - [24/Dec/2025:08:12:20 -0500] "GET /wp-admin/index.php HTTP/1.1" 503 19545 "https://bahiaparaisosuites.com/wp-login.php" "Mozilla/5.0 (X11; Ubuntu; Linux x86_64) AppleWebKit/537.36 (KHTML, like Gecko) Chrome/119.0.0.0 Safari/537.36"
74.7.227.39 - - [24/Dec/2025:08:12:20 -0500] "GET /?_g=247582 HTTP/1.1" 200 215329 "-" "Mozilla/5.0 AppleWebKit/537.36 (KHTML, like Gecko; compatible; GPTBot/1.3; +https://openai.com/gptbot)"
85.208.96.202 - - [24/Dec/2025:08:12:20 -0500] "GET /?_g=428686 HTTP/1.1" 200 215329 "-" "Mozilla/5.0 (compatible; SemrushBot/7~bl; +http://www.semrush.com/bot.html)"
74.7.227.39 - - [24/Dec/2025:08:12:20 -0500] "GET /?_g=739532 HTTP/1.1" 200 215329 "-" "Mozilla/5.0 AppleWebKit/537.36 (KHTML, like Gecko; compatible; GPTBot/1.3; +https://openai.com/gptbot)"
74.7.227.39 - - [24/Dec/2025:08:12:21 -0500] "GET /?_g=437041 HTTP/1.1" 200 215329 "-" "Mozilla/5.0 AppleWebKit/537.36 (KHTML, like Gecko; compatible; GPTBot/1.3; +https://openai.com/gptbot)"
74.7.227.39 - - [24/Dec/2025:08:12:22 -0500] "GET /?_g=108398 HTTP/1.1" 200 215329 "-" "Mozilla/5.0 AppleWebKit/537.36 (KHTML, like Gecko; compatible; GPTBot/1.3; +https://openai.com/gptbot)"
74.7.227.39 - - [24/Dec/2025:08:12:22 -0500] "GET /?_g=385821 HTTP/1.1" 200 215329 "-" "Mozilla/5.0 AppleWebKit/537.36 (KHTML, like Gecko; compatible; GPTBot/1.3; +https://openai.com/gptbot)"
74.7.227.39 - - [24/Dec/2025:08:12:23 -0500] "GET /?_g=210831 HTTP/1.1" 200 215329 "-" "Mozilla/5.0 AppleWebKit/537.36 (KHTML, like Gecko; compatible; GPTBot/1.3; +https://openai.com/gptbot)"
136.243.228.195 - - [24/Dec/2025:08:12:22 -0500] "GET /?_g=2535907 HTTP/1.1" 200 215329 "-" "Mozilla/5.0 (compatible; DataForSeoBot/1.0; +https://dataforseo.com/dataforseo-bot)"
74.7.227.39 - - [24/Dec/2025:08:12:23 -0500] "GET /?_g=549660 HTTP/1.1" 200 215329 "-" "Mozilla/5.0 AppleWebKit/537.36 (KHTML, like Gecko; compatible; GPTBot/1.3; +https://openai.com/gptbot)"
74.7.227.39 - - [24/Dec/2025:08:12:24 -0500] "GET /?_g=982049 HTTP/1.1" 200 215329 "-" "Mozilla/5.0 AppleWebKit/537.36 (KHTML, like Gecko; compatible; GPTBot/1.3; +https://openai.com/gptbot)"
74.7.227.39 - - [24/Dec/2025:08:12:25 -0500] "GET /?_g=524600 HTTP/1.1" 200 215329 "-" "Mozilla/5.0 AppleWebKit/537.36 (KHTML, like Gecko; compatible; GPTBot/1.3; +https://openai.com/gptbot)"
74.7.227.39 - - [24/Dec/2025:08:12:25 -0500] "GET /?_g=396261 HTTP/1.1" 200 215329 "-" "Mozilla/5.0 AppleWebKit/537.36 (KHTML, like Gecko; compatible; GPTBot/1.3; +https://openai.com/gptbot)"
74.7.227.39 - - [24/Dec/2025:08:12:26 -0500] "GET /?_g=336125 HTTP/1.1" 200 215329 "-" "Mozilla/5.0 AppleWebKit/537.36 (KHTML, like Gecko; compatible; GPTBot/1.3; +https://openai.com/gptbot)"
74.7.227.39 - - [24/Dec/2025:08:12:26 -0500] "GET /?_g=990287 HTTP/1.1" 200 215329 "-" "Mozilla/5.0 AppleWebKit/537.36 (KHTML, like Gecko; compatible; GPTBot/1.3; +https://openai.com/gptbot)"
74.7.227.39 - - [24/Dec/2025:08:12:27 -0500] "GET /?_g=696528 HTTP/1.1" 200 215329 "-" "Mozilla/5.0 AppleWebKit/537.36 (KHTML, like Gecko; compatible; GPTBot/1.3; +https://openai.com/gptbot)"
136.243.228.195 - - [24/Dec/2025:08:12:26 -0500] "GET /?_g=2333353 HTTP/1.1" 200 215329 "-" "Mozilla/5.0 (compatible; DataForSeoBot/1.0; +https://dataforseo.com/dataforseo-bot)"
74.7.227.39 - - [24/Dec/2025:08:12:28 -0500] "GET /?_g=914293 HTTP/1.1" 200 215329 "-" "Mozilla/5.0 AppleWebKit/537.36 (KHTML, like Gecko; compatible; GPTBot/1.3; +https://openai.com/gptbot)"
57.141.20.12 - - [24/Dec/2025:08:12:28 -0500] "GET /?_g=269923 HTTP/1.1" 200 215329 "-" "meta-externalagent/1.1 (+https://developers.facebook.com/docs/sharing/webmasters/crawler)"
198.50.127.198 - - [24/Dec/2025:08:12:29 -0500] "POST /wp-cron.php?doing_wp_cron=1766581949.0197710990905761718750 HTTP/1.1" 200 - "-" "WordPress/6.9; https://bahiaparaisosuites.com"
74.7.227.39 - - [24/Dec/2025:08:12:28 -0500] "GET /?_g=125238 HTTP/1.1" 200 215329 "-" "Mozilla/5.0 AppleWebKit/537.36 (KHTML, like Gecko; compatible; GPTBot/1.3; +https://openai.com/gptbot)"
74.7.227.39 - - [24/Dec/2025:08:12:29 -0500] "GET /?_g=289680 HTTP/1.1" 200 215329 "-" "Mozilla/5.0 AppleWebKit/537.36 (KHTML, like Gecko; compatible; GPTBot/1.3; +https://openai.com/gptbot)"
57.141.20.41 - - [24/Dec/2025:08:12:29 -0500] "GET /?_g=1184669 HTTP/1.1" 200 215329 "-" "meta-externalagent/1.1 (+https://developers.facebook.com/docs/sharing/webmasters/crawler)"
74.7.227.39 - - [24/Dec/2025:08:12:29 -0500] "GET /?_g=511551 HTTP/1.1" 200 215329 "-" "Mozilla/5.0 AppleWebKit/537.36 (KHTML, like Gecko; compatible; GPTBot/1.3; +https://openai.com/gptbot)"
74.7.227.39 - - [24/Dec/2025:08:12:30 -0500] "GET /?_g=426872 HTTP/1.1" 200 215329 "-" "Mozilla/5.0 AppleWebKit/537.36 (KHTML, like Gecko; compatible; GPTBot/1.3; +https://openai.com/gptbot)"
52.167.144.172 - - [24/Dec/2025:08:12:30 -0500] "GET /index.php//?_g=2683937 HTTP/1.1" 200 183972 "-" "Mozilla/5.0 AppleWebKit/537.36 (KHTML, like Gecko; compatible; bingbot/2.0; +http://www.bing.com/bingbot.htm) Chrome/116.0.1938.76 Safari/537.36"
74.7.227.39 - - [24/Dec/2025:08:12:30 -0500] "GET /?_g=844282 HTTP/1.1" 200 215329 "-" "Mozilla/5.0 AppleWebKit/537.36 (KHTML, like Gecko; compatible; GPTBot/1.3; +https://openai.com/gptbot)"
74.7.227.39 - - [24/Dec/2025:08:12:31 -0500] "GET /?_g=188585 HTTP/1.1" 200 215329 "-" "Mozilla/5.0 AppleWebKit/537.36 (KHTML, like Gecko; compatible; GPTBot/1.3; +https://openai.com/gptbot)"
52.167.144.172 - - [24/Dec/2025:08:12:31 -0500] "GET /index.php/shop/pg/1SiteUse//?_g=1452977 HTTP/1.1" 200 189851 "-" "Mozilla/5.0 AppleWebKit/537.36 (KHTML, like Gecko; compatible; bingbot/2.0; +http://www.bing.com/bingbot.htm) Chrome/116.0.1938.76 Safari/537.36"
136.243.228.195 - - [24/Dec/2025:08:12:30 -0500] "GET /?_g=1605104 HTTP/1.1" 200 215329 "-" "Mozilla/5.0 (compatible; DataForSeoBot/1.0; +https://dataforseo.com/dataforseo-bot)"
185.191.171.1 - - [24/Dec/2025:08:12:31 -0500] "GET /?_g=1626252 HTTP/1.1" 200 215329 "-" "Mozilla/5.0 (compatible; SemrushBot/7~bl; +http://www.semrush.com/bot.html)"
74.7.227.39 - - [24/Dec/2025:08:12:32 -0500] "GET /?_g=343453 HTTP/1.1" 200 215329 "-" "Mozilla/5.0 AppleWebKit/537.36 (KHTML, like Gecko; compatible; GPTBot/1.3; +https://openai.com/gptbot)"
74.7.227.39 - - [24/Dec/2025:08:12:32 -0500] "GET /?_g=494898 HTTP/1.1" 200 215329 "-" "Mozilla/5.0 AppleWebKit/537.36 (KHTML, like Gecko; compatible; GPTBot/1.3; +https://openai.com/gptbot)"
74.7.227.39 - - [24/Dec/2025:08:12:33 -0500] "GET /?_g=322336 HTTP/1.1" 200 215329 "-" "Mozilla/5.0 AppleWebKit/537.36 (KHTML, like Gecko; compatible; GPTBot/1.3; +https://openai.com/gptbot)"
160.237.82.144 - - [24/Dec/2025:08:12:33 -0500] "GET /?_g=1417604 HTTP/1.1" 200 462 "https://www.google.com/" "Mozilla/5.0 (iPhone; CPU iPhone OS 26_1_0 like Mac OS X) AppleWebKit/605.1.15 (KHTML, like Gecko) CriOS/143.0.7499.151 Mobile/15E148 Safari/604.1"
74.7.227.39 - - [24/Dec/2025:08:12:33 -0500] "GET /?_g=622446 HTTP/1.1" 200 215329 "-" "Mozilla/5.0 AppleWebKit/537.36 (KHTML, like Gecko; compatible; GPTBot/1.3; +https://openai.com/gptbot)"
160.237.82.144 - - [24/Dec/2025:08:12:34 -0500] "GET /favicon.ico HTTP/1.1" 301 - "-" "Mozilla/5.0 (iPhone; CPU iPhone OS 26_1_0 like Mac OS X) AppleWebKit/605.1.15 (KHTML, like Gecko) CriOS/143.0.7499.151 Mobile/15E148 Safari/604.1"
57.141.20.50 - - [24/Dec/2025:08:12:34 -0500] "GET /?_g=147930 HTTP/1.1" 200 215329 "-" "meta-externalagent/1.1 (+https://developers.facebook.com/docs/sharing/webmasters/crawler)"
198.50.127.198 - - [24/Dec/2025:08:12:34 -0500] "HEAD /wp-content/uploads/font-awesome/v6.6.0/css/svg-with-js.css HTTP/1.1" 200 - "-" "WordPress/6.9; https://bahiaparaisosuites.com"
57.141.20.42 - - [24/Dec/2025:08:12:34 -0500] "GET /?_g=2766476 HTTP/1.1" 200 215329 "-" "meta-externalagent/1.1 (+https://developers.facebook.com/docs/sharing/webmasters/crawler)"
176.123.4.135 - - [24/Dec/2025:08:12:34 -0500] "GET /wp-admin/profile.php HTTP/1.1" 302 - "https://bahiaparaisosuites.com/wp-login.php" "Mozilla/5.0 (X11; Ubuntu; Linux x86_64) AppleWebKit/537.36 (KHTML, like Gecko) Chrome/119.0.0.0 Safari/537.36"
74.7.227.39 - - [24/Dec/2025:08:12:34 -0500] "GET /?_g=664676 HTTP/1.1" 200 215329 "-" "Mozilla/5.0 AppleWebKit/537.36 (KHTML, like Gecko; compatible; GPTBot/1.3; +https://openai.com/gptbot)"
176.123.4.135 - - [24/Dec/2025:08:12:34 -0500] "GET /wp-login.php?redirect_to=https%3A%2F%2Fbahiaparaisosuites.com%2Fwp-admin%2Fprofile.php&reauth=1 HTTP/1.1" 200 11030 "https://bahiaparaisosuites.com/wp-login.php" "Mozilla/5.0 (X11; Ubuntu; Linux x86_64) AppleWebKit/537.36 (KHTML, like Gecko) Chrome/119.0.0.0 Safari/537.36"
160.237.82.144 - - [24/Dec/2025:08:12:35 -0500] "GET /favicon.ico HTTP/1.1" 302 - "-" "Mozilla/5.0 (iPhone; CPU iPhone OS 26_1_0 like Mac OS X) AppleWebKit/605.1.15 (KHTML, like Gecko) CriOS/143.0.7499.151 Mobile/15E148 Safari/604.1"
74.7.227.39 - - [24/Dec/2025:08:12:35 -0500] "GET /?_g=278277 HTTP/1.1" 200 215329 "-" "Mozilla/5.0 AppleWebKit/537.36 (KHTML, like Gecko; compatible; GPTBot/1.3; +https://openai.com/gptbot)"
160.237.82.144 - - [24/Dec/2025:08:12:35 -0500] "GET /wp-content/uploads/2021/08/bp-avatar-150x150.png HTTP/1.1" 200 11361 "-" "Mozilla/5.0 (iPhone; CPU iPhone OS 26_1_0 like Mac OS X) AppleWebKit/605.1.15 (KHTML, like Gecko) CriOS/143.0.7499.151 Mobile/15E148 Safari/604.1"
136.243.228.195 - - [24/Dec/2025:08:12:34 -0500] "GET /?_g=3057368 HTTP/1.1" 200 215329 "-" "Mozilla/5.0 (compatible; DataForSeoBot/1.0; +https://dataforseo.com/dataforseo-bot)"
176.123.4.135 - - [24/Dec/2025:08:12:35 -0500] "POST /wp-login.php HTTP/1.1" 503 19547 "https://bahiaparaisosuites.com/wp-login.php" "Mozilla/5.0 (Macintosh; Intel Mac OS X 10_15_7) AppleWebKit/605.1.15 (KHTML, like Gecko) Version/17.2 Safari/605.1.15"
198.50.127.198 - - [24/Dec/2025:08:12:36 -0500] "POST /wp-cron.php?doing_wp_cron=1766581956.0425050258636474609375 HTTP/1.1" 200 - "-" "WordPress/6.9; https://bahiaparaisosuites.com"
74.7.227.39 - - [24/Dec/2025:08:12:35 -0500] "GET /?_g=451511 HTTP/1.1" 200 215329 "-" "Mozilla/5.0 AppleWebKit/537.36 (KHTML, like Gecko; compatible; GPTBot/1.3; +https://openai.com/gptbot)"
74.7.227.39 - - [24/Dec/2025:08:12:36 -0500] "GET /?_g=633866 HTTP/1.1" 200 215329 "-" "Mozilla/5.0 AppleWebKit/537.36 (KHTML, like Gecko; compatible; GPTBot/1.3; +https://openai.com/gptbot)"
207.46.13.116 - - [24/Dec/2025:08:12:36 -0500] "GET /index.php//?_g=539599 HTTP/1.1" 200 179537 "-" "Mozilla/5.0 AppleWebKit/537.36 (KHTML, like Gecko; compatible; bingbot/2.0; +http://www.bing.com/bingbot.htm) Chrome/116.0.1938.76 Safari/537.36"
74.7.227.39 - - [24/Dec/2025:08:12:36 -0500] "GET /?_g=25257 HTTP/1.1" 200 215329 "-" "Mozilla/5.0 AppleWebKit/537.36 (KHTML, like Gecko; compatible; GPTBot/1.3; +https://openai.com/gptbot)"
74.7.227.39 - - [24/Dec/2025:08:12:37 -0500] "GET /?_g=271172 HTTP/1.1" 200 215329 "-" "Mozilla/5.0 AppleWebKit/537.36 (KHTML, like Gecko; compatible; GPTBot/1.3; +https://openai.com/gptbot)"
74.7.227.39 - - [24/Dec/2025:08:12:37 -0500] "GET /?_g=703137 HTTP/1.1" 200 215329 "-" "Mozilla/5.0 AppleWebKit/537.36 (KHTML, like Gecko; compatible; GPTBot/1.3; +https://openai.com/gptbot)"
85.208.96.205 - - [24/Dec/2025:08:12:38 -0500] "GET /?_g=3097169 HTTP/1.1" 200 215329 "-" "Mozilla/5.0 (compatible; SemrushBot/7~bl; +http://www.semrush.com/bot.html)"
74.7.227.39 - - [24/Dec/2025:08:12:38 -0500] "GET /?_g=368653 HTTP/1.1" 200 215329 "-" "Mozilla/5.0 AppleWebKit/537.36 (KHTML, like Gecko; compatible; GPTBot/1.3; +https://openai.com/gptbot)"
198.50.127.198 - - [24/Dec/2025:08:12:39 -0500] "POST /wp-cron.php?doing_wp_cron=1766581959.5003159046173095703125 HTTP/1.1" 200 - "-" "WordPress/6.9; https://bahiaparaisosuites.com"
74.7.227.39 - - [24/Dec/2025:08:12:39 -0500] "GET /?_g=97733 HTTP/1.1" 200 215329 "-" "Mozilla/5.0 AppleWebKit/537.36 (KHTML, like Gecko; compatible; GPTBot/1.3; +https://openai.com/gptbot)"
136.243.228.195 - - [24/Dec/2025:08:12:38 -0500] "GET /?_g=1290112 HTTP/1.1" 200 215329 "-" "Mozilla/5.0 (compatible; DataForSeoBot/1.0; +https://dataforseo.com/dataforseo-bot)"
74.7.227.39 - - [24/Dec/2025:08:12:39 -0500] "GET /?_g=896569 HTTP/1.1" 200 215329 "-" "Mozilla/5.0 AppleWebKit/537.36 (KHTML, like Gecko; compatible; GPTBot/1.3; +https://openai.com/gptbot)"
57.141.20.55 - - [24/Dec/2025:08:12:39 -0500] "GET /?_g=3217237 HTTP/1.1" 200 215329 "-" "meta-externalagent/1.1 (+https://developers.facebook.com/docs/sharing/webmasters/crawler)"
74.7.227.39 - - [24/Dec/2025:08:12:40 -0500] "GET /?_g=285385 HTTP/1.1" 200 215329 "-" "Mozilla/5.0 AppleWebKit/537.36 (KHTML, like Gecko; compatible; GPTBot/1.3; +https://openai.com/gptbot)"
74.7.227.39 - - [24/Dec/2025:08:12:40 -0500] "GET /?_g=360990 HTTP/1.1" 200 215329 "-" "Mozilla/5.0 AppleWebKit/537.36 (KHTML, like Gecko; compatible; GPTBot/1.3; +https://openai.com/gptbot)"
74.7.227.39 - - [24/Dec/2025:08:12:41 -0500] "GET /?_g=376433 HTTP/1.1" 200 215329 "-" "Mozilla/5.0 AppleWebKit/537.36 (KHTML, like Gecko; compatible; GPTBot/1.3; +https://openai.com/gptbot)"
74.7.227.39 - - [24/Dec/2025:08:12:41 -0500] "GET /?_g=294622 HTTP/1.1" 200 215329 "-" "Mozilla/5.0 AppleWebKit/537.36 (KHTML, like Gecko; compatible; GPTBot/1.3; +https://openai.com/gptbot)"
74.7.227.39 - - [24/Dec/2025:08:12:42 -0500] "GET /?_g=226855 HTTP/1.1" 200 215329 "-" "Mozilla/5.0 AppleWebKit/537.36 (KHTML, like Gecko; compatible; GPTBot/1.3; +https://openai.com/gptbot)"
136.243.228.195 - - [24/Dec/2025:08:12:42 -0500] "GET /?_g=2017634 HTTP/1.1" 200 215329 "-" "Mozilla/5.0 (compatible; DataForSeoBot/1.0; +https://dataforseo.com/dataforseo-bot)"
74.7.227.39 - - [24/Dec/2025:08:12:43 -0500] "GET /?_g=426822 HTTP/1.1" 200 215329 "-" "Mozilla/5.0 AppleWebKit/537.36 (KHTML, like Gecko; compatible; GPTBot/1.3; +https://openai.com/gptbot)"
74.7.227.39 - - [24/Dec/2025:08:12:43 -0500] "GET /?_g=542502 HTTP/1.1" 200 215329 "-" "Mozilla/5.0 AppleWebKit/537.36 (KHTML, like Gecko; compatible; GPTBot/1.3; +https://openai.com/gptbot)"
74.7.227.39 - - [24/Dec/2025:08:12:44 -0500] "GET /?_g=748424 HTTP/1.1" 200 215329 "-" "Mozilla/5.0 AppleWebKit/537.36 (KHTML, like Gecko; compatible; GPTBot/1.3; +https://openai.com/gptbot)"
74.7.227.39 - - [24/Dec/2025:08:12:44 -0500] "GET /?_g=979880 HTTP/1.1" 200 215329 "-" "Mozilla/5.0 AppleWebKit/537.36 (KHTML, like Gecko; compatible; GPTBot/1.3; +https://openai.com/gptbot)"
74.7.227.39 - - [24/Dec/2025:08:12:45 -0500] "GET /?_g=118809 HTTP/1.1" 200 215329 "-" "Mozilla/5.0 AppleWebKit/537.36 (KHTML, like Gecko; compatible; GPTBot/1.3; +https://openai.com/gptbot)"
74.7.227.39 - - [24/Dec/2025:08:12:46 -0500] "GET /?_g=424377 HTTP/1.1" 200 215329 "-" "Mozilla/5.0 AppleWebKit/537.36 (KHTML, like Gecko; compatible; GPTBot/1.3; +https://openai.com/gptbot)"
74.7.227.39 - - [24/Dec/2025:08:12:46 -0500] "GET /?_g=430740 HTTP/1.1" 200 215329 "-" "Mozilla/5.0 AppleWebKit/537.36 (KHTML, like Gecko; compatible; GPTBot/1.3; +https://openai.com/gptbot)"
74.7.227.39 - - [24/Dec/2025:08:12:47 -0500] "GET /?_g=977668 HTTP/1.1" 200 215329 "-" "Mozilla/5.0 AppleWebKit/537.36 (KHTML, like Gecko; compatible; GPTBot/1.3; +https://openai.com/gptbot)"
136.243.228.195 - - [24/Dec/2025:08:12:46 -0500] "GET /?_g=324138 HTTP/1.1" 200 215329 "-" "Mozilla/5.0 (compatible; DataForSeoBot/1.0; +https://dataforseo.com/dataforseo-bot)"
85.208.96.197 - - [24/Dec/2025:08:12:47 -0500] "GET /?_g=3382774 HTTP/1.1" 200 215329 "-" "Mozilla/5.0 (compatible; SemrushBot/7~bl; +http://www.semrush.com/bot.html)"
74.7.227.39 - - [24/Dec/2025:08:12:48 -0500] "GET /?_g=789689 HTTP/1.1" 200 215329 "-" "Mozilla/5.0 AppleWebKit/537.36 (KHTML, like Gecko; compatible; GPTBot/1.3; +https://openai.com/gptbot)"
57.141.20.44 - - [24/Dec/2025:08:12:48 -0500] "GET /?_g=1569371 HTTP/1.1" 200 215329 "-" "meta-externalagent/1.1 (+https://developers.facebook.com/docs/sharing/webmasters/crawler)"
198.50.127.198 - - [24/Dec/2025:08:12:49 -0500] "POST /wp-cron.php?doing_wp_cron=1766581969.0528841018676757812500 HTTP/1.1" 200 - "-" "WordPress/6.9; https://bahiaparaisosuites.com"
74.7.227.39 - - [24/Dec/2025:08:12:48 -0500] "GET /?_g=180071 HTTP/1.1" 200 215329 "-" "Mozilla/5.0 AppleWebKit/537.36 (KHTML, like Gecko; compatible; GPTBot/1.3; +https://openai.com/gptbot)"
74.7.227.39 - - [24/Dec/2025:08:12:49 -0500] "GET /?_g=900430 HTTP/1.1" 200 215329 "-" "Mozilla/5.0 AppleWebKit/537.36 (KHTML, like Gecko; compatible; GPTBot/1.3; +https://openai.com/gptbot)"
176.123.4.135 - - [24/Dec/2025:08:12:49 -0500] "GET /wp-admin/index.php HTTP/1.1" 503 19545 "https://bahiaparaisosuites.com/wp-login.php" "Mozilla/5.0 (Macintosh; Intel Mac OS X 10_15_7; rv:118.0) Gecko/20100101 Firefox/118.0"
74.7.227.39 - - [24/Dec/2025:08:12:49 -0500] "GET /?_g=326216 HTTP/1.1" 200 215329 "-" "Mozilla/5.0 AppleWebKit/537.36 (KHTML, like Gecko; compatible; GPTBot/1.3; +https://openai.com/gptbot)"
85.208.96.194 - - [24/Dec/2025:08:12:50 -0500] "GET /?_g=2354985 HTTP/1.1" 200 215329 "-" "Mozilla/5.0 (compatible; SemrushBot/7~bl; +http://www.semrush.com/bot.html)"
74.7.227.39 - - [24/Dec/2025:08:12:50 -0500] "GET /?_g=757508 HTTP/1.1" 200 215329 "-" "Mozilla/5.0 AppleWebKit/537.36 (KHTML, like Gecko; compatible; GPTBot/1.3; +https://openai.com/gptbot)"
74.7.227.39 - - [24/Dec/2025:08:12:51 -0500] "GET /?_g=936463 HTTP/1.1" 200 215329 "-" "Mozilla/5.0 AppleWebKit/537.36 (KHTML, like Gecko; compatible; GPTBot/1.3; +https://openai.com/gptbot)"
136.243.228.195 - - [24/Dec/2025:08:12:50 -0500] "GET /?_g=206946 HTTP/1.1" 200 215329 "-" "Mozilla/5.0 (compatible; DataForSeoBot/1.0; +https://dataforseo.com/dataforseo-bot)"
74.7.227.39 - - [24/Dec/2025:08:12:51 -0500] "GET /?_g=330866 HTTP/1.1" 200 215329 "-" "Mozilla/5.0 AppleWebKit/537.36 (KHTML, like Gecko; compatible; GPTBot/1.3; +https://openai.com/gptbot)"
74.7.227.39 - - [24/Dec/2025:08:12:52 -0500] "GET /?_g=142311 HTTP/1.1" 200 215329 "-" "Mozilla/5.0 AppleWebKit/537.36 (KHTML, like Gecko; compatible; GPTBot/1.3; +https://openai.com/gptbot)"
74.7.227.39 - - [24/Dec/2025:08:12:52 -0500] "GET /?_g=797275 HTTP/1.1" 200 215329 "-" "Mozilla/5.0 AppleWebKit/537.36 (KHTML, like Gecko; compatible; GPTBot/1.3; +https://openai.com/gptbot)"
74.7.227.39 - - [24/Dec/2025:08:12:53 -0500] "GET /?_g=995285 HTTP/1.1" 200 215329 "-" "Mozilla/5.0 AppleWebKit/537.36 (KHTML, like Gecko; compatible; GPTBot/1.3; +https://openai.com/gptbot)"
74.7.227.39 - - [24/Dec/2025:08:12:53 -0500] "GET /?_g=349040 HTTP/1.1" 200 215329 "-" "Mozilla/5.0 AppleWebKit/537.36 (KHTML, like Gecko; compatible; GPTBot/1.3; +https://openai.com/gptbot)"
74.7.227.39 - - [24/Dec/2025:08:12:54 -0500] "GET /?_g=788202 HTTP/1.1" 200 215329 "-" "Mozilla/5.0 AppleWebKit/537.36 (KHTML, like Gecko; compatible; GPTBot/1.3; +https://openai.com/gptbot)"
74.7.227.39 - - [24/Dec/2025:08:12:55 -0500] "GET /?_g=551352 HTTP/1.1" 200 215329 "-" "Mozilla/5.0 AppleWebKit/537.36 (KHTML, like Gecko; compatible; GPTBot/1.3; +https://openai.com/gptbot)"
136.243.228.195 - - [24/Dec/2025:08:12:54 -0500] "GET /?_g=1174773 HTTP/1.1" 200 215329 "-" "Mozilla/5.0 (compatible; DataForSeoBot/1.0; +https://dataforseo.com/dataforseo-bot)"
74.7.227.39 - - [24/Dec/2025:08:12:55 -0500] "GET /?_g=425427 HTTP/1.1" 200 215329 "-" "Mozilla/5.0 AppleWebKit/537.36 (KHTML, like Gecko; compatible; GPTBot/1.3; +https://openai.com/gptbot)"
74.7.227.39 - - [24/Dec/2025:08:12:56 -0500] "GET /?_g=773966 HTTP/1.1" 200 215329 "-" "Mozilla/5.0 AppleWebKit/537.36 (KHTML, like Gecko; compatible; GPTBot/1.3; +https://openai.com/gptbot)"
74.7.227.39 - - [24/Dec/2025:08:12:56 -0500] "GET /?_g=388084 HTTP/1.1" 200 215329 "-" "Mozilla/5.0 AppleWebKit/537.36 (KHTML, like Gecko; compatible; GPTBot/1.3; +https://openai.com/gptbot)"
74.7.227.39 - - [24/Dec/2025:08:12:57 -0500] "GET /?_g=688335 HTTP/1.1" 200 215329 "-" "Mozilla/5.0 AppleWebKit/537.36 (KHTML, like Gecko; compatible; GPTBot/1.3; +https://openai.com/gptbot)"
74.7.227.39 - - [24/Dec/2025:08:12:57 -0500] "GET /?_g=944881 HTTP/1.1" 200 215329 "-" "Mozilla/5.0 AppleWebKit/537.36 (KHTML, like Gecko; compatible; GPTBot/1.3; +https://openai.com/gptbot)"
74.7.227.39 - - [24/Dec/2025:08:12:58 -0500] "GET /?_g=672724 HTTP/1.1" 200 215329 "-" "Mozilla/5.0 AppleWebKit/537.36 (KHTML, like Gecko; compatible; GPTBot/1.3; +https://openai.com/gptbot)"
198.50.127.198 - - [24/Dec/2025:08:12:59 -0500] "POST /wp-cron.php?doing_wp_cron=1766581979.2867369651794433593750 HTTP/1.1" 200 - "-" "WordPress/6.9; https://bahiaparaisosuites.com"
74.7.227.39 - - [24/Dec/2025:08:12:58 -0500] "GET /?_g=925993 HTTP/1.1" 200 215329 "-" "Mozilla/5.0 AppleWebKit/537.36 (KHTML, like Gecko; compatible; GPTBot/1.3; +https://openai.com/gptbot)"
136.243.228.195 - - [24/Dec/2025:08:12:58 -0500] "GET /?_g=3098906 HTTP/1.1" 200 215329 "-" "Mozilla/5.0 (compatible; DataForSeoBot/1.0; +https://dataforseo.com/dataforseo-bot)"
74.7.227.39 - - [24/Dec/2025:08:12:59 -0500] "GET /?_g=930305 HTTP/1.1" 200 215329 "-" "Mozilla/5.0 AppleWebKit/537.36 (KHTML, like Gecko; compatible; GPTBot/1.3; +https://openai.com/gptbot)"
74.7.227.39 - - [24/Dec/2025:08:13:00 -0500] "GET /?_g=614546 HTTP/1.1" 200 215329 "-" "Mozilla/5.0 AppleWebKit/537.36 (KHTML, like Gecko; compatible; GPTBot/1.3; +https://openai.com/gptbot)"
74.7.227.39 - - [24/Dec/2025:08:13:00 -0500] "GET /?_g=921933 HTTP/1.1" 200 215329 "-" "Mozilla/5.0 AppleWebKit/537.36 (KHTML, like Gecko; compatible; GPTBot/1.3; +https://openai.com/gptbot)"
74.7.227.39 - - [24/Dec/2025:08:13:01 -0500] "GET /?_g=115448 HTTP/1.1" 200 215329 "-" "Mozilla/5.0 AppleWebKit/537.36 (KHTML, like Gecko; compatible; GPTBot/1.3; +https://openai.com/gptbot)"
57.141.20.25 - - [24/Dec/2025:08:13:01 -0500] "GET /?_g=661513 HTTP/1.1" 200 215329 "-" "meta-externalagent/1.1 (+https://developers.facebook.com/docs/sharing/webmasters/crawler)"
74.7.227.39 - - [24/Dec/2025:08:13:01 -0500] "GET /?_g=756995 HTTP/1.1" 200 215329 "-" "Mozilla/5.0 AppleWebKit/537.36 (KHTML, like Gecko; compatible; GPTBot/1.3; +https://openai.com/gptbot)"
74.7.227.39 - - [24/Dec/2025:08:13:02 -0500] "GET /?_g=593300 HTTP/1.1" 200 215329 "-" "Mozilla/5.0 AppleWebKit/537.36 (KHTML, like Gecko; compatible; GPTBot/1.3; +https://openai.com/gptbot)"
57.141.20.39 - - [24/Dec/2025:08:13:02 -0500] "GET /?_g=2953952 HTTP/1.1" 200 215329 "-" "meta-externalagent/1.1 (+https://developers.facebook.com/docs/sharing/webmasters/crawler)"
74.7.227.39 - - [24/Dec/2025:08:13:02 -0500] "GET /?_g=872292 HTTP/1.1" 200 215329 "-" "Mozilla/5.0 AppleWebKit/537.36 (KHTML, like Gecko; compatible; GPTBot/1.3; +https://openai.com/gptbot)"
136.243.228.195 - - [24/Dec/2025:08:13:02 -0500] "GET /?_g=1831517 HTTP/1.1" 200 215329 "-" "Mozilla/5.0 (compatible; DataForSeoBot/1.0; +https://dataforseo.com/dataforseo-bot)"
74.7.227.39 - - [24/Dec/2025:08:13:03 -0500] "GET /?_g=606409 HTTP/1.1" 200 215329 "-" "Mozilla/5.0 AppleWebKit/537.36 (KHTML, like Gecko; compatible; GPTBot/1.3; +https://openai.com/gptbot)"
185.191.171.10 - - [24/Dec/2025:08:13:03 -0500] "GET /?_g=1893073 HTTP/1.1" 200 215329 "-" "Mozilla/5.0 (compatible; SemrushBot/7~bl; +http://www.semrush.com/bot.html)"
74.7.227.39 - - [24/Dec/2025:08:13:04 -0500] "GET /?_g=599789 HTTP/1.1" 200 215329 "-" "Mozilla/5.0 AppleWebKit/537.36 (KHTML, like Gecko; compatible; GPTBot/1.3; +https://openai.com/gptbot)"
176.123.4.135 - - [24/Dec/2025:08:13:04 -0500] "GET /wp-admin/profile.php HTTP/1.1" 503 19545 "https://bahiaparaisosuites.com/wp-login.php" "Mozilla/5.0 (Macintosh; Intel Mac OS X 10_15_7; rv:118.0) Gecko/20100101 Firefox/118.0"
198.50.127.198 - - [24/Dec/2025:08:13:05 -0500] "POST /wp-cron.php?doing_wp_cron=1766581985.1094169616699218750000 HTTP/1.1" 200 - "-" "WordPress/6.9; https://bahiaparaisosuites.com"
74.7.227.39 - - [24/Dec/2025:08:13:04 -0500] "GET /?_g=988464 HTTP/1.1" 200 215329 "-" "Mozilla/5.0 AppleWebKit/537.36 (KHTML, like Gecko; compatible; GPTBot/1.3; +https://openai.com/gptbot)"
74.7.227.39 - - [24/Dec/2025:08:13:05 -0500] "GET /?_g=313973 HTTP/1.1" 200 215329 "-" "Mozilla/5.0 AppleWebKit/537.36 (KHTML, like Gecko; compatible; GPTBot/1.3; +https://openai.com/gptbot)"
74.7.227.39 - - [24/Dec/2025:08:13:05 -0500] "GET /?_g=330321 HTTP/1.1" 200 215329 "-" "Mozilla/5.0 AppleWebKit/537.36 (KHTML, like Gecko; compatible; GPTBot/1.3; +https://openai.com/gptbot)"
