66.249.89.106 - - [24/Dec/2025:07:32:52 -0500] "GET /wp-content/cache/minify/e6deb.js HTTP/1.1" 200 11815 "https://bahiaparaisosuites.com/?_g=2988422" "Mozilla/5.0 (X11; Linux x86_64) AppleWebKit/537.36 (KHTML, like Gecko) Chrome/141.0.7390.122 Safari/537.36"
66.249.89.106 - - [24/Dec/2025:07:32:52 -0500] "GET /wp-content/cache/minify/501dc.js HTTP/1.1" 200 3859 "https://bahiaparaisosuites.com/?_g=2988422" "Mozilla/5.0 (X11; Linux x86_64) AppleWebKit/537.36 (KHTML, like Gecko) Chrome/141.0.7390.122 Safari/537.36"
66.249.89.107 - - [24/Dec/2025:07:32:52 -0500] "GET /wp-content/cache/minify/1615d.js HTTP/1.1" 200 2814 "https://bahiaparaisosuites.com/?_g=2988422" "Mozilla/5.0 (X11; Linux x86_64) AppleWebKit/537.36 (KHTML, like Gecko) Chrome/141.0.7390.122 Safari/537.36"
66.249.89.107 - - [24/Dec/2025:07:32:53 -0500] "GET /wp-content/cache/minify/5a51b.js HTTP/1.1" 200 3370 "https://bahiaparaisosuites.com/?_g=2988422" "Mozilla/5.0 (X11; Linux x86_64) AppleWebKit/537.36 (KHTML, like Gecko) Chrome/141.0.7390.122 Safari/537.36"
66.249.89.107 - - [24/Dec/2025:07:32:53 -0500] "GET /wp-content/uploads/2024/11/Hotel-Bahia-Paraiso-Paisaje-Exterior-web-min.jpg HTTP/1.1" 200 990484 "https://bahiaparaisosuites.com/wp-content/cache/minify/94381.css" "Mozilla/5.0 (X11; Linux x86_64) AppleWebKit/537.36 (KHTML, like Gecko) Chrome/141.0.7390.122 Safari/537.36"
66.249.89.107 - - [24/Dec/2025:07:32:53 -0500] "GET /wp-content/uploads/2024/11/Hotel-Bahia-Paraiso-Paisaje-01-Exterior-web-min.jpg HTTP/1.1" 200 323221 "https://bahiaparaisosuites.com/wp-content/cache/minify/94381.css" "Mozilla/5.0 (X11; Linux x86_64) AppleWebKit/537.36 (KHTML, like Gecko) Chrome/141.0.7390.122 Safari/537.36"
66.249.89.106 - - [24/Dec/2025:07:32:53 -0500] "GET /wp-content/uploads/elementor/google-fonts/fonts/montserrat-jtusjig1_i6t8kchkm459wlhyw.woff2 HTTP/1.1" 200 37828 "https://bahiaparaisosuites.com/wp-content/cache/minify/d4f8f.css" "Mozilla/5.0 (X11; Linux x86_64) AppleWebKit/537.36 (KHTML, like Gecko) Chrome/141.0.7390.122 Safari/537.36"
66.249.89.107 - - [24/Dec/2025:07:32:54 -0500] "GET /wp-content/plugins/elementor/assets/lib/font-awesome/webfonts/fa-solid-900.woff2 HTTP/1.1" 200 78196 "https://bahiaparaisosuites.com/wp-content/cache/minify/94381.css" "Mozilla/5.0 (X11; Linux x86_64) AppleWebKit/537.36 (KHTML, like Gecko) Chrome/141.0.7390.122 Safari/537.36"
66.249.89.106 - - [24/Dec/2025:07:32:54 -0500] "GET /wp-content/uploads/elementor/google-fonts/fonts/roboto-kfo7cnqeu92fr1me7ksn66agldtyluama3yuba.woff2 HTTP/1.1" 200 40128 "https://bahiaparaisosuites.com/wp-content/cache/minify/d4f8f.css" "Mozilla/5.0 (X11; Linux x86_64) AppleWebKit/537.36 (KHTML, like Gecko) Chrome/141.0.7390.122 Safari/537.36"
66.249.89.106 - - [24/Dec/2025:07:32:54 -0500] "GET /wp-content/uploads/elementor/google-fonts/fonts/robotocondensed-ievl2zhzi2ecn5jzbjeets9weq8-19k7dq.woff2 HTTP/1.1" 200 51404 "https://bahiaparaisosuites.com/wp-content/cache/minify/d4f8f.css" "Mozilla/5.0 (X11; Linux x86_64) AppleWebKit/537.36 (KHTML, like Gecko) Chrome/141.0.7390.122 Safari/537.36"
66.249.89.106 - - [24/Dec/2025:07:32:54 -0500] "GET /wp-content/uploads/elementor/custom-icons/social-1/font/social.woff2?9279205 HTTP/1.1" 200 3016 "https://bahiaparaisosuites.com/wp-content/cache/minify/d4f8f.css" "Mozilla/5.0 (X11; Linux x86_64) AppleWebKit/537.36 (KHTML, like Gecko) Chrome/141.0.7390.122 Safari/537.36"
66.249.89.107 - - [24/Dec/2025:07:32:54 -0500] "GET /wp-content/plugins/elementor/assets/lib/eicons/fonts/eicons.woff2?5.45.0 HTTP/1.1" 200 104212 "https://bahiaparaisosuites.com/wp-content/cache/minify/94381.css" "Mozilla/5.0 (X11; Linux x86_64) AppleWebKit/537.36 (KHTML, like Gecko) Chrome/141.0.7390.122 Safari/537.36"
66.249.89.107 - - [24/Dec/2025:07:32:55 -0500] "GET /wp-content/plugins/elementor/assets/lib/font-awesome/webfonts/fa-brands-400.woff2 HTTP/1.1" 200 81612 "https://bahiaparaisosuites.com/wp-content/cache/minify/94381.css" "Mozilla/5.0 (X11; Linux x86_64) AppleWebKit/537.36 (KHTML, like Gecko) Chrome/141.0.7390.122 Safari/537.36"
66.249.89.107 - - [24/Dec/2025:07:32:55 -0500] "GET /wp-content/uploads/2025/10/fondo-pop-up.jpg HTTP/1.1" 200 6278 "https://bahiaparaisosuites.com/?_g=2988422" "Mozilla/5.0 (X11; Linux x86_64) AppleWebKit/537.36 (KHTML, like Gecko) Chrome/141.0.7390.122 Safari/537.36"
185.191.171.18 - - [24/Dec/2025:07:32:54 -0500] "GET /?_g=2299656 HTTP/1.1" 200 215329 "-" "Mozilla/5.0 (compatible; SemrushBot/7~bl; +http://www.semrush.com/bot.html)"
66.249.89.107 - - [24/Dec/2025:07:32:55 -0500] "GET /wp-content/uploads/elementor/google-fonts/fonts/roboto-kfo7cnqeu92fr1me7ksn66agldtyluamaxkubgee.woff2 HTTP/1.1" 200 20408 "https://bahiaparaisosuites.com/wp-content/cache/minify/d4f8f.css" "Mozilla/5.0 (X11; Linux x86_64) AppleWebKit/537.36 (KHTML, like Gecko) Chrome/141.0.7390.122 Safari/537.36"
27.253.251.229 - - [24/Dec/2025:07:32:55 -0500] "GET /?_g=305443 HTTP/1.1" 200 413 "https://www.google.com/" "Mozilla/5.0 (Linux; Android 10; K) AppleWebKit/537.36 (KHTML, like Gecko) Chrome/143.0.0.0 Mobile Safari/537.36"
136.243.228.195 - - [24/Dec/2025:07:32:54 -0500] "GET /?_g=1594549 HTTP/1.1" 200 215329 "-" "Mozilla/5.0 (compatible; DataForSeoBot/1.0; +https://dataforseo.com/dataforseo-bot)"
66.249.89.107 - - [24/Dec/2025:07:32:55 -0500] "GET /wp-content/plugins/elementor/assets/js/section-frontend-handlers.d85ab872da118940910d.bundle.min.js HTTP/1.1" 200 449 "https://bahiaparaisosuites.com/?_g=2988422" "Mozilla/5.0 (X11; Linux x86_64) AppleWebKit/537.36 (KHTML, like Gecko) Chrome/141.0.7390.122 Safari/537.36"
66.249.89.107 - - [24/Dec/2025:07:32:56 -0500] "GET /wp-content/plugins/elementor/assets/js/shared-frontend-handlers.03caa53373b56d3bab67.bundle.min.js HTTP/1.1" 200 8481 "https://bahiaparaisosuites.com/?_g=2988422" "Mozilla/5.0 (X11; Linux x86_64) AppleWebKit/537.36 (KHTML, like Gecko) Chrome/141.0.7390.122 Safari/537.36"
66.249.89.107 - - [24/Dec/2025:07:32:56 -0500] "GET /wp-content/plugins/pro-elements/assets/js/nav-menu.a23fbd67486c5bedf26c.bundle.min.js HTTP/1.1" 200 5281 "https://bahiaparaisosuites.com/?_g=2988422" "Mozilla/5.0 (X11; Linux x86_64) AppleWebKit/537.36 (KHTML, like Gecko) Chrome/141.0.7390.122 Safari/537.36"
66.249.89.106 - - [24/Dec/2025:07:32:56 -0500] "GET /wp-content/plugins/elementor/assets/js/text-editor.45609661e409413f1cef.bundle.min.js HTTP/1.1" 200 1348 "https://bahiaparaisosuites.com/?_g=2988422" "Mozilla/5.0 (X11; Linux x86_64) AppleWebKit/537.36 (KHTML, like Gecko) Chrome/141.0.7390.122 Safari/537.36"
185.191.171.19 - - [24/Dec/2025:07:32:56 -0500] "GET /?_g=1181531 HTTP/1.1" 200 215329 "-" "Mozilla/5.0 (compatible; SemrushBot/7~bl; +http://www.semrush.com/bot.html)"
66.249.89.106 - - [24/Dec/2025:07:32:57 -0500] "GET /wp-content/uploads/2021/08/logo-v.png HTTP/1.1" 200 58496 "https://bahiaparaisosuites.com/?_g=2988422" "Mozilla/5.0 (X11; Linux x86_64) AppleWebKit/537.36 (KHTML, like Gecko) Chrome/141.0.7390.122 Safari/537.36"
66.249.89.107 - - [24/Dec/2025:07:32:57 -0500] "GET /wp-content/uploads/2021/08/logo-21.png HTTP/1.1" 200 13944 "https://bahiaparaisosuites.com/?_g=2988422" "Mozilla/5.0 (X11; Linux x86_64) AppleWebKit/537.36 (KHTML, like Gecko) Chrome/141.0.7390.122 Safari/537.36"
66.249.89.106 - - [24/Dec/2025:07:32:57 -0500] "GET /wp-content/uploads/2024/11/Hotel-Bahia-Paraiso-Exterior-web-min-1024x768.jpg HTTP/1.1" 200 191442 "https://bahiaparaisosuites.com/?_g=2988422" "Mozilla/5.0 (X11; Linux x86_64) AppleWebKit/537.36 (KHTML, like Gecko) Chrome/141.0.7390.122 Safari/537.36"
66.249.89.106 - - [24/Dec/2025:07:32:58 -0500] "GET /wp-content/uploads/2024/11/Habitacion-Premium-Portada-Vertical-Hotel-Bahia-Paraiso-min-1152x1536.jpg HTTP/1.1" 200 301098 "https://bahiaparaisosuites.com/?_g=2988422" "Mozilla/5.0 (X11; Linux x86_64) AppleWebKit/537.36 (KHTML, like Gecko) Chrome/141.0.7390.122 Safari/537.36"
66.249.89.107 - - [24/Dec/2025:07:32:58 -0500] "GET /wp-content/uploads/2024/11/Departamento-Vista-al-Lago-Portada-Vertical-Hotel-Bahia-Paraiso-min-1152x1536.jpg HTTP/1.1" 200 362847 "https://bahiaparaisosuites.com/?_g=2988422" "Mozilla/5.0 (X11; Linux x86_64) AppleWebKit/537.36 (KHTML, like Gecko) Chrome/141.0.7390.122 Safari/537.36"
66.249.89.107 - - [24/Dec/2025:07:32:59 -0500] "GET /wp-content/uploads/2024/11/Suite-01-Vertical-Hotel-Bahia-Paraiso-minn-1152x1536.jpg HTTP/1.1" 200 233314 "https://bahiaparaisosuites.com/?_g=2988422" "Mozilla/5.0 (X11; Linux x86_64) AppleWebKit/537.36 (KHTML, like Gecko) Chrome/141.0.7390.122 Safari/537.36"
66.249.89.107 - - [24/Dec/2025:07:32:59 -0500] "GET /wp-content/uploads/2024/11/testimonials.jpg HTTP/1.1" 200 63372 "https://bahiaparaisosuites.com/?_g=2988422" "Mozilla/5.0 (X11; Linux x86_64) AppleWebKit/537.36 (KHTML, like Gecko) Chrome/141.0.7390.122 Safari/537.36"
66.249.89.106 - - [24/Dec/2025:07:32:59 -0500] "GET /wp-content/uploads/2024/11/Duplex-Portada-Vertical-Hotel-Bahia-Paraiso-min-1152x1536.jpg HTTP/1.1" 200 296791 "https://bahiaparaisosuites.com/?_g=2988422" "Mozilla/5.0 (X11; Linux x86_64) AppleWebKit/537.36 (KHTML, like Gecko) Chrome/141.0.7390.122 Safari/537.36"
136.243.228.195 - - [24/Dec/2025:07:32:58 -0500] "GET /?_g=3020603 HTTP/1.1" 200 215329 "-" "Mozilla/5.0 (compatible; DataForSeoBot/1.0; +https://dataforseo.com/dataforseo-bot)"
57.141.20.57 - - [24/Dec/2025:07:33:00 -0500] "GET /sitemap-5.xml HTTP/1.1" 200 148076 "-" "meta-externalagent/1.1 (+https://developers.facebook.com/docs/sharing/webmasters/crawler)"
198.50.127.198 - - [24/Dec/2025:07:33:03 -0500] "POST /wp-cron.php?doing_wp_cron=1766579583.0128049850463867187500 HTTP/1.1" 200 - "-" "WordPress/6.9; https://bahiaparaisosuites.com"
136.243.228.195 - - [24/Dec/2025:07:33:02 -0500] "GET /?_g=230358 HTTP/1.1" 200 215329 "-" "Mozilla/5.0 (compatible; DataForSeoBot/1.0; +https://dataforseo.com/dataforseo-bot)"
136.243.228.195 - - [24/Dec/2025:07:33:06 -0500] "GET /?_g=1937657 HTTP/1.1" 200 215329 "-" "Mozilla/5.0 (compatible; DataForSeoBot/1.0; +https://dataforseo.com/dataforseo-bot)"
207.46.13.107 - - [24/Dec/2025:07:33:08 -0500] "GET /index.php//?_g=3054148 HTTP/1.1" 200 182813 "-" "Mozilla/5.0 AppleWebKit/537.36 (KHTML, like Gecko; compatible; bingbot/2.0; +http://www.bing.com/bingbot.htm) Chrome/116.0.1938.76 Safari/537.36"
198.50.127.198 - - [24/Dec/2025:07:33:11 -0500] "POST /wp-cron.php?doing_wp_cron=1766579591.3247840404510498046875 HTTP/1.1" 200 - "-" "WordPress/6.9; https://bahiaparaisosuites.com"
136.243.228.195 - - [24/Dec/2025:07:33:10 -0500] "GET /?_g=858551 HTTP/1.1" 200 215329 "-" "Mozilla/5.0 (compatible; DataForSeoBot/1.0; +https://dataforseo.com/dataforseo-bot)"
85.208.96.197 - - [24/Dec/2025:07:33:11 -0500] "GET /?_g=258990 HTTP/1.1" 200 215329 "-" "Mozilla/5.0 (compatible; SemrushBot/7~bl; +http://www.semrush.com/bot.html)"
85.208.96.211 - - [24/Dec/2025:07:33:13 -0500] "GET /?_g=1663066 HTTP/1.1" 200 215329 "-" "Mozilla/5.0 (compatible; SemrushBot/7~bl; +http://www.semrush.com/bot.html)"
136.243.228.195 - - [24/Dec/2025:07:33:14 -0500] "GET /?_g=90685 HTTP/1.1" 200 215329 "-" "Mozilla/5.0 (compatible; DataForSeoBot/1.0; +https://dataforseo.com/dataforseo-bot)"
198.50.127.198 - - [24/Dec/2025:07:33:18 -0500] "POST /wp-cron.php?doing_wp_cron=1766579598.9208459854125976562500 HTTP/1.1" 200 - "-" "WordPress/6.9; https://bahiaparaisosuites.com"
136.243.228.195 - - [24/Dec/2025:07:33:18 -0500] "GET /?_g=2465497 HTTP/1.1" 200 215329 "-" "Mozilla/5.0 (compatible; DataForSeoBot/1.0; +https://dataforseo.com/dataforseo-bot)"
136.243.228.195 - - [24/Dec/2025:07:33:22 -0500] "GET /?_g=1733500 HTTP/1.1" 200 215329 "-" "Mozilla/5.0 (compatible; DataForSeoBot/1.0; +https://dataforseo.com/dataforseo-bot)"
136.243.228.195 - - [24/Dec/2025:07:33:26 -0500] "GET /?_g=1599218 HTTP/1.1" 200 215329 "-" "Mozilla/5.0 (compatible; DataForSeoBot/1.0; +https://dataforseo.com/dataforseo-bot)"
198.50.127.198 - - [24/Dec/2025:07:33:31 -0500] "POST /wp-cron.php?doing_wp_cron=1766579611.2148139476776123046875 HTTP/1.1" 200 - "-" "WordPress/6.9; https://bahiaparaisosuites.com"
85.208.96.195 - - [24/Dec/2025:07:33:30 -0500] "GET /?_g=3929348 HTTP/1.1" 200 215329 "-" "Mozilla/5.0 (compatible; SemrushBot/7~bl; +http://www.semrush.com/bot.html)"
136.243.228.195 - - [24/Dec/2025:07:33:30 -0500] "GET /?_g=3333240 HTTP/1.1" 200 215329 "-" "Mozilla/5.0 (compatible; DataForSeoBot/1.0; +https://dataforseo.com/dataforseo-bot)"
66.249.64.233 - - [24/Dec/2025:07:33:34 -0500] "GET /?_g=630176 HTTP/1.1" 200 180942 "-" "Mozilla/5.0 (compatible; Googlebot/2.1; +http://www.google.com/bot.html)"
136.243.228.195 - - [24/Dec/2025:07:33:34 -0500] "GET /?_g=1247991 HTTP/1.1" 200 215329 "-" "Mozilla/5.0 (compatible; DataForSeoBot/1.0; +https://dataforseo.com/dataforseo-bot)"
198.50.127.198 - - [24/Dec/2025:07:33:39 -0500] "POST /wp-cron.php?doing_wp_cron=1766579619.3033618927001953125000 HTTP/1.1" 200 - "-" "WordPress/6.9; https://bahiaparaisosuites.com"
136.243.228.195 - - [24/Dec/2025:07:33:38 -0500] "GET /?_g=2207987 HTTP/1.1" 200 215329 "-" "Mozilla/5.0 (compatible; DataForSeoBot/1.0; +https://dataforseo.com/dataforseo-bot)"
136.243.228.195 - - [24/Dec/2025:07:33:43 -0500] "GET /?_g=3644378 HTTP/1.1" 200 215329 "-" "Mozilla/5.0 (compatible; DataForSeoBot/1.0; +https://dataforseo.com/dataforseo-bot)"
198.50.127.198 - - [24/Dec/2025:07:33:47 -0500] "POST /wp-cron.php?doing_wp_cron=1766579627.5481059551239013671875 HTTP/1.1" 200 - "-" "WordPress/6.9; https://bahiaparaisosuites.com"
136.243.228.195 - - [24/Dec/2025:07:33:47 -0500] "GET /?_g=1678603 HTTP/1.1" 200 215329 "-" "Mozilla/5.0 (compatible; DataForSeoBot/1.0; +https://dataforseo.com/dataforseo-bot)"
185.191.171.5 - - [24/Dec/2025:07:33:48 -0500] "GET /?_g=1698717 HTTP/1.1" 200 215329 "-" "Mozilla/5.0 (compatible; SemrushBot/7~bl; +http://www.semrush.com/bot.html)"
198.50.127.198 - - [24/Dec/2025:07:33:51 -0500] "POST /wp-cron.php?doing_wp_cron=1766579631.2105019092559814453125 HTTP/1.1" 200 - "-" "WordPress/6.9; https://bahiaparaisosuites.com"
136.243.228.195 - - [24/Dec/2025:07:33:50 -0500] "GET /?_g=3187810 HTTP/1.1" 200 215329 "-" "Mozilla/5.0 (compatible; DataForSeoBot/1.0; +https://dataforseo.com/dataforseo-bot)"
136.243.228.195 - - [24/Dec/2025:07:33:54 -0500] "GET /?_g=780544 HTTP/1.1" 200 215329 "-" "Mozilla/5.0 (compatible; DataForSeoBot/1.0; +https://dataforseo.com/dataforseo-bot)"
198.50.127.198 - - [24/Dec/2025:07:33:59 -0500] "POST /wp-cron.php?doing_wp_cron=1766579639.1688520908355712890625 HTTP/1.1" 200 - "-" "WordPress/6.9; https://bahiaparaisosuites.com"
136.243.228.195 - - [24/Dec/2025:07:33:58 -0500] "GET /?_g=3727921 HTTP/1.1" 200 215329 "-" "Mozilla/5.0 (compatible; DataForSeoBot/1.0; +https://dataforseo.com/dataforseo-bot)"
136.243.228.195 - - [24/Dec/2025:07:34:02 -0500] "GET /?_g=383728 HTTP/1.1" 200 215329 "-" "Mozilla/5.0 (compatible; DataForSeoBot/1.0; +https://dataforseo.com/dataforseo-bot)"
185.191.171.18 - - [24/Dec/2025:07:34:06 -0500] "GET /?_g=1369169 HTTP/1.1" 200 215329 "-" "Mozilla/5.0 (compatible; SemrushBot/7~bl; +http://www.semrush.com/bot.html)"
136.243.228.195 - - [24/Dec/2025:07:34:07 -0500] "GET /?_g=3623554 HTTP/1.1" 200 215329 "-" "Mozilla/5.0 (compatible; DataForSeoBot/1.0; +https://dataforseo.com/dataforseo-bot)"
198.50.127.198 - - [24/Dec/2025:07:34:12 -0500] "POST /wp-cron.php?doing_wp_cron=1766579652.1383030414581298828125 HTTP/1.1" 200 - "-" "WordPress/6.9; https://bahiaparaisosuites.com"
136.243.228.195 - - [24/Dec/2025:07:34:11 -0500] "GET /?_g=3018142 HTTP/1.1" 200 215329 "-" "Mozilla/5.0 (compatible; DataForSeoBot/1.0; +https://dataforseo.com/dataforseo-bot)"
136.243.228.195 - - [24/Dec/2025:07:34:15 -0500] "GET /?_g=1197618 HTTP/1.1" 200 215329 "-" "Mozilla/5.0 (compatible; DataForSeoBot/1.0; +https://dataforseo.com/dataforseo-bot)"
198.50.127.198 - - [24/Dec/2025:07:34:20 -0500] "POST /wp-cron.php?doing_wp_cron=1766579660.5641400814056396484375 HTTP/1.1" 200 - "-" "WordPress/6.9; https://bahiaparaisosuites.com"
136.243.228.195 - - [24/Dec/2025:07:34:20 -0500] "GET /?_g=357724 HTTP/1.1" 200 215329 "-" "Mozilla/5.0 (compatible; DataForSeoBot/1.0; +https://dataforseo.com/dataforseo-bot)"
136.243.228.195 - - [24/Dec/2025:07:34:23 -0500] "GET /?_g=535671 HTTP/1.1" 200 215329 "-" "Mozilla/5.0 (compatible; DataForSeoBot/1.0; +https://dataforseo.com/dataforseo-bot)"
136.243.228.195 - - [24/Dec/2025:07:34:27 -0500] "GET /?_g=1876179 HTTP/1.1" 200 215329 "-" "Mozilla/5.0 (compatible; DataForSeoBot/1.0; +https://dataforseo.com/dataforseo-bot)"
198.50.127.198 - - [24/Dec/2025:07:34:31 -0500] "POST /wp-cron.php?doing_wp_cron=1766579671.9191939830780029296875 HTTP/1.1" 200 - "-" "WordPress/6.9; https://bahiaparaisosuites.com"
136.243.228.195 - - [24/Dec/2025:07:34:31 -0500] "GET /?_g=2870488 HTTP/1.1" 200 215329 "-" "Mozilla/5.0 (compatible; DataForSeoBot/1.0; +https://dataforseo.com/dataforseo-bot)"
40.77.167.73 - - [24/Dec/2025:07:34:33 -0500] "GET /index.php/shop/pg/1005024010/toyu/top/CKmSpSfTop.jsp/shop/pg/1SiteUse HTTP/1.1" 200 204020 "-" "Mozilla/5.0 AppleWebKit/537.36 (KHTML, like Gecko; compatible; bingbot/2.0; +http://www.bing.com/bingbot.htm) Chrome/116.0.1938.76 Safari/537.36"
136.243.228.195 - - [24/Dec/2025:07:34:35 -0500] "GET /?_g=3362770 HTTP/1.1" 200 215329 "-" "Mozilla/5.0 (compatible; DataForSeoBot/1.0; +https://dataforseo.com/dataforseo-bot)"
198.50.127.198 - - [24/Dec/2025:07:34:40 -0500] "POST /wp-cron.php?doing_wp_cron=1766579680.3964459896087646484375 HTTP/1.1" 200 - "-" "WordPress/6.9; https://bahiaparaisosuites.com"
136.243.228.195 - - [24/Dec/2025:07:34:39 -0500] "GET /?_g=2796930 HTTP/1.1" 200 215329 "-" "Mozilla/5.0 (compatible; DataForSeoBot/1.0; +https://dataforseo.com/dataforseo-bot)"
57.141.20.7 - - [24/Dec/2025:07:34:40 -0500] "GET /?_g=2097533 HTTP/1.1" 200 215329 "-" "meta-externalagent/1.1 (+https://developers.facebook.com/docs/sharing/webmasters/crawler)"
136.243.228.195 - - [24/Dec/2025:07:34:44 -0500] "GET /?_g=3846714 HTTP/1.1" 200 215329 "-" "Mozilla/5.0 (compatible; DataForSeoBot/1.0; +https://dataforseo.com/dataforseo-bot)"
136.243.228.195 - - [24/Dec/2025:07:34:47 -0500] "GET /?_g=215462 HTTP/1.1" 200 215329 "-" "Mozilla/5.0 (compatible; DataForSeoBot/1.0; +https://dataforseo.com/dataforseo-bot)"
198.50.127.198 - - [24/Dec/2025:07:34:50 -0500] "POST /wp-cron.php?doing_wp_cron=1766579690.7427608966827392578125 HTTP/1.1" 200 - "-" "WordPress/6.9; https://bahiaparaisosuites.com"
85.208.96.210 - - [24/Dec/2025:07:34:50 -0500] "GET /?_g=864898 HTTP/1.1" 200 215329 "-" "Mozilla/5.0 (compatible; SemrushBot/7~bl; +http://www.semrush.com/bot.html)"
136.243.228.195 - - [24/Dec/2025:07:34:51 -0500] "GET /?_g=2782208 HTTP/1.1" 200 215329 "-" "Mozilla/5.0 (compatible; DataForSeoBot/1.0; +https://dataforseo.com/dataforseo-bot)"
136.243.228.195 - - [24/Dec/2025:07:34:55 -0500] "GET /?_g=336852 HTTP/1.1" 200 215329 "-" "Mozilla/5.0 (compatible; DataForSeoBot/1.0; +https://dataforseo.com/dataforseo-bot)"
198.50.127.198 - - [24/Dec/2025:07:35:00 -0500] "POST /wp-cron.php?doing_wp_cron=1766579700.3092579841613769531250 HTTP/1.1" 200 - "-" "WordPress/6.9; https://bahiaparaisosuites.com"
136.243.228.195 - - [24/Dec/2025:07:34:59 -0500] "GET /?_g=3172429 HTTP/1.1" 200 215329 "-" "Mozilla/5.0 (compatible; DataForSeoBot/1.0; +https://dataforseo.com/dataforseo-bot)"
216.73.216.139 - - [24/Dec/2025:07:35:03 -0500] "GET /robots.txt HTTP/1.1" 200 1257 "-" "Mozilla/5.0 AppleWebKit/537.36 (KHTML, like Gecko; compatible; ClaudeBot/1.0; +claudebot@anthropic.com)"
216.73.216.139 - - [24/Dec/2025:07:35:03 -0500] "GET /comments/feed HTTP/1.1" 301 - "-" "Mozilla/5.0 AppleWebKit/537.36 (KHTML, like Gecko; compatible; ClaudeBot/1.0; +claudebot@anthropic.com)"
85.208.96.210 - - [24/Dec/2025:07:35:03 -0500] "GET /?_g=995988 HTTP/1.1" 200 215329 "-" "Mozilla/5.0 (compatible; SemrushBot/7~bl; +http://www.semrush.com/bot.html)"
216.73.216.139 - - [24/Dec/2025:07:35:03 -0500] "GET /comments/feed/ HTTP/1.1" 200 1043 "https://bahiaparaisosuites.com/comments/feed" "Mozilla/5.0 AppleWebKit/537.36 (KHTML, like Gecko; compatible; ClaudeBot/1.0; +claudebot@anthropic.com)"
136.243.228.195 - - [24/Dec/2025:07:35:03 -0500] "GET /?_g=1938330 HTTP/1.1" 200 215329 "-" "Mozilla/5.0 (compatible; DataForSeoBot/1.0; +https://dataforseo.com/dataforseo-bot)"
57.141.20.36 - - [24/Dec/2025:07:35:07 -0500] "GET /?_g=13840 HTTP/1.1" 200 215329 "-" "meta-externalagent/1.1 (+https://developers.facebook.com/docs/sharing/webmasters/crawler)"
85.208.96.197 - - [24/Dec/2025:07:35:07 -0500] "GET /?_g=95960 HTTP/1.1" 200 215329 "-" "Mozilla/5.0 (compatible; SemrushBot/7~bl; +http://www.semrush.com/bot.html)"
136.243.228.195 - - [24/Dec/2025:07:35:07 -0500] "GET /?_g=69187 HTTP/1.1" 200 215329 "-" "Mozilla/5.0 (compatible; DataForSeoBot/1.0; +https://dataforseo.com/dataforseo-bot)"
198.50.127.198 - - [24/Dec/2025:07:35:09 -0500] "POST /wp-cron.php?doing_wp_cron=1766579709.4631218910217285156250 HTTP/1.1" 200 - "-" "WordPress/6.9; https://bahiaparaisosuites.com"
85.208.96.197 - - [24/Dec/2025:07:35:09 -0500] "GET /?_g=2531509 HTTP/1.1" 200 215329 "-" "Mozilla/5.0 (compatible; SemrushBot/7~bl; +http://www.semrush.com/bot.html)"
85.208.96.210 - - [24/Dec/2025:07:35:11 -0500] "GET /?_g=2570175 HTTP/1.1" 200 215329 "-" "Mozilla/5.0 (compatible; SemrushBot/7~bl; +http://www.semrush.com/bot.html)"
136.243.228.195 - - [24/Dec/2025:07:35:12 -0500] "GET /?_g=2717024 HTTP/1.1" 200 215329 "-" "Mozilla/5.0 (compatible; DataForSeoBot/1.0; +https://dataforseo.com/dataforseo-bot)"
136.243.228.195 - - [24/Dec/2025:07:35:15 -0500] "GET /?_g=172931 HTTP/1.1" 200 215329 "-" "Mozilla/5.0 (compatible; DataForSeoBot/1.0; +https://dataforseo.com/dataforseo-bot)"
198.50.127.198 - - [24/Dec/2025:07:35:19 -0500] "POST /wp-cron.php?doing_wp_cron=1766579719.3175220489501953125000 HTTP/1.1" 200 - "-" "WordPress/6.9; https://bahiaparaisosuites.com"
85.208.96.205 - - [24/Dec/2025:07:35:18 -0500] "GET /?_g=156417 HTTP/1.1" 200 215329 "-" "Mozilla/5.0 (compatible; SemrushBot/7~bl; +http://www.semrush.com/bot.html)"
136.243.228.195 - - [24/Dec/2025:07:35:19 -0500] "GET /?_g=76280 HTTP/1.1" 200 215329 "-" "Mozilla/5.0 (compatible; DataForSeoBot/1.0; +https://dataforseo.com/dataforseo-bot)"
85.208.96.210 - - [24/Dec/2025:07:35:21 -0500] "GET /?_g=3476177 HTTP/1.1" 200 215329 "-" "Mozilla/5.0 (compatible; SemrushBot/7~bl; +http://www.semrush.com/bot.html)"
136.243.228.195 - - [24/Dec/2025:07:35:23 -0500] "GET /?_g=2904775 HTTP/1.1" 200 215329 "-" "Mozilla/5.0 (compatible; DataForSeoBot/1.0; +https://dataforseo.com/dataforseo-bot)"
136.243.228.195 - - [24/Dec/2025:07:35:27 -0500] "GET /?_g=2982045 HTTP/1.1" 200 215329 "-" "Mozilla/5.0 (compatible; DataForSeoBot/1.0; +https://dataforseo.com/dataforseo-bot)"
198.50.127.198 - - [24/Dec/2025:07:35:29 -0500] "POST /wp-cron.php?doing_wp_cron=1766579729.6899609565734863281250 HTTP/1.1" 200 - "-" "WordPress/6.9; https://bahiaparaisosuites.com"
85.208.96.197 - - [24/Dec/2025:07:35:29 -0500] "GET /?_g=2837674 HTTP/1.1" 200 215329 "-" "Mozilla/5.0 (compatible; SemrushBot/7~bl; +http://www.semrush.com/bot.html)"
136.243.228.195 - - [24/Dec/2025:07:35:31 -0500] "GET /?_g=173362 HTTP/1.1" 200 215329 "-" "Mozilla/5.0 (compatible; DataForSeoBot/1.0; +https://dataforseo.com/dataforseo-bot)"
136.243.228.195 - - [24/Dec/2025:07:35:35 -0500] "GET /?_g=2040734 HTTP/1.1" 200 215329 "-" "Mozilla/5.0 (compatible; DataForSeoBot/1.0; +https://dataforseo.com/dataforseo-bot)"
198.50.127.198 - - [24/Dec/2025:07:35:39 -0500] "POST /wp-cron.php?doing_wp_cron=1766579739.7974250316619873046875 HTTP/1.1" 200 - "-" "WordPress/6.9; https://bahiaparaisosuites.com"
136.243.228.195 - - [24/Dec/2025:07:35:39 -0500] "GET /?_g=2020051 HTTP/1.1" 200 215329 "-" "Mozilla/5.0 (compatible; DataForSeoBot/1.0; +https://dataforseo.com/dataforseo-bot)"
85.208.96.197 - - [24/Dec/2025:07:35:42 -0500] "GET /?_g=3325180 HTTP/1.1" 200 215329 "-" "Mozilla/5.0 (compatible; SemrushBot/7~bl; +http://www.semrush.com/bot.html)"
136.243.228.195 - - [24/Dec/2025:07:35:43 -0500] "GET /?_g=862629 HTTP/1.1" 200 215329 "-" "Mozilla/5.0 (compatible; DataForSeoBot/1.0; +https://dataforseo.com/dataforseo-bot)"
136.243.228.195 - - [24/Dec/2025:07:35:47 -0500] "GET /?_g=2044579 HTTP/1.1" 200 215329 "-" "Mozilla/5.0 (compatible; DataForSeoBot/1.0; +https://dataforseo.com/dataforseo-bot)"
198.50.127.198 - - [24/Dec/2025:07:35:51 -0500] "POST /wp-cron.php?doing_wp_cron=1766579751.7454481124877929687500 HTTP/1.1" 200 - "-" "WordPress/6.9; https://bahiaparaisosuites.com"
136.243.228.195 - - [24/Dec/2025:07:35:51 -0500] "GET /?_g=3666119 HTTP/1.1" 200 215329 "-" "Mozilla/5.0 (compatible; DataForSeoBot/1.0; +https://dataforseo.com/dataforseo-bot)"
85.208.96.197 - - [24/Dec/2025:07:35:53 -0500] "GET /?_g=2136188 HTTP/1.1" 200 215329 "-" "Mozilla/5.0 (compatible; SemrushBot/7~bl; +http://www.semrush.com/bot.html)"
136.243.228.195 - - [24/Dec/2025:07:35:56 -0500] "GET /?_g=707859 HTTP/1.1" 200 215329 "-" "Mozilla/5.0 (compatible; DataForSeoBot/1.0; +https://dataforseo.com/dataforseo-bot)"
198.50.127.198 - - [24/Dec/2025:07:36:00 -0500] "POST /wp-cron.php?doing_wp_cron=1766579760.4401650428771972656250 HTTP/1.1" 200 - "-" "WordPress/6.9; https://bahiaparaisosuites.com"
136.243.228.195 - - [24/Dec/2025:07:36:00 -0500] "GET /?_g=3451014 HTTP/1.1" 200 215329 "-" "Mozilla/5.0 (compatible; DataForSeoBot/1.0; +https://dataforseo.com/dataforseo-bot)"
136.243.228.195 - - [24/Dec/2025:07:36:03 -0500] "GET /?_g=2281032 HTTP/1.1" 200 215329 "-" "Mozilla/5.0 (compatible; DataForSeoBot/1.0; +https://dataforseo.com/dataforseo-bot)"
136.243.228.195 - - [24/Dec/2025:07:36:07 -0500] "GET /?_g=1903598 HTTP/1.1" 200 215329 "-" "Mozilla/5.0 (compatible; DataForSeoBot/1.0; +https://dataforseo.com/dataforseo-bot)"
198.50.127.198 - - [24/Dec/2025:07:36:10 -0500] "POST /wp-cron.php?doing_wp_cron=1766579770.5074419975280761718750 HTTP/1.1" 200 - "-" "WordPress/6.9; https://bahiaparaisosuites.com"
57.141.20.40 - - [24/Dec/2025:07:36:10 -0500] "GET /?_g=2518484 HTTP/1.1" 200 215329 "-" "meta-externalagent/1.1 (+https://developers.facebook.com/docs/sharing/webmasters/crawler)"
136.243.228.195 - - [24/Dec/2025:07:36:11 -0500] "GET /?_g=1129973 HTTP/1.1" 200 215329 "-" "Mozilla/5.0 (compatible; DataForSeoBot/1.0; +https://dataforseo.com/dataforseo-bot)"
85.208.96.205 - - [24/Dec/2025:07:36:12 -0500] "GET /?_g=497636 HTTP/1.1" 200 215329 "-" "Mozilla/5.0 (compatible; SemrushBot/7~bl; +http://www.semrush.com/bot.html)"
185.191.171.2 - - [24/Dec/2025:07:36:16 -0500] "GET /?_g=2781978 HTTP/1.1" 200 215329 "-" "Mozilla/5.0 (compatible; SemrushBot/7~bl; +http://www.semrush.com/bot.html)"
40.77.167.25 - - [24/Dec/2025:07:36:16 -0500] "GET /index.php//?_g=3218288 HTTP/1.1" 200 184350 "-" "Mozilla/5.0 AppleWebKit/537.36 (KHTML, like Gecko; compatible; bingbot/2.0; +http://www.bing.com/bingbot.htm) Chrome/116.0.1938.76 Safari/537.36"
136.243.228.195 - - [24/Dec/2025:07:36:15 -0500] "GET /?_g=2587774 HTTP/1.1" 200 215329 "-" "Mozilla/5.0 (compatible; DataForSeoBot/1.0; +https://dataforseo.com/dataforseo-bot)"
198.50.127.198 - - [24/Dec/2025:07:36:19 -0500] "POST /wp-cron.php?doing_wp_cron=1766579779.0129818916320800781250 HTTP/1.1" 200 - "-" "WordPress/6.9; https://bahiaparaisosuites.com"
85.208.96.197 - - [24/Dec/2025:07:36:18 -0500] "GET /?_g=3804218 HTTP/1.1" 200 215329 "-" "Mozilla/5.0 (compatible; SemrushBot/7~bl; +http://www.semrush.com/bot.html)"
136.243.228.195 - - [24/Dec/2025:07:36:20 -0500] "GET /?_g=2688818 HTTP/1.1" 200 215329 "-" "Mozilla/5.0 (compatible; DataForSeoBot/1.0; +https://dataforseo.com/dataforseo-bot)"
136.243.228.195 - - [24/Dec/2025:07:36:23 -0500] "GET /?_g=2998490 HTTP/1.1" 200 215329 "-" "Mozilla/5.0 (compatible; DataForSeoBot/1.0; +https://dataforseo.com/dataforseo-bot)"
198.50.127.198 - - [24/Dec/2025:07:36:37 -0500] "POST /wp-cron.php?doing_wp_cron=1766579797.0801470279693603515625 HTTP/1.1" 200 - "-" "WordPress/6.9; https://bahiaparaisosuites.com"
57.141.20.41 - - [24/Dec/2025:07:36:36 -0500] "GET /?_g=2751056 HTTP/1.1" 200 215329 "-" "meta-externalagent/1.1 (+https://developers.facebook.com/docs/sharing/webmasters/crawler)"
222.14.203.83 - - [24/Dec/2025:07:36:38 -0500] "GET /?_g=1667022 HTTP/1.1" 200 406 "https://www.google.co.jp/" "Mozilla/5.0 (iPhone; CPU iPhone OS 16_7_12 like Mac OS X) AppleWebKit/605.1.15 (KHTML, like Gecko) Version/16.6.1 Mobile/15E148 Safari/604.1"
198.50.127.198 - - [24/Dec/2025:07:36:39 -0500] "POST /wp-cron.php?doing_wp_cron=1766579799.4773669242858886718750 HTTP/1.1" 200 - "-" "WordPress/6.9; https://bahiaparaisosuites.com"
57.141.20.19 - - [24/Dec/2025:07:36:39 -0500] "GET /?_g=2029767 HTTP/1.1" 200 215329 "-" "meta-externalagent/1.1 (+https://developers.facebook.com/docs/sharing/webmasters/crawler)"
185.191.171.4 - - [24/Dec/2025:07:36:39 -0500] "GET /?_g=2191304 HTTP/1.1" 200 215329 "-" "Mozilla/5.0 (compatible; SemrushBot/7~bl; +http://www.semrush.com/bot.html)"
85.208.96.205 - - [24/Dec/2025:07:36:47 -0500] "GET /?_g=3390906 HTTP/1.1" 200 215329 "-" "Mozilla/5.0 (compatible; SemrushBot/7~bl; +http://www.semrush.com/bot.html)"
198.50.127.198 - - [24/Dec/2025:07:36:55 -0500] "POST /wp-cron.php?doing_wp_cron=1766579815.3258600234985351562500 HTTP/1.1" 200 - "-" "WordPress/6.9; https://bahiaparaisosuites.com"
57.141.20.43 - - [24/Dec/2025:07:36:54 -0500] "GET /?_g=3330225 HTTP/1.1" 200 215329 "-" "meta-externalagent/1.1 (+https://developers.facebook.com/docs/sharing/webmasters/crawler)"
198.50.127.198 - - [24/Dec/2025:07:36:59 -0500] "POST /wp-cron.php?doing_wp_cron=1766579819.5460610389709472656250 HTTP/1.1" 200 - "-" "WordPress/6.9; https://bahiaparaisosuites.com"
57.141.20.58 - - [24/Dec/2025:07:36:59 -0500] "GET /?_g=1661911 HTTP/1.1" 200 215329 "-" "meta-externalagent/1.1 (+https://developers.facebook.com/docs/sharing/webmasters/crawler)"
198.50.127.198 - - [24/Dec/2025:07:37:15 -0500] "POST /wp-cron.php?doing_wp_cron=1766579835.5297191143035888671875 HTTP/1.1" 200 - "-" "WordPress/6.9; https://bahiaparaisosuites.com"
85.208.96.197 - - [24/Dec/2025:07:37:15 -0500] "GET /?_g=1027053 HTTP/1.1" 200 215329 "-" "Mozilla/5.0 (compatible; SemrushBot/7~bl; +http://www.semrush.com/bot.html)"
198.50.127.198 - - [24/Dec/2025:07:37:19 -0500] "POST /wp-cron.php?doing_wp_cron=1766579839.3631060123443603515625 HTTP/1.1" 200 - "-" "WordPress/6.9; https://bahiaparaisosuites.com"
136.243.228.195 - - [24/Dec/2025:07:36:27 -0500] "GET /?_g=529308 HTTP/1.1" 200 215329 "-" "Mozilla/5.0 (compatible; DataForSeoBot/1.0; +https://dataforseo.com/dataforseo-bot)"
136.243.228.195 - - [24/Dec/2025:07:37:18 -0500] "GET /?_g=2584660 HTTP/1.1" 200 215329 "-" "Mozilla/5.0 (compatible; DataForSeoBot/1.0; +https://dataforseo.com/dataforseo-bot)"
57.141.20.35 - - [24/Dec/2025:07:37:21 -0500] "GET /?_g=1396118 HTTP/1.1" 200 215329 "-" "meta-externalagent/1.1 (+https://developers.facebook.com/docs/sharing/webmasters/crawler)"
136.243.228.195 - - [24/Dec/2025:07:37:22 -0500] "GET /?_g=360381 HTTP/1.1" 200 215329 "-" "Mozilla/5.0 (compatible; DataForSeoBot/1.0; +https://dataforseo.com/dataforseo-bot)"
57.141.20.27 - - [24/Dec/2025:07:37:24 -0500] "GET /?_g=264731 HTTP/1.1" 200 215329 "-" "meta-externalagent/1.1 (+https://developers.facebook.com/docs/sharing/webmasters/crawler)"
136.243.228.195 - - [24/Dec/2025:07:37:26 -0500] "GET /?_g=3760018 HTTP/1.1" 200 215329 "-" "Mozilla/5.0 (compatible; DataForSeoBot/1.0; +https://dataforseo.com/dataforseo-bot)"
198.50.127.198 - - [24/Dec/2025:07:37:30 -0500] "POST /wp-cron.php?doing_wp_cron=1766579850.5813879966735839843750 HTTP/1.1" 200 - "-" "WordPress/6.9; https://bahiaparaisosuites.com"
57.141.20.13 - - [24/Dec/2025:07:37:30 -0500] "GET /?_g=3438935 HTTP/1.1" 200 215329 "-" "meta-externalagent/1.1 (+https://developers.facebook.com/docs/sharing/webmasters/crawler)"
136.243.228.195 - - [24/Dec/2025:07:37:31 -0500] "GET /?_g=1465600 HTTP/1.1" 200 215329 "-" "Mozilla/5.0 (compatible; DataForSeoBot/1.0; +https://dataforseo.com/dataforseo-bot)"
136.243.228.195 - - [24/Dec/2025:07:37:34 -0500] "GET /?_g=3570652 HTTP/1.1" 200 215329 "-" "Mozilla/5.0 (compatible; DataForSeoBot/1.0; +https://dataforseo.com/dataforseo-bot)"
198.50.127.198 - - [24/Dec/2025:07:37:39 -0500] "POST /wp-cron.php?doing_wp_cron=1766579859.4695210456848144531250 HTTP/1.1" 200 - "-" "WordPress/6.9; https://bahiaparaisosuites.com"
136.243.228.195 - - [24/Dec/2025:07:37:39 -0500] "GET /?_g=1900586 HTTP/1.1" 200 215329 "-" "Mozilla/5.0 (compatible; DataForSeoBot/1.0; +https://dataforseo.com/dataforseo-bot)"
85.208.96.211 - - [24/Dec/2025:07:37:42 -0500] "GET /?_g=313261 HTTP/1.1" 200 215329 "-" "Mozilla/5.0 (compatible; SemrushBot/7~bl; +http://www.semrush.com/bot.html)"
136.243.228.195 - - [24/Dec/2025:07:37:42 -0500] "GET /?_g=2173738 HTTP/1.1" 200 215329 "-" "Mozilla/5.0 (compatible; DataForSeoBot/1.0; +https://dataforseo.com/dataforseo-bot)"
85.208.96.206 - - [24/Dec/2025:07:37:44 -0500] "GET /?_g=990261 HTTP/1.1" 200 215329 "-" "Mozilla/5.0 (compatible; SemrushBot/7~bl; +http://www.semrush.com/bot.html)"
136.243.228.195 - - [24/Dec/2025:07:37:46 -0500] "GET /?_g=1029865 HTTP/1.1" 200 215329 "-" "Mozilla/5.0 (compatible; DataForSeoBot/1.0; +https://dataforseo.com/dataforseo-bot)"
198.50.127.198 - - [24/Dec/2025:07:37:51 -0500] "POST /wp-cron.php?doing_wp_cron=1766579871.0330760478973388671875 HTTP/1.1" 200 - "-" "WordPress/6.9; https://bahiaparaisosuites.com"
136.243.228.195 - - [24/Dec/2025:07:37:50 -0500] "GET /?_g=1251885 HTTP/1.1" 200 215329 "-" "Mozilla/5.0 (compatible; DataForSeoBot/1.0; +https://dataforseo.com/dataforseo-bot)"
136.243.228.195 - - [24/Dec/2025:07:37:54 -0500] "GET /?_g=853412 HTTP/1.1" 200 215329 "-" "Mozilla/5.0 (compatible; DataForSeoBot/1.0; +https://dataforseo.com/dataforseo-bot)"
198.50.127.198 - - [24/Dec/2025:07:37:59 -0500] "POST /wp-cron.php?doing_wp_cron=1766579879.2074239253997802734375 HTTP/1.1" 200 - "-" "WordPress/6.9; https://bahiaparaisosuites.com"
57.141.20.51 - - [24/Dec/2025:07:37:58 -0500] "GET /?_g=2450989 HTTP/1.1" 200 215329 "-" "meta-externalagent/1.1 (+https://developers.facebook.com/docs/sharing/webmasters/crawler)"
136.243.228.195 - - [24/Dec/2025:07:37:58 -0500] "GET /?_g=1145886 HTTP/1.1" 200 215329 "-" "Mozilla/5.0 (compatible; DataForSeoBot/1.0; +https://dataforseo.com/dataforseo-bot)"
136.243.228.195 - - [24/Dec/2025:07:38:03 -0500] "GET /?_g=2050346 HTTP/1.1" 200 215329 "-" "Mozilla/5.0 (compatible; DataForSeoBot/1.0; +https://dataforseo.com/dataforseo-bot)"
136.243.228.195 - - [24/Dec/2025:07:38:06 -0500] "GET /?_g=2002476 HTTP/1.1" 200 215329 "-" "Mozilla/5.0 (compatible; DataForSeoBot/1.0; +https://dataforseo.com/dataforseo-bot)"
57.141.20.36 - - [24/Dec/2025:07:38:07 -0500] "GET /?_g=321047 HTTP/1.1" 200 215329 "-" "meta-externalagent/1.1 (+https://developers.facebook.com/docs/sharing/webmasters/crawler)"
185.191.171.15 - - [24/Dec/2025:07:38:08 -0500] "GET /?_g=3741826 HTTP/1.1" 200 215329 "-" "Mozilla/5.0 (compatible; SemrushBot/7~bl; +http://www.semrush.com/bot.html)"
198.50.127.198 - - [24/Dec/2025:07:38:10 -0500] "POST /wp-cron.php?doing_wp_cron=1766579890.7011830806732177734375 HTTP/1.1" 200 - "-" "WordPress/6.9; https://bahiaparaisosuites.com"
136.243.228.195 - - [24/Dec/2025:07:38:10 -0500] "GET /?_g=1057768 HTTP/1.1" 200 215329 "-" "Mozilla/5.0 (compatible; DataForSeoBot/1.0; +https://dataforseo.com/dataforseo-bot)"
85.208.96.198 - - [24/Dec/2025:07:38:12 -0500] "GET /robots.txt HTTP/1.1" 200 1257 "-" "Mozilla/5.0 (compatible; SemrushBot/7~bl; +http://www.semrush.com/bot.html)"
136.243.228.195 - - [24/Dec/2025:07:38:14 -0500] "GET /?_g=747422 HTTP/1.1" 200 215329 "-" "Mozilla/5.0 (compatible; DataForSeoBot/1.0; +https://dataforseo.com/dataforseo-bot)"
198.50.127.198 - - [24/Dec/2025:07:38:18 -0500] "POST /wp-cron.php?doing_wp_cron=1766579898.3783590793609619140625 HTTP/1.1" 200 - "-" "WordPress/6.9; https://bahiaparaisosuites.com"
57.141.20.50 - - [24/Dec/2025:07:38:18 -0500] "GET /?_g=2219447 HTTP/1.1" 200 215329 "-" "meta-externalagent/1.1 (+https://developers.facebook.com/docs/sharing/webmasters/crawler)"
198.50.127.198 - - [24/Dec/2025:07:38:19 -0500] "POST /wp-cron.php?doing_wp_cron=1766579899.1598389148712158203125 HTTP/1.1" 200 - "-" "WordPress/6.9; https://bahiaparaisosuites.com"
136.243.228.195 - - [24/Dec/2025:07:38:18 -0500] "GET /?_g=308876 HTTP/1.1" 200 215329 "-" "Mozilla/5.0 (compatible; DataForSeoBot/1.0; +https://dataforseo.com/dataforseo-bot)"
136.243.228.195 - - [24/Dec/2025:07:38:22 -0500] "GET /?_g=3000238 HTTP/1.1" 200 215329 "-" "Mozilla/5.0 (compatible; DataForSeoBot/1.0; +https://dataforseo.com/dataforseo-bot)"
85.208.96.208 - - [24/Dec/2025:07:38:26 -0500] "GET /?_g=166665 HTTP/1.1" 200 215329 "-" "Mozilla/5.0 (compatible; SemrushBot/7~bl; +http://www.semrush.com/bot.html)"
136.243.228.195 - - [24/Dec/2025:07:38:27 -0500] "GET /?_g=1517916 HTTP/1.1" 200 215329 "-" "Mozilla/5.0 (compatible; DataForSeoBot/1.0; +https://dataforseo.com/dataforseo-bot)"
198.50.127.198 - - [24/Dec/2025:07:38:31 -0500] "POST /wp-cron.php?doing_wp_cron=1766579911.3302850723266601562500 HTTP/1.1" 200 - "-" "WordPress/6.9; https://bahiaparaisosuites.com"
136.243.228.195 - - [24/Dec/2025:07:38:30 -0500] "GET /?_g=1770961 HTTP/1.1" 200 215329 "-" "Mozilla/5.0 (compatible; DataForSeoBot/1.0; +https://dataforseo.com/dataforseo-bot)"
136.243.228.195 - - [24/Dec/2025:07:38:34 -0500] "GET /?_g=36796 HTTP/1.1" 200 215329 "-" "Mozilla/5.0 (compatible; DataForSeoBot/1.0; +https://dataforseo.com/dataforseo-bot)"
136.243.228.195 - - [24/Dec/2025:07:38:38 -0500] "GET /?_g=275897 HTTP/1.1" 200 215329 "-" "Mozilla/5.0 (compatible; DataForSeoBot/1.0; +https://dataforseo.com/dataforseo-bot)"
198.50.127.198 - - [24/Dec/2025:07:38:40 -0500] "POST /wp-cron.php?doing_wp_cron=1766579920.4820470809936523437500 HTTP/1.1" 200 - "-" "WordPress/6.9; https://bahiaparaisosuites.com"
85.208.96.203 - - [24/Dec/2025:07:38:40 -0500] "GET /?_g=2511833 HTTP/1.1" 200 215329 "-" "Mozilla/5.0 (compatible; SemrushBot/7~bl; +http://www.semrush.com/bot.html)"
57.141.20.47 - - [24/Dec/2025:07:38:41 -0500] "GET /?_g=2502326 HTTP/1.1" 200 215329 "-" "meta-externalagent/1.1 (+https://developers.facebook.com/docs/sharing/webmasters/crawler)"
85.208.96.203 - - [24/Dec/2025:07:38:42 -0500] "GET /?_g=688600 HTTP/1.1" 200 215329 "-" "Mozilla/5.0 (compatible; SemrushBot/7~bl; +http://www.semrush.com/bot.html)"
136.243.228.195 - - [24/Dec/2025:07:38:42 -0500] "GET /?_g=2973877 HTTP/1.1" 200 215329 "-" "Mozilla/5.0 (compatible; DataForSeoBot/1.0; +https://dataforseo.com/dataforseo-bot)"
57.141.20.18 - - [24/Dec/2025:07:38:43 -0500] "GET /?_g=2801067 HTTP/1.1" 200 215329 "-" "meta-externalagent/1.1 (+https://developers.facebook.com/docs/sharing/webmasters/crawler)"
198.50.127.198 - - [24/Dec/2025:07:38:47 -0500] "POST /wp-cron.php?doing_wp_cron=1766579927.0076448917388916015625 HTTP/1.1" 200 - "-" "WordPress/6.9; https://bahiaparaisosuites.com"
136.243.228.195 - - [24/Dec/2025:07:38:46 -0500] "GET /?_g=3156641 HTTP/1.1" 200 215329 "-" "Mozilla/5.0 (compatible; DataForSeoBot/1.0; +https://dataforseo.com/dataforseo-bot)"
198.50.127.198 - - [24/Dec/2025:07:38:51 -0500] "POST /wp-cron.php?doing_wp_cron=1766579931.1555600166320800781250 HTTP/1.1" 200 - "-" "WordPress/6.9; https://bahiaparaisosuites.com"
136.243.228.195 - - [24/Dec/2025:07:38:50 -0500] "GET /?_g=3806434 HTTP/1.1" 200 215329 "-" "Mozilla/5.0 (compatible; DataForSeoBot/1.0; +https://dataforseo.com/dataforseo-bot)"
85.208.96.194 - - [24/Dec/2025:07:38:53 -0500] "GET /?_g=3158131 HTTP/1.1" 200 215329 "-" "Mozilla/5.0 (compatible; SemrushBot/7~bl; +http://www.semrush.com/bot.html)"
40.77.167.73 - - [24/Dec/2025:07:38:54 -0500] "GET /index.php/shop/pg/1005024010//?_g=126732 HTTP/1.1" 200 188805 "-" "Mozilla/5.0 AppleWebKit/537.36 (KHTML, like Gecko; compatible; bingbot/2.0; +http://www.bing.com/bingbot.htm) Chrome/116.0.1938.76 Safari/537.36"
136.243.228.195 - - [24/Dec/2025:07:38:54 -0500] "GET /?_g=345679 HTTP/1.1" 200 215329 "-" "Mozilla/5.0 (compatible; DataForSeoBot/1.0; +https://dataforseo.com/dataforseo-bot)"
198.50.127.198 - - [24/Dec/2025:07:38:59 -0500] "POST /wp-cron.php?doing_wp_cron=1766579939.4179799556732177734375 HTTP/1.1" 200 - "-" "WordPress/6.9; https://bahiaparaisosuites.com"
207.46.13.107 - - [24/Dec/2025:07:38:59 -0500] "GET /index.php//?_g=1858419 HTTP/1.1" 200 184178 "-" "Mozilla/5.0 AppleWebKit/537.36 (KHTML, like Gecko; compatible; bingbot/2.0; +http://www.bing.com/bingbot.htm) Chrome/116.0.1938.76 Safari/537.36"
136.243.228.195 - - [24/Dec/2025:07:38:59 -0500] "GET /?_g=3245456 HTTP/1.1" 200 215329 "-" "Mozilla/5.0 (compatible; DataForSeoBot/1.0; +https://dataforseo.com/dataforseo-bot)"
57.141.20.13 - - [24/Dec/2025:07:39:00 -0500] "GET /?_g=2197948 HTTP/1.1" 200 215329 "-" "meta-externalagent/1.1 (+https://developers.facebook.com/docs/sharing/webmasters/crawler)"
57.141.20.49 - - [24/Dec/2025:07:39:01 -0500] "GET /?_g=1610377 HTTP/1.1" 200 215329 "-" "meta-externalagent/1.1 (+https://developers.facebook.com/docs/sharing/webmasters/crawler)"
136.243.228.195 - - [24/Dec/2025:07:39:02 -0500] "GET /?_g=1582863 HTTP/1.1" 200 215329 "-" "Mozilla/5.0 (compatible; DataForSeoBot/1.0; +https://dataforseo.com/dataforseo-bot)"
85.208.96.211 - - [24/Dec/2025:07:39:03 -0500] "GET /?_g=2392150 HTTP/1.1" 200 215329 "-" "Mozilla/5.0 (compatible; SemrushBot/7~bl; +http://www.semrush.com/bot.html)"
57.141.20.46 - - [24/Dec/2025:07:39:03 -0500] "GET /?_g=53820 HTTP/1.1" 200 215329 "-" "meta-externalagent/1.1 (+https://developers.facebook.com/docs/sharing/webmasters/crawler)"
85.208.96.202 - - [24/Dec/2025:07:39:05 -0500] "GET /?_g=159980 HTTP/1.1" 200 215329 "-" "Mozilla/5.0 (compatible; SemrushBot/7~bl; +http://www.semrush.com/bot.html)"
136.243.228.195 - - [24/Dec/2025:07:39:07 -0500] "GET /?_g=1487489 HTTP/1.1" 200 215329 "-" "Mozilla/5.0 (compatible; DataForSeoBot/1.0; +https://dataforseo.com/dataforseo-bot)"
84.54.44.204 - - [24/Dec/2025:07:39:10 -0500] "GET / HTTP/1.0" 200 215298 "https://bahiaparaisosuites.com/" "Mozilla/5.0 (Windows NT 10.0; Win64; x64) AppleWebKit/537.36 (KHTML, like Gecko) Chrome/130.0.0.0 Safari/537.36"
198.50.127.198 - - [24/Dec/2025:07:39:11 -0500] "POST /wp-cron.php?doing_wp_cron=1766579950.9827198982238769531250 HTTP/1.1" 200 - "-" "WordPress/6.9; https://bahiaparaisosuites.com"
84.54.44.204 - - [24/Dec/2025:07:39:11 -0500] "GET /contacto/ HTTP/1.0" 200 62916 "https://bahiaparaisosuites.com/contacto/" "Mozilla/5.0 (Windows NT 10.0; Win64; x64) AppleWebKit/537.36 (KHTML, like Gecko) Chrome/130.0.0.0 Safari/537.36"
136.243.228.195 - - [24/Dec/2025:07:39:10 -0500] "GET /?_g=513403 HTTP/1.1" 200 215329 "-" "Mozilla/5.0 (compatible; DataForSeoBot/1.0; +https://dataforseo.com/dataforseo-bot)"
84.54.44.204 - - [24/Dec/2025:07:39:12 -0500] "POST /contacto/ HTTP/1.0" 200 64123 "https://bahiaparaisosuites.com/contacto/" "Mozilla/5.0 (Windows NT 10.0; Win64; x64) AppleWebKit/537.36 (KHTML, like Gecko) Chrome/130.0.0.0 Safari/537.36"
85.208.96.198 - - [24/Dec/2025:07:39:12 -0500] "GET /?_g=1151809 HTTP/1.1" 200 215329 "-" "Mozilla/5.0 (compatible; SemrushBot/7~bl; +http://www.semrush.com/bot.html)"
185.191.171.9 - - [24/Dec/2025:07:39:14 -0500] "GET /?_g=3823223 HTTP/1.1" 200 215329 "-" "Mozilla/5.0 (compatible; SemrushBot/7~bl; +http://www.semrush.com/bot.html)"
136.243.228.195 - - [24/Dec/2025:07:39:15 -0500] "GET /?_g=2409480 HTTP/1.1" 200 215329 "-" "Mozilla/5.0 (compatible; DataForSeoBot/1.0; +https://dataforseo.com/dataforseo-bot)"
185.191.171.5 - - [24/Dec/2025:07:39:17 -0500] "GET /?_g=535281 HTTP/1.1" 200 215329 "-" "Mozilla/5.0 (compatible; SemrushBot/7~bl; +http://www.semrush.com/bot.html)"
198.50.127.198 - - [24/Dec/2025:07:39:19 -0500] "POST /wp-cron.php?doing_wp_cron=1766579959.2968780994415283203125 HTTP/1.1" 200 - "-" "WordPress/6.9; https://bahiaparaisosuites.com"
136.243.228.195 - - [24/Dec/2025:07:39:18 -0500] "GET /?_g=3290286 HTTP/1.1" 200 215329 "-" "Mozilla/5.0 (compatible; DataForSeoBot/1.0; +https://dataforseo.com/dataforseo-bot)"
136.243.228.195 - - [24/Dec/2025:07:39:22 -0500] "GET /?_g=3857400 HTTP/1.1" 200 215329 "-" "Mozilla/5.0 (compatible; DataForSeoBot/1.0; +https://dataforseo.com/dataforseo-bot)"
136.243.228.195 - - [24/Dec/2025:07:39:26 -0500] "GET /?_g=381892 HTTP/1.1" 200 215329 "-" "Mozilla/5.0 (compatible; DataForSeoBot/1.0; +https://dataforseo.com/dataforseo-bot)"
198.50.127.198 - - [24/Dec/2025:07:39:31 -0500] "POST /wp-cron.php?doing_wp_cron=1766579971.2548809051513671875000 HTTP/1.1" 200 - "-" "WordPress/6.9; https://bahiaparaisosuites.com"
136.243.228.195 - - [24/Dec/2025:07:39:30 -0500] "GET /?_g=1127751 HTTP/1.1" 200 215329 "-" "Mozilla/5.0 (compatible; DataForSeoBot/1.0; +https://dataforseo.com/dataforseo-bot)"
136.243.228.195 - - [24/Dec/2025:07:39:34 -0500] "GET /?_g=880307 HTTP/1.1" 200 215329 "-" "Mozilla/5.0 (compatible; DataForSeoBot/1.0; +https://dataforseo.com/dataforseo-bot)"
198.50.127.198 - - [24/Dec/2025:07:39:39 -0500] "POST /wp-cron.php?doing_wp_cron=1766579979.5436780452728271484375 HTTP/1.1" 200 - "-" "WordPress/6.9; https://bahiaparaisosuites.com"
136.243.228.195 - - [24/Dec/2025:07:39:39 -0500] "GET /?_g=1285163 HTTP/1.1" 200 215329 "-" "Mozilla/5.0 (compatible; DataForSeoBot/1.0; +https://dataforseo.com/dataforseo-bot)"
136.243.228.195 - - [24/Dec/2025:07:39:42 -0500] "GET /?_g=2001425 HTTP/1.1" 200 215329 "-" "Mozilla/5.0 (compatible; DataForSeoBot/1.0; +https://dataforseo.com/dataforseo-bot)"
57.141.20.3 - - [24/Dec/2025:07:39:45 -0500] "GET /?_g=443414 HTTP/1.1" 200 215329 "-" "meta-externalagent/1.1 (+https://developers.facebook.com/docs/sharing/webmasters/crawler)"
136.243.228.195 - - [24/Dec/2025:07:39:46 -0500] "GET /?_g=2593795 HTTP/1.1" 200 215329 "-" "Mozilla/5.0 (compatible; DataForSeoBot/1.0; +https://dataforseo.com/dataforseo-bot)"
198.50.127.198 - - [24/Dec/2025:07:39:50 -0500] "POST /wp-cron.php?doing_wp_cron=1766579989.9720630645751953125000 HTTP/1.1" 200 - "-" "WordPress/6.9; https://bahiaparaisosuites.com"
57.141.20.44 - - [24/Dec/2025:07:39:49 -0500] "GET /?_g=2081293 HTTP/1.1" 200 215329 "-" "meta-externalagent/1.1 (+https://developers.facebook.com/docs/sharing/webmasters/crawler)"
136.243.228.195 - - [24/Dec/2025:07:39:50 -0500] "GET /?_g=1030721 HTTP/1.1" 200 215329 "-" "Mozilla/5.0 (compatible; DataForSeoBot/1.0; +https://dataforseo.com/dataforseo-bot)"
136.243.228.195 - - [24/Dec/2025:07:39:54 -0500] "GET /?_g=158202 HTTP/1.1" 200 215329 "-" "Mozilla/5.0 (compatible; DataForSeoBot/1.0; +https://dataforseo.com/dataforseo-bot)"
27.81.127.142 - - [24/Dec/2025:07:39:56 -0500] "GET /?_g=2727913 HTTP/1.1" 200 422 "https://search.yahoo.co.jp/" "Mozilla/5.0 (Macintosh; Intel Mac OS X 10_15_7) AppleWebKit/605.1.15 (KHTML, like Gecko) Version/17.14 Safari/605.1.15"
198.50.127.198 - - [24/Dec/2025:07:39:59 -0500] "POST /wp-cron.php?doing_wp_cron=1766579999.0002830028533935546875 HTTP/1.1" 200 - "-" "WordPress/6.9; https://bahiaparaisosuites.com"
185.191.171.13 - - [24/Dec/2025:07:39:58 -0500] "GET /?_g=1779670 HTTP/1.1" 200 215329 "-" "Mozilla/5.0 (compatible; SemrushBot/7~bl; +http://www.semrush.com/bot.html)"
136.243.228.195 - - [24/Dec/2025:07:39:58 -0500] "GET /?_g=874813 HTTP/1.1" 200 215329 "-" "Mozilla/5.0 (compatible; DataForSeoBot/1.0; +https://dataforseo.com/dataforseo-bot)"
57.141.20.13 - - [24/Dec/2025:07:40:03 -0500] "GET /?_g=1502684 HTTP/1.1" 200 215329 "-" "meta-externalagent/1.1 (+https://developers.facebook.com/docs/sharing/webmasters/crawler)"
136.243.228.195 - - [24/Dec/2025:07:40:02 -0500] "GET /?_g=3259122 HTTP/1.1" 200 215329 "-" "Mozilla/5.0 (compatible; DataForSeoBot/1.0; +https://dataforseo.com/dataforseo-bot)"
136.243.228.195 - - [24/Dec/2025:07:40:06 -0500] "GET /?_g=3957778 HTTP/1.1" 200 215329 "-" "Mozilla/5.0 (compatible; DataForSeoBot/1.0; +https://dataforseo.com/dataforseo-bot)"
185.191.171.4 - - [24/Dec/2025:07:40:08 -0500] "GET /?_g=1874202 HTTP/1.1" 200 215329 "-" "Mozilla/5.0 (compatible; SemrushBot/7~bl; +http://www.semrush.com/bot.html)"
198.50.127.198 - - [24/Dec/2025:07:40:09 -0500] "POST /wp-cron.php?doing_wp_cron=1766580009.4270639419555664062500 HTTP/1.1" 200 - "-" "WordPress/6.9; https://bahiaparaisosuites.com"
57.141.20.6 - - [24/Dec/2025:07:40:09 -0500] "GET /?_g=1865647 HTTP/1.1" 200 215329 "-" "meta-externalagent/1.1 (+https://developers.facebook.com/docs/sharing/webmasters/crawler)"
185.191.171.1 - - [24/Dec/2025:07:40:10 -0500] "GET /?_g=988001 HTTP/1.1" 200 215329 "-" "Mozilla/5.0 (compatible; SemrushBot/7~bl; +http://www.semrush.com/bot.html)"
136.243.228.195 - - [24/Dec/2025:07:40:11 -0500] "GET /?_g=1491501 HTTP/1.1" 200 215329 "-" "Mozilla/5.0 (compatible; DataForSeoBot/1.0; +https://dataforseo.com/dataforseo-bot)"
136.243.228.195 - - [24/Dec/2025:07:40:15 -0500] "GET /?_g=791694 HTTP/1.1" 200 215329 "-" "Mozilla/5.0 (compatible; DataForSeoBot/1.0; +https://dataforseo.com/dataforseo-bot)"
57.141.20.43 - - [24/Dec/2025:07:40:16 -0500] "GET /?_g=3361474 HTTP/1.1" 200 215329 "-" "meta-externalagent/1.1 (+https://developers.facebook.com/docs/sharing/webmasters/crawler)"
198.50.127.198 - - [24/Dec/2025:07:40:18 -0500] "POST /wp-cron.php?doing_wp_cron=1766580018.7961030006408691406250 HTTP/1.1" 200 - "-" "WordPress/6.9; https://bahiaparaisosuites.com"
136.243.228.195 - - [24/Dec/2025:07:40:18 -0500] "GET /?_g=3338169 HTTP/1.1" 200 215329 "-" "Mozilla/5.0 (compatible; DataForSeoBot/1.0; +https://dataforseo.com/dataforseo-bot)"
198.50.127.198 - - [24/Dec/2025:07:40:21 -0500] "POST /wp-cron.php?doing_wp_cron=1766580021.2697749137878417968750 HTTP/1.1" 200 - "-" "WordPress/6.9; https://bahiaparaisosuites.com"
85.208.96.211 - - [24/Dec/2025:07:40:20 -0500] "GET /?_g=4009929 HTTP/1.1" 200 215329 "-" "Mozilla/5.0 (compatible; SemrushBot/7~bl; +http://www.semrush.com/bot.html)"
136.243.228.195 - - [24/Dec/2025:07:40:22 -0500] "GET /?_g=1768349 HTTP/1.1" 200 215329 "-" "Mozilla/5.0 (compatible; DataForSeoBot/1.0; +https://dataforseo.com/dataforseo-bot)"
57.141.20.19 - - [24/Dec/2025:07:40:26 -0500] "GET /?_g=1162753 HTTP/1.1" 200 215329 "-" "meta-externalagent/1.1 (+https://developers.facebook.com/docs/sharing/webmasters/crawler)"
